From: dpdklab@iol.unh.edu
To: Test Report <test-report@dpdk.org>
Cc: dpdk-test-reports@iol.unh.edu,
Bruce Richardson <bruce.richardson@intel.com>
Subject: |WARNING| pw158081-158084 [PATCH] [v1,4/4] doc: add PTP IDPF documen
Date: Fri, 24 Oct 2025 05:31:30 -0700 (PDT) [thread overview]
Message-ID: <68fb71a2.c80a0220.2dc968.0618SMTPIN_ADDED_MISSING@mx.google.com> (raw)
In-Reply-To: <20251024120840.420016-5-soumyadeep.hore@intel.com>
Test-Label: iol-sample-apps-testing
Test-Status: WARNING
http://dpdk.org/patch/158084
_Testing issues_
Submitter: Soumyadeep Hore <soumyadeep.hore@intel.com>
Date: Friday, October 24 2025 12:08:40
DPDK git baseline: Repo:dpdk-next-net-intel
Branch: master
CommitID:6b997d6b9ffdbb4f8ecd14d1f217da69cdc783af
158081-158084 --> testing issues
Upstream job id: ACVP-FIPS-testing#11548
Test environment and result as below:
+--------------+----------------------+
| Environment | dpdk_fips_validation |
+==============+======================+
| Ubuntu 20.04 | WARN |
+--------------+----------------------+
==== 20 line log output for Ubuntu 20.04 (dpdk_fips_validation): ====
Traceback (most recent call last):
File "/dpdk-ci/tools/acvp/acvp_tool.py", line 368, in <module>
main(
File "/dpdk-ci/tools/acvp/acvp_tool.py", line 314, in main
with open(response_path, 'r') as upload_file:
FileNotFoundError: [Errno 2] No such file or directory: '/root/workspace/ACVP-FIPS-testing/out/hmac-sha-1-answers.rsp'
INFO:root:Using response file...
Traceback (most recent call last):
File "/dpdk-ci/tools/acvp/acvp_tool.py", line 368, in <module>
main(
File "/dpdk-ci/tools/acvp/acvp_tool.py", line 314, in main
with open(response_path, 'r') as upload_file:
FileNotFoundError: [Errno 2] No such file or directory: '/root/workspace/ACVP-FIPS-testing/out/acvp-tdes-cbc-answers.rsp'
INFO:root:Using response file...
Traceback (most recent call last):
File "/dpdk-ci/tools/acvp/acvp_tool.py", line 368, in <module>
main(
File "/dpdk-ci/tools/acvp/acvp_tool.py", line 314, in main
with open(response_path, 'r') as upload_file:
FileNotFoundError: [Errno 2] No such file or directory: '/root/workspace/ACVP-FIPS-testing/out/acvp-aes-ctr-answers.rsp'
==== End log output ====
Ubuntu 20.04
Kernel: 5.15
Compiler: gcc gcc (Ubuntu 9.4.0-1ubuntu1~20.04.2) 9.4.0
To view detailed results, visit:
https://lab.dpdk.org/results/dashboard/patchsets/34373/
UNH-IOL DPDK Community Lab
To manage your email subscriptions, visit:
https://lab.dpdk.org/results/dashboard/preferences/subscriptions/
next prev parent reply other threads:[~2025-10-24 12:31 UTC|newest]
Thread overview: 25+ messages / expand[flat|nested] mbox.gz Atom feed top
[not found] <20251024120840.420016-5-soumyadeep.hore@intel.com>
2025-10-24 11:21 ` |SUCCESS| pw158081-158084 [PATCH v1 4/4] doc: add PTP IDPF documentation qemudev
2025-10-24 11:26 ` qemudev
2025-10-24 11:53 ` |WARNING| pw158084 " checkpatch
2025-10-24 12:19 ` |PENDING| pw158081-158084 [PATCH] [v1,4/4] doc: add PTP IDPF documen dpdklab
2025-10-24 12:23 ` |SUCCESS| " dpdklab
2025-10-24 12:27 ` dpdklab
2025-10-24 12:30 ` |PENDING| " dpdklab
2025-10-24 12:31 ` dpdklab [this message]
2025-10-24 12:31 ` |WARNING| " dpdklab
2025-10-24 12:35 ` |PENDING| " dpdklab
2025-10-24 12:39 ` |SUCCESS| " dpdklab
2025-10-24 12:42 ` dpdklab
2025-10-24 12:44 ` dpdklab
2025-10-24 12:44 ` dpdklab
2025-10-24 12:46 ` dpdklab
2025-10-24 12:53 ` |WARNING| " dpdklab
2025-10-24 13:01 ` |FAILURE| pw158084 [PATCH v1 4/4] doc: add PTP IDPF documentation 0-day Robot
2025-10-24 13:04 ` |SUCCESS| pw158081-158084 [PATCH] [v1,4/4] doc: add PTP IDPF documen dpdklab
2025-10-24 13:08 ` dpdklab
2025-10-24 13:24 ` dpdklab
2025-10-25 0:17 ` dpdklab
2025-10-25 11:32 ` |WARNING| " dpdklab
2025-10-25 12:08 ` dpdklab
2025-10-25 12:13 ` |PENDING| " dpdklab
2025-10-25 21:23 ` |SUCCESS| " dpdklab
Reply instructions:
You may reply publicly to this message via plain-text email
using any one of the following methods:
* Save the following mbox file, import it into your mail client,
and reply-to-all from there: mbox
Avoid top-posting and favor interleaved quoting:
https://en.wikipedia.org/wiki/Posting_style#Interleaved_style
* Reply using the --to, --cc, and --in-reply-to
switches of git-send-email(1):
git send-email \
--in-reply-to=68fb71a2.c80a0220.2dc968.0618SMTPIN_ADDED_MISSING@mx.google.com \
--to=dpdklab@iol.unh.edu \
--cc=bruce.richardson@intel.com \
--cc=dpdk-test-reports@iol.unh.edu \
--cc=test-report@dpdk.org \
/path/to/YOUR_REPLY
https://kernel.org/pub/software/scm/git/docs/git-send-email.html
* If your mail client supports setting the In-Reply-To header
via mailto: links, try the mailto: link
Be sure your reply has a Subject: header at the top and a blank line
before the message body.
This is a public inbox, see mirroring instructions
for how to clone and mirror all data and code used for this inbox;
as well as URLs for NNTP newsgroup(s).