From mboxrd@z Thu Jan 1 00:00:00 1970 Return-Path: Received: from mails.dpdk.org (mails.dpdk.org [217.70.189.124]) by inbox.dpdk.org (Postfix) with ESMTP id 0DD94489C6 for ; Fri, 24 Oct 2025 16:56:23 +0200 (CEST) Received: from mails.dpdk.org (localhost [127.0.0.1]) by mails.dpdk.org (Postfix) with ESMTP id 086FA40151; Fri, 24 Oct 2025 16:56:23 +0200 (CEST) Received: from mail-qv1-f98.google.com (mail-qv1-f98.google.com [209.85.219.98]) by mails.dpdk.org (Postfix) with ESMTP id 3415540151 for ; Fri, 24 Oct 2025 16:56:21 +0200 (CEST) Received: by mail-qv1-f98.google.com with SMTP id 6a1803df08f44-87dfba1b278so23622746d6.1 for ; Fri, 24 Oct 2025 07:56:21 -0700 (PDT) DKIM-Signature: v=1; a=rsa-sha256; c=relaxed/relaxed; d=iol.unh.edu; s=unh-iol; t=1761317780; x=1761922580; darn=dpdk.org; h=references:in-reply-to:cc:to:from:subject:message-id:date:from:to :cc:subject:date:message-id:reply-to; bh=hLmEW6ExCVhaF1ghQHJVaL7mI0kY/gxMjv1B7Ak4BZc=; b=SDAB/ys+RzZyyCSRpy49/3iORz7ceuTPWc+UxDSR9aXOPvH3dLI+K1/mwLzDUM5Fqn sa6NE5YVUz+S0cPeEYQZw1WOygyxR3kMzeQDhNBFa13pQvkUdHN5OWXrFOhbioyP5NxM HVgFkkLb3spvRMvLvij4xdh3frIPG+ghF0irs= X-Google-DKIM-Signature: v=1; a=rsa-sha256; c=relaxed/relaxed; d=1e100.net; s=20230601; t=1761317780; x=1761922580; h=references:in-reply-to:cc:to:from:subject:message-id:date :x-gm-message-state:from:to:cc:subject:date:message-id:reply-to; bh=hLmEW6ExCVhaF1ghQHJVaL7mI0kY/gxMjv1B7Ak4BZc=; b=r8pSckl3TOAPlDkWY6tABx9NXg0ZDy/Q1mJ9JhvwaSUYOyx6sRs73Zz+yjCVI/5dyi lYcSL3phABF9/eVAMFrmHztdCB3nAyhuyM5B4VcAFZ4xsl3mPmG6CJmQ2IuXbvWFRaqf VBgcYeP0+2U0QWCkwGX3R12Mn+knFyFWI9ce95bSggBALX7iZ0zSbYIDjgMBKOTG6TzD kv3P3Kcx+/zhxtlFQFi+yAp2sZYK0pgOAoRArQIeou3N1VH8VTvsinLWVW7AHN65CK+w b+A7wi97F3RvwiccVMN/FduVPbVAasIFAu09V1GbmA+f/fe9jyMGUy4LySPh+mMbhICu FRmQ== X-Gm-Message-State: AOJu0Yzm+axvVmoOqXPZuwHAJ+o12xQuHuf0SDA3/5UXz2BRw20iesaG rbfmr5fdO57H8i8znLkM8eryGOEwdya8WhmQaBnGhdS2z1/7utHZjRnRvaVV++5ry3VAdKPwRTI CsW3z43mJgHDp0Sqy91Mgb5Si5CDWHPURm2HJNK1UgFOJ X-Gm-Gg: ASbGnctKCAFHKqxb4MYg4e2eATvgxkYsT3ro12R/aKZ+9Z777kdWM6t0a/uSpRDGm0K G8g93gsmIcOds/OStw9vyyhSJID0BXZTR3UQ8mLcDb7Y4gS7Fx9krSLU3DifCnLbmACADj2YMwY w8FqxqRHVwPrztmPLGkxRgeiRNzoLLGUvc3Az847+PJgfI14lI7HwrfsAeG6YBbXC5D4kDnq7MS qBaWSwcJ3TwPP1cHO3PXJb21LyAKyH0JD4ZhXFcC725yrBZ/j3cEcfELFzkVep8mQ+OGs93E1cw Vqi2NwV00nN5Se8SuOEAAXaw9duwywLcPjK0jpFcogBqmWF/iXnCV/N63yvOk6OTJa4uvXVxlqS mkORXfCSoEwRjufETU2Lm7f6bGGg5cPw= X-Google-Smtp-Source: AGHT+IE6Ini7saNAxF73+rc8g1632WKJMooxOm21JS4kcV1hHg7VBTPNQfhVJG4h1xvWTSI7CFJo5DoWhg9r X-Received: by 2002:a05:6214:f6d:b0:87c:1032:e849 with SMTP id 6a1803df08f44-87f9edc81b9mr88881706d6.30.1761317780526; Fri, 24 Oct 2025 07:56:20 -0700 (PDT) Received: from postal.iol.unh.edu (postal.iol.unh.edu. [132.177.123.84]) by smtp-relay.gmail.com with ESMTPS id 6a1803df08f44-87f9e7d9df7sm4176096d6.17.2025.10.24.07.56.20 (version=TLS1_2 cipher=ECDHE-ECDSA-AES128-GCM-SHA256 bits=128/128); Fri, 24 Oct 2025 07:56:20 -0700 (PDT) X-Relaying-Domain: iol.unh.edu Date: Fri, 24 Oct 2025 07:56:20 -0700 (PDT) Message-ID: <68fb9394.d40a0220.2cd432.5563SMTPIN_ADDED_MISSING@mx.google.com> Received: from [172.21.0.2] (unknown [172.18.0.240]) by postal.iol.unh.edu (Postfix) with ESMTP id 4165D6051835; Fri, 24 Oct 2025 10:56:20 -0400 (EDT) Subject: |FAILURE| pw158029-158036 [PATCH] [v4,8/8] doc: update documentation From: dpdklab@iol.unh.edu To: Test Report Cc: dpdk-test-reports@iol.unh.edu, Stephen Hemminger In-Reply-To: <20251023154748.38535-9-stephen@networkplumber.org> References: <20251023154748.38535-9-stephen@networkplumber.org> Content-Type: text/plain X-BeenThere: test-report@dpdk.org X-Mailman-Version: 2.1.29 Precedence: list List-Id: automatic DPDK test reports List-Unsubscribe: , List-Archive: List-Post: List-Help: List-Subscribe: , Errors-To: test-report-bounces@dpdk.org Test-Label: iol-compile-arm64-testing Test-Status: FAILURE http://dpdk.org/patch/158036 _Testing issues_ Submitter: Stephen Hemminger Date: Thursday, October 23 2025 15:46:29 DPDK git baseline: Repo:dpdk Branch: master CommitID:7c744b9a08cf3dd6bdd215689bb6d2beb8a8a4ef 158029-158036 --> testing issues Upstream job id: Generic-DPDK-Compile-Meson#437161 Test environment and result as below: +------------------------------+--------------------+ | Environment | dpdk_meson_compile | +==============================+====================+ | Red Hat Enterprise Linux 9.5 | FAIL | +------------------------------+--------------------+ | Ubuntu 20.04 | FAIL | +------------------------------+--------------------+ | Debian GNU/Linux 12 | FAIL | +------------------------------+--------------------+ | Fedora Linux 42 | PASS | +------------------------------+--------------------+ | Ubuntu 22.04 | FAIL | +------------------------------+--------------------+ | Ubuntu 24.04 | FAIL | +------------------------------+--------------------+ | CentOS Stream 9 | FAIL | +------------------------------+--------------------+ | CentOS Stream 10 | FAIL | +------------------------------+--------------------+ ==== 20 line log output for CentOS Stream 10 (dpdk_meson_compile): ==== [539/3834] Compiling C object lib/librte_pdump.a.p/pdump_rte_pdump.c.o FAILED: lib/librte_pdump.a.p/pdump_rte_pdump.c.o ccache cc -Ilib/librte_pdump.a.p -Ilib -I../lib -Ilib/pdump -I../lib/pdump -Ilib/eal/common -I../lib/eal/common -I. -I.. -Iconfig -I../config -Ilib/eal/include -I../lib/eal/include -Ilib/eal/linux/include -I../lib/eal/linux/include -Ilib/eal/arm/include -I../lib/eal/arm/include -I../kernel/linux -Ilib/eal -I../lib/eal -Ilib/kvargs -I../lib/kvargs -Ilib/log -I../lib/log -Ilib/metrics -I../lib/metrics -Ilib/telemetry -I../lib/telemetry -Ilib/argparse -I../lib/argparse -Ilib/ethdev -I../lib/ethdev -Ilib/net -I../lib/net -Ilib/mbuf -I../lib/mbuf -Ilib/mempool -I../lib/mempool -Ilib/ring -I../lib/ring -Ilib/meter -I../lib/meter -Ilib/bpf -I../lib/bpf -Ilib/pcapng -I../lib/pcapng -fdiagnostics-color=always -pipe -D_FILE_OFFSET_BITS=64 -Wall -Winvalid-pch -Wextra -Werror -std=c11 -O3 -include rte_config.h -Wvla -Wcast-qual -Wdeprecated -Wformat -Wformat-nonliteral -Wformat-security -Wmissing-declarations -Wmissing-prototypes -Wnested-externs -Wold-style-definition -Wpointer-arith -Wsign-com pare -Wstrict-prototypes -Wundef -Wwrite-strings -Wno-packed-not-aligned -Wno-missing-field-initializers -D_GNU_SOURCE -fPIC -DWITH_GZFILEOP -march=armv8.1-a+crc+crypto -DALLOW_EXPERIMENTAL_API -DALLOW_INTERNAL_API -Wno-format-truncation -DRTE_LOG_DEFAULT_LOGTYPE=lib.pdump -MD -MQ lib/librte_pdump.a.p/pdump_rte_pdump.c.o -MF lib/librte_pdump.a.p/pdump_rte_pdump.c.o.d -o lib/librte_pdump.a.p/pdump_rte_pdump.c.o -c ../lib/pdump/rte_pdump.c In file included from ../lib/eal/common/eal_export.h:8, from ../lib/pdump/rte_pdump.c:7: ../lib/pdump/rte_pdump.c: In function 'pdump_copy': ../lib/eal/include/rte_common.h:799:20: error: comparison of integer expressions of different signedness: 'unsigned int' and 'int' [-Werror=sign-compare] 799 | _a < _b ? _a : _b; \ | ^ ../lib/pdump/rte_pdump.c:211:34: note: in expansion of macro 'RTE_MIN' 211 | unsigned int n = RTE_MIN(nb_pkts - offs, PDUMP_BURST_SIZE); | ^~~~~~~ ../lib/eal/include/rte_common.h:799:32: error: operand of '?:' changes signedness from 'int' to 'unsigned int' due to unsignedness of other operand [-Werror=sign-compare] 799 | _a < _b ? _a : _b; \ | ^~ ../lib/pdump/rte_pdump.c:211:34: note: in expansion of macro 'RTE_MIN' 211 | unsigned int n = RTE_MIN(nb_pkts - offs, PDUMP_BURST_SIZE); | ^~~~~~~ cc1: all warnings being treated as errors ninja: build stopped: subcommand failed. ==== End log output ==== Red Hat Enterprise Linux 9.5 Kernel: 5.4 Compiler: gcc gcc (GCC) 11.5.0 20240719 (Red Hat 11.5.0-2) Ubuntu 20.04 Kernel: 5.4 Compiler: gcc gcc (Ubuntu 9.4.0-1ubuntu1~20.04.2) 9.4.0 Debian GNU/Linux 12 Kernel: 5.4 Compiler: gcc gcc (Debian 12.2.0-14+deb12u1) 12.2.0 Fedora Linux 42 Kernel: 5.4 Compiler: gcc gcc (GCC) 15.2.1 20250808 (Red Hat 15.2.1-1) Ubuntu 22.04 Kernel: 5.4 Compiler: gcc gcc (Ubuntu 11.4.0-1ubuntu1~22.04) 11.4.0 Ubuntu 24.04 Kernel: 5.4 Compiler: gcc gcc (Ubuntu 13.3.0-6ubuntu2~24.04) 13.3.0 CentOS Stream 9 Kernel: 5.4 Compiler: gcc gcc (GCC) 11.5.0 20240719 (Red Hat 11.5.0-11) CentOS Stream 10 Kernel: 5.4 Compiler: gcc gcc (GCC) 14.2.1 20250110 (Red Hat 14.2.1-8) To view detailed results, visit: https://lab.dpdk.org/results/dashboard/patchsets/34362/ UNH-IOL DPDK Community Lab To manage your email subscriptions, visit: https://lab.dpdk.org/results/dashboard/preferences/subscriptions/