automatic DPDK test reports
 help / color / mirror / Atom feed
From: dpdklab@iol.unh.edu
To: Test Report <test-report@dpdk.org>
Cc: dpdk-test-reports@iol.unh.edu
Subject: |SUCCESS| pw158086-158088 [PATCH] [v3,3/3] dts: add virtio forwardin
Date: Fri, 24 Oct 2025 12:12:44 -0700 (PDT)	[thread overview]
Message-ID: <68fbcfac.050a0220.2ce51b.30cdSMTPIN_ADDED_MISSING@mx.google.com> (raw)
In-Reply-To: <20251024174702.600147-3-dmarx@iol.unh.edu>

Test-Label: iol-unit-amd64-testing
Test-Status: SUCCESS
http://dpdk.org/patch/158088

_Testing PASS_

Submitter: Dean Marx <dmarx@iol.unh.edu>
Date: Friday, October 24 2025 17:47:00 
DPDK git baseline: Repo:dpdk-next-dts
  Branch: master
  CommitID:c1abcee5a9656fb4890b733e6051aa604c60f146

158086-158088 --> testing pass

Upstream job id: Generic-Unit-Test-DPDK#385075

Test environment and result as below:

+-------------------------------+----------------+
|          Environment          | dpdk_unit_test |
+===============================+================+
| CentOS Stream 9               | PASS           |
+-------------------------------+----------------+
| CentOS Stream 10              | PASS           |
+-------------------------------+----------------+
| Fedora Linux 40               | PASS           |
+-------------------------------+----------------+
| Debian GNU/Linux 12           | PASS           |
+-------------------------------+----------------+
| Fedora Linux 41               | PASS           |
+-------------------------------+----------------+
| Red Hat Enterprise Linux 8.10 | PASS           |
+-------------------------------+----------------+
| Windows Server 2022           | PASS           |
+-------------------------------+----------------+
| Fedora Linux 42               | PASS           |
+-------------------------------+----------------+
| Ubuntu 20.04                  | PASS           |
+-------------------------------+----------------+
| Ubuntu 24.04                  | PASS           |
+-------------------------------+----------------+
| Ubuntu 22.04                  | PASS           |
+-------------------------------+----------------+
| Red Hat Enterprise Linux 9.5  | PASS           |
+-------------------------------+----------------+


CentOS Stream 9
	Kernel: 5.15
	Compiler: gcc gcc (GCC) 11.5.0 20240719 (Red Hat 11.5.0-11)

CentOS Stream 10
	Kernel: 5.15
	Compiler: gcc gcc (GCC) 14.2.1 20250110 (Red Hat 14.2.1-8)

Fedora Linux 40
	Kernel: 5.15
	Compiler: clang gcc (GCC) 14.2.1 20240912 (Red Hat 14.2.1-3)

Debian GNU/Linux 12
	Kernel: 5.15
	Compiler: gcc gcc (Debian 12.2.0-14+deb12u1) 12.2.0

Fedora Linux 41
	Kernel: 5.15
	Compiler: clang gcc (GCC) 14.3.1 20250523 (Red Hat 14.3.1-1)

Red Hat Enterprise Linux 8.10
	Kernel: 5.15
	Compiler: gcc gcc (GCC) 8.5.0 20210514 (Red Hat 8.5.0-22)

Windows Server 2022
	Kernel: 10.0.20348.2031
	Compiler: clang 15.0.7, gcc 14.1.0 (MinGW), and MSVC VS 19.39.33521

Fedora Linux 42
	Kernel: 5.15
	Compiler: gcc gcc (GCC) 15.2.1 20250808 (Red Hat 15.2.1-1)

Ubuntu 20.04
	Kernel: 5.15
	Compiler: gcc gcc (Ubuntu 9.4.0-1ubuntu1~20.04.2) 9.4.0

Ubuntu 24.04
	Kernel: 5.15
	Compiler: gcc gcc (Ubuntu 13.3.0-6ubuntu2~24.04) 13.3.0

Ubuntu 22.04
	Kernel: 5.15
	Compiler: gcc gcc (Ubuntu 11.4.0-1ubuntu1~22.04) 11.4.0

Red Hat Enterprise Linux 9.5
	Kernel: 5.15
	Compiler: gcc gcc (GCC) 11.5.0 20240719 (Red Hat 11.5.0-2)

To view detailed results, visit:
https://lab.dpdk.org/results/dashboard/patchsets/34374/

UNH-IOL DPDK Community Lab

To manage your email subscriptions, visit: 
https://lab.dpdk.org/results/dashboard/preferences/subscriptions/

  parent reply	other threads:[~2025-10-24 19:12 UTC|newest]

Thread overview: 24+ messages / expand[flat|nested]  mbox.gz  Atom feed  top
     [not found] <20251024174702.600147-3-dmarx@iol.unh.edu>
2025-10-24 17:21 ` |SUCCESS| pw158086-158088 [PATCH v3 3/3] dts: add virtio forwarding test suite qemudev
2025-10-24 17:26 ` qemudev
2025-10-24 17:47 ` |SUCCESS| pw158088 " checkpatch
2025-10-24 18:07 ` |FAILURE| pw158086-158088 [PATCH] [v3,3/3] dts: add virtio forwardin dpdklab
2025-10-24 18:09 ` |PENDING| " dpdklab
2025-10-24 18:13 ` |SUCCESS| " dpdklab
2025-10-24 18:16 ` |PENDING| " dpdklab
2025-10-24 18:21 ` dpdklab
2025-10-24 18:23 ` |WARNING| " dpdklab
2025-10-24 18:24 ` |PENDING| " dpdklab
2025-10-24 18:30 ` |SUCCESS| " dpdklab
2025-10-24 18:35 ` dpdklab
2025-10-24 18:42 ` dpdklab
2025-10-24 18:52 ` |WARNING| " dpdklab
2025-10-24 19:12 ` dpdklab [this message]
2025-10-24 19:12 ` |SUCCESS| " dpdklab
2025-10-24 19:40 ` dpdklab
2025-10-24 22:24 ` dpdklab
2025-10-24 22:37 ` dpdklab
2025-10-24 22:57 ` dpdklab
2025-10-25 12:36 ` |WARNING| " dpdklab
2025-10-25 13:16 ` dpdklab
2025-10-25 13:28 ` |PENDING| " dpdklab
2025-10-25 16:11 ` |SUCCESS| " dpdklab

Reply instructions:

You may reply publicly to this message via plain-text email
using any one of the following methods:

* Save the following mbox file, import it into your mail client,
  and reply-to-all from there: mbox

  Avoid top-posting and favor interleaved quoting:
  https://en.wikipedia.org/wiki/Posting_style#Interleaved_style

* Reply using the --to, --cc, and --in-reply-to
  switches of git-send-email(1):

  git send-email \
    --in-reply-to=68fbcfac.050a0220.2ce51b.30cdSMTPIN_ADDED_MISSING@mx.google.com \
    --to=dpdklab@iol.unh.edu \
    --cc=dpdk-test-reports@iol.unh.edu \
    --cc=test-report@dpdk.org \
    /path/to/YOUR_REPLY

  https://kernel.org/pub/software/scm/git/docs/git-send-email.html

* If your mail client supports setting the In-Reply-To header
  via mailto: links, try the mailto: link
Be sure your reply has a Subject: header at the top and a blank line before the message body.
This is a public inbox, see mirroring instructions
for how to clone and mirror all data and code used for this inbox;
as well as URLs for NNTP newsgroup(s).