From: dpdklab@iol.unh.edu
To: Test Report <test-report@dpdk.org>
Cc: dpdk-test-reports@iol.unh.edu
Subject: |WARNING| pw158108 [PATCH] mbuf: fix build failure if MBUF_HISTORY_D
Date: Fri, 24 Oct 2025 16:08:24 -0700 (PDT) [thread overview]
Message-ID: <68fc06e8.170a0220.1a6010.23d6SMTPIN_ADDED_MISSING@mx.google.com> (raw)
In-Reply-To: <20251024222946.323662-1-stephen@networkplumber.org>
Test-Label: iol-sample-apps-testing
Test-Status: WARNING
http://dpdk.org/patch/158108
_Testing issues_
Submitter: Stephen Hemminger <stephen@networkplumber.org>
Date: Friday, October 24 2025 22:29:46
DPDK git baseline: Repo:dpdk
Branch: master
CommitID:90f838a042f3e1bd663aca16bcdfc4dcd14b47d5
158108 --> testing issues
Upstream job id: ACVP-FIPS-testing#11557
Test environment and result as below:
+--------------+----------------------+----------------------+
| Environment | dpdk_fips_validation | compressdev_zlib_pmd |
+==============+======================+======================+
| Ubuntu 20.04 | WARN | SKIPPED |
+--------------+----------------------+----------------------+
| Ubuntu 22.04 | SKIPPED | PASS |
+--------------+----------------------+----------------------+
==== 20 line log output for Ubuntu 20.04 (dpdk_fips_validation): ====
Traceback (most recent call last):
File "/dpdk-ci/tools/acvp/acvp_tool.py", line 368, in <module>
main(
File "/dpdk-ci/tools/acvp/acvp_tool.py", line 314, in main
with open(response_path, 'r') as upload_file:
FileNotFoundError: [Errno 2] No such file or directory: '/root/workspace/ACVP-FIPS-testing/out/hmac-sha-1-answers.rsp'
INFO:root:Using response file...
Traceback (most recent call last):
File "/dpdk-ci/tools/acvp/acvp_tool.py", line 368, in <module>
main(
File "/dpdk-ci/tools/acvp/acvp_tool.py", line 314, in main
with open(response_path, 'r') as upload_file:
FileNotFoundError: [Errno 2] No such file or directory: '/root/workspace/ACVP-FIPS-testing/out/acvp-tdes-cbc-answers.rsp'
INFO:root:Using response file...
Traceback (most recent call last):
File "/dpdk-ci/tools/acvp/acvp_tool.py", line 368, in <module>
main(
File "/dpdk-ci/tools/acvp/acvp_tool.py", line 314, in main
with open(response_path, 'r') as upload_file:
FileNotFoundError: [Errno 2] No such file or directory: '/root/workspace/ACVP-FIPS-testing/out/acvp-aes-ctr-answers.rsp'
==== End log output ====
Ubuntu 20.04
Kernel: 5.15
Compiler: gcc gcc (Ubuntu 9.4.0-1ubuntu1~20.04.2) 9.4.0
Ubuntu 22.04
Kernel: 5.15
Compiler: gcc gcc (Ubuntu 11.4.0-1ubuntu1~22.04.2) 11.4.0
To view detailed results, visit:
https://lab.dpdk.org/results/dashboard/patchsets/34383/
UNH-IOL DPDK Community Lab
To manage your email subscriptions, visit:
https://lab.dpdk.org/results/dashboard/preferences/subscriptions/
next prev parent reply other threads:[~2025-10-24 23:08 UTC|newest]
Thread overview: 25+ messages / expand[flat|nested] mbox.gz Atom feed top
[not found] <20251024222946.323662-1-stephen@networkplumber.org>
2025-10-24 21:55 ` |SUCCESS| pw158108 [PATCH] mbuf: fix build failure if MBUF_HISTORY_DEBUG enabled qemudev
2025-10-24 22:00 ` qemudev
2025-10-24 22:30 ` |WARNING| " checkpatch
2025-10-24 22:57 ` |PENDING| pw158108 [PATCH] mbuf: fix build failure if MBUF_HISTORY_D dpdklab
2025-10-24 22:59 ` |SUCCESS| " dpdklab
2025-10-24 23:03 ` dpdklab
2025-10-24 23:08 ` |PENDING| " dpdklab
2025-10-24 23:08 ` dpdklab [this message]
2025-10-24 23:15 ` |SUCCESS| " dpdklab
2025-10-24 23:21 ` dpdklab
2025-10-24 23:23 ` dpdklab
2025-10-24 23:23 ` |PENDING| " dpdklab
2025-10-24 23:25 ` dpdklab
2025-10-24 23:54 ` |SUCCESS| " dpdklab
2025-10-25 0:15 ` dpdklab
2025-10-25 0:22 ` |WARNING| " dpdklab
2025-10-25 0:22 ` |FAILURE| pw158108 [PATCH] mbuf: fix build failure if MBUF_HISTORY_DEBUG enabled 0-day Robot
2025-10-25 0:28 ` |SUCCESS| pw158108 [PATCH] mbuf: fix build failure if MBUF_HISTORY_D dpdklab
2025-10-25 0:29 ` dpdklab
2025-10-25 0:43 ` |WARNING| " dpdklab
2025-10-25 0:49 ` |SUCCESS| " dpdklab
2025-10-25 1:56 ` dpdklab
2025-10-25 22:08 ` |PENDING| " dpdklab
2025-10-25 22:24 ` |WARNING| " dpdklab
2025-10-26 5:07 ` |SUCCESS| " dpdklab
Reply instructions:
You may reply publicly to this message via plain-text email
using any one of the following methods:
* Save the following mbox file, import it into your mail client,
and reply-to-all from there: mbox
Avoid top-posting and favor interleaved quoting:
https://en.wikipedia.org/wiki/Posting_style#Interleaved_style
* Reply using the --to, --cc, and --in-reply-to
switches of git-send-email(1):
git send-email \
--in-reply-to=68fc06e8.170a0220.1a6010.23d6SMTPIN_ADDED_MISSING@mx.google.com \
--to=dpdklab@iol.unh.edu \
--cc=dpdk-test-reports@iol.unh.edu \
--cc=test-report@dpdk.org \
/path/to/YOUR_REPLY
https://kernel.org/pub/software/scm/git/docs/git-send-email.html
* If your mail client supports setting the In-Reply-To header
via mailto: links, try the mailto: link
Be sure your reply has a Subject: header at the top and a blank line
before the message body.
This is a public inbox, see mirroring instructions
for how to clone and mirror all data and code used for this inbox;
as well as URLs for NNTP newsgroup(s).