From: dpdklab@iol.unh.edu
To: Test Report <test-report@dpdk.org>
Cc: dpdk-test-reports@iol.unh.edu,
Stephen Hemminger <stephen@networkplumber.org>
Subject: |WARNING| pw158071-158076 [PATCH] [v6,6/6] net/dpaa: fix resource le
Date: Fri, 24 Oct 2025 17:29:00 -0700 (PDT) [thread overview]
Message-ID: <68fc19cc.050a0220.c02b0.3a96SMTPIN_ADDED_MISSING@mx.google.com> (raw)
In-Reply-To: <20251024061906.3535470-7-g.singh@nxp.com>
Test-Label: iol-compile-amd64-testing
Test-Status: WARNING
http://dpdk.org/patch/158076
_Testing issues_
Submitter: Gagandeep Singh <g.singh@nxp.com>
Date: Friday, October 24 2025 06:19:06
DPDK git baseline: Repo:dpdk-next-net
Branch: master
CommitID:44346a227d34322ca351f6550eea42581e8d1d27
158071-158076 --> testing issues
Upstream job id: Generic-DPDK-Compile-Meson#437420
Test environment and result as below:
+---------------------+--------------------+-------------------+-------------------------+----------------------+-------------------+
| Environment | dpdk_meson_compile | dpdk_msvc_compile | dpdk_llvm_clang_compile | dpdk_mingw64_compile | dpdk_compile_spdk |
+=====================+====================+===================+=========================+======================+===================+
| FreeBSD 14.2 | PASS | SKIPPED | SKIPPED | SKIPPED | SKIPPED |
+---------------------+--------------------+-------------------+-------------------------+----------------------+-------------------+
| Ubuntu 20.04 | PASS | SKIPPED | SKIPPED | SKIPPED | SKIPPED |
+---------------------+--------------------+-------------------+-------------------------+----------------------+-------------------+
| CentOS Stream 9 | PASS | SKIPPED | SKIPPED | SKIPPED | WARN |
+---------------------+--------------------+-------------------+-------------------------+----------------------+-------------------+
| CentOS Stream 10 | PEND | SKIPPED | SKIPPED | SKIPPED | SKIPPED |
+---------------------+--------------------+-------------------+-------------------------+----------------------+-------------------+
| Windows Server 2022 | SKIPPED | PASS | PASS | PASS | SKIPPED |
+---------------------+--------------------+-------------------+-------------------------+----------------------+-------------------+
==== 20 line log output for CentOS Stream 9 (dpdk_compile_spdk): ====
--- Failed to get log output ---
==== End log output ====
FreeBSD 14.2
Kernel: 14.2-RELEASE
Compiler: clang 18.1.6
Ubuntu 20.04
Kernel: 4.19
Compiler: gcc gcc (Ubuntu 9.4.0-1ubuntu1~20.04.2) 9.4.0
CentOS Stream 9
Kernel: 5.15
Compiler: gcc gcc (GCC) 11.5.0 20240719 (Red Hat 11.5.0-11)
CentOS Stream 10
Kernel: 5.15
Compiler: gcc gcc (GCC) 14.2.1 20250110 (Red Hat 14.2.1-8)
Windows Server 2022
Kernel: 10.0.20348.2031
Compiler: clang 15.0.7, gcc 14.1.0 (MinGW), and MSVC VS 19.39.33521
To view detailed results, visit:
https://lab.dpdk.org/results/dashboard/patchsets/34369/
UNH-IOL DPDK Community Lab
To manage your email subscriptions, visit:
https://lab.dpdk.org/results/dashboard/preferences/subscriptions/
next prev parent reply other threads:[~2025-10-25 0:29 UTC|newest]
Thread overview: 25+ messages / expand[flat|nested] mbox.gz Atom feed top
[not found] <20251024061906.3535470-7-g.singh@nxp.com>
2025-10-24 5:45 ` |SUCCESS| pw158071-158076 [PATCH v6 6/6] net/dpaa: fix resource leak coverity issue qemudev
2025-10-24 5:50 ` qemudev
2025-10-24 6:19 ` |SUCCESS| pw158076 " checkpatch
2025-10-24 6:44 ` |SUCCESS| pw158071-158076 [PATCH] [v6,6/6] net/dpaa: fix resource le dpdklab
2025-10-24 6:46 ` |PENDING| " dpdklab
2025-10-24 6:48 ` |SUCCESS| " dpdklab
2025-10-24 6:52 ` |WARNING| " dpdklab
2025-10-24 6:59 ` |SUCCESS| " dpdklab
2025-10-24 7:01 ` dpdklab
2025-10-24 7:04 ` dpdklab
2025-10-24 7:04 ` |WARNING| " dpdklab
2025-10-24 7:06 ` |SUCCESS| " dpdklab
2025-10-24 7:06 ` dpdklab
2025-10-24 7:06 ` |PENDING| " dpdklab
2025-10-24 7:07 ` |SUCCESS| " dpdklab
2025-10-24 7:59 ` |FAILURE| pw158076 [PATCH v6 6/6] net/dpaa: fix resource leak coverity issue 0-day Robot
2025-10-24 8:00 ` |SUCCESS| pw158071-158076 [PATCH] [v6,6/6] net/dpaa: fix resource le dpdklab
2025-10-24 8:16 ` dpdklab
2025-10-24 8:20 ` |WARNING| " dpdklab
2025-10-24 8:44 ` |SUCCESS| " dpdklab
2025-10-25 0:28 ` |PENDING| " dpdklab
2025-10-25 0:29 ` dpdklab [this message]
2025-10-25 1:07 ` |WARNING| " dpdklab
2025-10-25 1:52 ` dpdklab
2025-10-25 15:31 ` |SUCCESS| " dpdklab
Reply instructions:
You may reply publicly to this message via plain-text email
using any one of the following methods:
* Save the following mbox file, import it into your mail client,
and reply-to-all from there: mbox
Avoid top-posting and favor interleaved quoting:
https://en.wikipedia.org/wiki/Posting_style#Interleaved_style
* Reply using the --to, --cc, and --in-reply-to
switches of git-send-email(1):
git send-email \
--in-reply-to=68fc19cc.050a0220.c02b0.3a96SMTPIN_ADDED_MISSING@mx.google.com \
--to=dpdklab@iol.unh.edu \
--cc=dpdk-test-reports@iol.unh.edu \
--cc=stephen@networkplumber.org \
--cc=test-report@dpdk.org \
/path/to/YOUR_REPLY
https://kernel.org/pub/software/scm/git/docs/git-send-email.html
* If your mail client supports setting the In-Reply-To header
via mailto: links, try the mailto: link
Be sure your reply has a Subject: header at the top and a blank line
before the message body.
This is a public inbox, see mirroring instructions
for how to clone and mirror all data and code used for this inbox;
as well as URLs for NNTP newsgroup(s).