From mboxrd@z Thu Jan 1 00:00:00 1970 Return-Path: Received: from mails.dpdk.org (mails.dpdk.org [217.70.189.124]) by inbox.dpdk.org (Postfix) with ESMTP id ED963489CC for ; Sat, 25 Oct 2025 06:18:48 +0200 (CEST) Received: from mails.dpdk.org (localhost [127.0.0.1]) by mails.dpdk.org (Postfix) with ESMTP id E6A5A40156; Sat, 25 Oct 2025 06:18:48 +0200 (CEST) Received: from mail-pf1-f225.google.com (mail-pf1-f225.google.com [209.85.210.225]) by mails.dpdk.org (Postfix) with ESMTP id 845A740156 for ; Sat, 25 Oct 2025 06:18:47 +0200 (CEST) Received: by mail-pf1-f225.google.com with SMTP id d2e1a72fcca58-7811a02316bso2051329b3a.3 for ; Fri, 24 Oct 2025 21:18:47 -0700 (PDT) DKIM-Signature: v=1; a=rsa-sha256; c=relaxed/relaxed; d=iol.unh.edu; s=unh-iol; t=1761365926; x=1761970726; darn=dpdk.org; h=cc:to:from:subject:message-id:date:from:to:cc:subject:date :message-id:reply-to; bh=YzZloCgcFJ8IgIq+VthY8CO1clWk1Zt2H/jM8CpurTI=; b=IfrSwT8kHc922n5gMOAbRzBDt83Xseq7bJXZKO7cJ7/FDTO7nDH5/35dMem5x3d2Uq W+cS/Lzj7fgUfu1+RSO2gZvnDyJq7u5gJ6YopCTiUtYJIKR/m4Is7YutWzk4LHsQMqW+ TnRqQuUfL6STRsqbSbQ5wBOAlrueSzzAaoEUw= X-Google-DKIM-Signature: v=1; a=rsa-sha256; c=relaxed/relaxed; d=1e100.net; s=20230601; t=1761365926; x=1761970726; h=cc:to:from:subject:message-id:date:x-gm-message-state:from:to:cc :subject:date:message-id:reply-to; bh=YzZloCgcFJ8IgIq+VthY8CO1clWk1Zt2H/jM8CpurTI=; b=WAxhA+z7h+isGb8hL8msOgwqtSh5etitlS9D97wCLmuR0FKC3bvQSWb8oSSq1RqsLt 6y+8aiJd33ctT/3P89Uf5hZRANEP6S1+LVBNq4PYlLOrWAxuwiLW9osmzlGhqEL1p08W U3k8kcwg4m4nTM8Wtx57Wi3LpToKS+vG/HepU25gT2zNHo83bwA9daNceOmCuwWTazs/ MsyzaQS+MYTcwf5cjI9f/upJuI8AU/QUIkmnMk+QbnbMAt2SujiVC3jB/z3M+d1QCN4p 5Zb9wxRbwqrpo+KE6kY5jkVyaO62oEjfO77qkZb7mzWs6qMZuaBTfyjYKmBPofLuEjFD 0MgA== X-Gm-Message-State: AOJu0YwwQOP9GwNkCuBEQ0ocXGTSlS+pMfhMsUzcojn3VvH/n6xHVqSB dXCZyNvFicrMF+iKZuaNf/5H8HeU3t0/Pee/1MGjjYeCRQq9IWFuGQl2fdxYDsbRgmJ/fvsEiqr 7L2h3sCqiBUlliuvYRMm+jSdiTPQaE4ZTCpVzgpSSkPnfw1Bc1SPD X-Gm-Gg: ASbGncuEOq7VoYWaeBFZh66rdG0bpWUioPnxHWTNtJ27AjZZPk9TO3jYD0SmGVSM3n2 MLL9ACJWLFGeUqSEZH/NiR9ayrrS2GmdPydZrhnbJP+vKgalgGNifU4bFGRTe+igjH+VDm1ovpf tJSMn1J+PsVD1j3QFyK9IG1apgUrhUcKPHI2NW49ct81A9gjnqbogsnCfAtjlJG6hgxOicgRhRh Kvq90OF5O+Qj2fhlMyZBqNyllH/gDwHtUaiiMu1SKRBAV6UGSpUA/9wrIJv+eWpgCrCIstA0Ywh i+J9LZnrTHCjMYZI4/Lhs41TEjmws0J1FmmNdg2YqKKN1/aoDOQj++J1w8L9jXlDr0WyS3HsQJf jim9WRyCR X-Google-Smtp-Source: AGHT+IHtcR8rlKuvDDBwC8DIa4jwanXeln6QKCTx3ls412s2gXNPpagotakj4wmBQiXks7/ju5p20AVvyXAO X-Received: by 2002:a05:6a20:7344:b0:2b4:41d9:b068 with SMTP id adf61e73a8af0-334a85ef540mr37328929637.37.1761365926572; Fri, 24 Oct 2025 21:18:46 -0700 (PDT) Received: from postal.iol.unh.edu (postal.iol.unh.edu. [2606:4100:3880:1234::84]) by smtp-relay.gmail.com with ESMTPS id 41be03b00d2f7-b712859c67csm63439a12.4.2025.10.24.21.18.46 (version=TLS1_2 cipher=ECDHE-ECDSA-AES128-GCM-SHA256 bits=128/128); Fri, 24 Oct 2025 21:18:46 -0700 (PDT) X-Relaying-Domain: iol.unh.edu Date: Fri, 24 Oct 2025 21:18:46 -0700 (PDT) Message-ID: <68fc4fa6.630a0220.7cc73.3486SMTPIN_ADDED_MISSING@mx.google.com> Received: from [172.21.0.2] (unknown [172.18.0.240]) by postal.iol.unh.edu (Postfix) with ESMTP id 0FDDC6050A61; Sat, 25 Oct 2025 00:18:46 -0400 (EDT) Subject: |FAILURE| [GIT MASTER] 62f583c49bf67dd4d6733ece14e55fe6839e66d1 From: dpdklab@iol.unh.edu To: Test Report Cc: dpdk-test-reports@iol.unh.edu, Xueming Li , Christian Ehrhardt , Kevin Traynor , Luca Boccassi Content-Type: text/plain X-BeenThere: test-report@dpdk.org X-Mailman-Version: 2.1.29 Precedence: list List-Id: automatic DPDK test reports List-Unsubscribe: , List-Archive: List-Post: List-Help: List-Subscribe: , Errors-To: test-report-bounces@dpdk.org _Testing issues_ Branch: tags/v23.11 62f583c49bf67dd4d6733ece14e55fe6839e66d1 --> testing issues Upstream job id: Windows-Compile-DPDK-Native#31895 Test environment and result as below: +---------------------+--------------------+-------------------+-------------------------+ | Environment | dpdk_meson_compile | dpdk_msvc_compile | dpdk_llvm_clang_compile | +=====================+====================+===================+=========================+ | FreeBSD 14.2 | PEND | SKIPPED | SKIPPED | +---------------------+--------------------+-------------------+-------------------------+ | Ubuntu 20.04 | PASS | SKIPPED | SKIPPED | +---------------------+--------------------+-------------------+-------------------------+ | Windows Server 2022 | SKIPPED | PASS | FAIL | +---------------------+--------------------+-------------------+-------------------------+ ==== 20 line log output for Windows Server 2022 (dpdk_llvm_clang_compile): ==== Compiler for C supports arguments -mavx512f: YES (cached) Compiler for C supports arguments -mavx512bw: YES (cached) Compiler for C supports arguments -mavx512dq: YES (cached) Compiler for C supports arguments -march=skylake-avx512: YES Message: drivers/common/idpf: Defining dependency "common_idpf" Message: drivers/bus/auxiliary: Defining dependency "bus_auxiliary" Compiler for C supports arguments -Wno-cast-qual: YES (cached) Compiler for C supports arguments -Wno-pointer-arith: YES (cached) Message: drivers/bus/pci: Defining dependency "bus_pci" Message: drivers/bus/vdev: Defining dependency "bus_vdev" Compiler for C supports arguments -std=c11: YES Compiler for C supports arguments -Wno-strict-prototypes: YES Compiler for C supports arguments -D_BSD_SOURCE: YES Compiler for C supports arguments -D_DEFAULT_SOURCE: YES Compiler for C supports arguments -D_XOPEN_SOURCE=600: YES Has header "mlx5devx.h" : YES drivers\common\mlx5\windows\meson.build:10:13: ERROR: C shared or static library 'mlx5devx' not found A full log can be found at C:\Users\builder\jenkins\workspace\Windows-Compile-DPDK-Native\dpdk\build\meson-logs\meson-log.txt ==== End log output ==== FreeBSD 14.2 Kernel: 14.2-RELEASE Compiler: clang 18.1.6 Ubuntu 20.04 Kernel: 4.19 Compiler: gcc gcc (Ubuntu 9.4.0-1ubuntu1~20.04.2) 9.4.0 Windows Server 2022 Kernel: 10.0.20348.2031 Compiler: clang 15.0.7, gcc 14.1.0 (MinGW), and MSVC VS 19.39.33521 To view detailed results, visit: https://lab.dpdk.org/results/dashboard/tarballs/35343/ UNH-IOL DPDK Community Lab To manage your email subscriptions, visit: https://lab.dpdk.org/results/dashboard/preferences/subscriptions/