From mboxrd@z Thu Jan 1 00:00:00 1970 Return-Path: Received: from mails.dpdk.org (mails.dpdk.org [217.70.189.124]) by inbox.dpdk.org (Postfix) with ESMTP id B6DEB489CC for ; Sat, 25 Oct 2025 06:26:04 +0200 (CEST) Received: from mails.dpdk.org (localhost [127.0.0.1]) by mails.dpdk.org (Postfix) with ESMTP id B134C40156; Sat, 25 Oct 2025 06:26:04 +0200 (CEST) Received: from mail-io1-f97.google.com (mail-io1-f97.google.com [209.85.166.97]) by mails.dpdk.org (Postfix) with ESMTP id A5F7740156 for ; Sat, 25 Oct 2025 06:25:49 +0200 (CEST) Received: by mail-io1-f97.google.com with SMTP id ca18e2360f4ac-940d27610b8so99270639f.1 for ; Fri, 24 Oct 2025 21:25:49 -0700 (PDT) DKIM-Signature: v=1; a=rsa-sha256; c=relaxed/relaxed; d=iol.unh.edu; s=unh-iol; t=1761366349; x=1761971149; darn=dpdk.org; h=cc:to:from:subject:message-id:date:from:to:cc:subject:date :message-id:reply-to; bh=xHowMasGldtfV7mw4A36XKyFNjeRZ5OKHcnbK1gBqc4=; b=OR4D5oN9DMc+6rdN9Yz1qABggib2TfbLubCYgPxjOEVQZhkKIRkFxvpIPKekwN/D+i 79qmypSUXIu3tAbNWlWwDZED1eq068PGqe9AJQ43Xb3Fe7g/lJV386BjirGf6UfREhWi ntAyjzmPfFUacXnBr6assUM6EMwFaTjN2F8VU= X-Google-DKIM-Signature: v=1; a=rsa-sha256; c=relaxed/relaxed; d=1e100.net; s=20230601; t=1761366349; x=1761971149; h=cc:to:from:subject:message-id:date:x-gm-message-state:from:to:cc :subject:date:message-id:reply-to; bh=xHowMasGldtfV7mw4A36XKyFNjeRZ5OKHcnbK1gBqc4=; b=F3+QInl6GkJWqOik4XvRHaHogP3kqIG7CoxbB5VVBREC1BFZQX0R8g7EkOHah3EZ1V UcidloO/y1+IhDDco7r8Q2d0xj+6S08rijveN1P7ahFoG2rHN6uvEma7dasERWApFkjR tGnxL6rydvye9U5IRcUBQevTjvvp0PFCaub453zpvNoCTQw33x3TbkNwC3CADUNTRKVb GyO95c9LNlX+zQ6GRjIcehb+bajDpHFfgbyasjmRTlO5Y/5/Joq8FFC14txE5lpA3nnv sYzRyrctd4sAYqoF9z9jiiZfay2zTBf9Os5R5o4ZTkddcTtwO+zCB6f94XCc/AB5EQAA f5Fg== X-Gm-Message-State: AOJu0YyTgQXNUS8sDamQcnib202rjnonWbYpt3wBVGH4uWPnsH5AB0nK KdPGRgpJ3BnH48Og+C3FE9WyYi2se4MShjmZYXPuvY+DwqIKdNz9Smnf4NfMc3qJUm0iz5lyRNN vAS4lj4I5uwtMBEEdtjfoDaDMZ48Caf2cLih3EQPb7czojCgKfZN0 X-Gm-Gg: ASbGnctw/1Qac32CVML1j9sOLdaL1EuD7X5FoM08AqMQvxXo3S4JIaehPNve9SN3m3I mb0yR22DeO59ya9ZuKTbhqqSQ9++8K7JnC26MoFAide7hs1BdvENde/S9FY0v86V+r3a7zMBZBN UEmNrVOM0KIjfptB+vkuTw3MwkVQH72oZUBDUTdkFlptdPjr8lhc0r1gUU/I9lx+X7dwaJ5jptL VlSONfm/2hkScHuybV9OVH/ZStksEQpqwmg/h1tkJe0zTNveXwdDvpAAICNCRCMIlZebVL8Vs7+ 30pzmHJAu0zlk14ZN3G81sOJRdll9HJFS+Bgsp1g918+6z+H0l/8uq8dxqDOseu+6oM72lYc5Ub 1FHffXvas X-Google-Smtp-Source: AGHT+IHYCVnXS54m6oNXnxfXwhD20EDBmV2ckosvKpYNI0cXThqzDe5nxKfNGYe7DN8EKsfohEISRWIMRYT8 X-Received: by 2002:a05:6602:3c9:b0:91e:c3a4:537c with SMTP id ca18e2360f4ac-93e7642bf79mr4090689139f.14.1761366348959; Fri, 24 Oct 2025 21:25:48 -0700 (PDT) Received: from postal.iol.unh.edu (postal.iol.unh.edu. [2606:4100:3880:1234::84]) by smtp-relay.gmail.com with ESMTPS id ca18e2360f4ac-94359d5eeafsm6310639f.0.2025.10.24.21.25.48 (version=TLS1_2 cipher=ECDHE-ECDSA-AES128-GCM-SHA256 bits=128/128); Fri, 24 Oct 2025 21:25:48 -0700 (PDT) X-Relaying-Domain: iol.unh.edu Date: Fri, 24 Oct 2025 21:25:48 -0700 (PDT) Message-ID: <68fc514c.050a0220.54796.3526SMTPIN_ADDED_MISSING@mx.google.com> Received: from [172.21.0.3] (unknown [172.18.0.240]) by postal.iol.unh.edu (Postfix) with ESMTP id 7102F6050A61; Sat, 25 Oct 2025 00:25:48 -0400 (EDT) Subject: |FAILURE| [GIT MASTER] 62f583c49bf67dd4d6733ece14e55fe6839e66d1 From: dpdklab@iol.unh.edu To: Test Report Cc: dpdk-test-reports@iol.unh.edu, Xueming Li , Christian Ehrhardt , Kevin Traynor , Luca Boccassi Content-Type: text/plain X-BeenThere: test-report@dpdk.org X-Mailman-Version: 2.1.29 Precedence: list List-Id: automatic DPDK test reports List-Unsubscribe: , List-Archive: List-Post: List-Help: List-Subscribe: , Errors-To: test-report-bounces@dpdk.org _Testing issues_ Branch: tags/v23.11 62f583c49bf67dd4d6733ece14e55fe6839e66d1 --> testing issues Upstream job id: Generic-VM-DPDK-Compile-Meson#39261 Test environment and result as below: +---------------------+--------------------+-------------------+-------------------------+----------------------+ | Environment | dpdk_meson_compile | dpdk_msvc_compile | dpdk_llvm_clang_compile | dpdk_mingw64_compile | +=====================+====================+===================+=========================+======================+ | FreeBSD 14.2 | PASS | SKIPPED | SKIPPED | SKIPPED | +---------------------+--------------------+-------------------+-------------------------+----------------------+ | Ubuntu 20.04 | PASS | SKIPPED | SKIPPED | SKIPPED | +---------------------+--------------------+-------------------+-------------------------+----------------------+ | Windows Server 2022 | SKIPPED | PASS | FAIL | PASS | +---------------------+--------------------+-------------------+-------------------------+----------------------+ ==== 20 line log output for Windows Server 2022 (dpdk_llvm_clang_compile): ==== Compiler for C supports arguments -mavx512f: YES (cached) Compiler for C supports arguments -mavx512bw: YES (cached) Compiler for C supports arguments -mavx512dq: YES (cached) Compiler for C supports arguments -march=skylake-avx512: YES Message: drivers/common/idpf: Defining dependency "common_idpf" Message: drivers/bus/auxiliary: Defining dependency "bus_auxiliary" Compiler for C supports arguments -Wno-cast-qual: YES (cached) Compiler for C supports arguments -Wno-pointer-arith: YES (cached) Message: drivers/bus/pci: Defining dependency "bus_pci" Message: drivers/bus/vdev: Defining dependency "bus_vdev" Compiler for C supports arguments -std=c11: YES Compiler for C supports arguments -Wno-strict-prototypes: YES Compiler for C supports arguments -D_BSD_SOURCE: YES Compiler for C supports arguments -D_DEFAULT_SOURCE: YES Compiler for C supports arguments -D_XOPEN_SOURCE=600: YES Has header "mlx5devx.h" : YES drivers\common\mlx5\windows\meson.build:10:13: ERROR: C shared or static library 'mlx5devx' not found A full log can be found at C:\Users\builder\jenkins\workspace\Windows-Compile-DPDK-Native\dpdk\build\meson-logs\meson-log.txt ==== End log output ==== FreeBSD 14.2 Kernel: 14.2-RELEASE Compiler: clang 18.1.6 Ubuntu 20.04 Kernel: 4.19 Compiler: gcc gcc (Ubuntu 9.4.0-1ubuntu1~20.04.2) 9.4.0 Windows Server 2022 Kernel: 10.0.20348.2031 Compiler: clang 15.0.7, gcc 14.1.0 (MinGW), and MSVC VS 19.39.33521 To view detailed results, visit: https://lab.dpdk.org/results/dashboard/tarballs/35343/ UNH-IOL DPDK Community Lab To manage your email subscriptions, visit: https://lab.dpdk.org/results/dashboard/preferences/subscriptions/