From mboxrd@z Thu Jan 1 00:00:00 1970 Return-Path: Received: from mails.dpdk.org (mails.dpdk.org [217.70.189.124]) by inbox.dpdk.org (Postfix) with ESMTP id 84D07489CF for ; Sat, 25 Oct 2025 08:23:07 +0200 (CEST) Received: from mails.dpdk.org (localhost [127.0.0.1]) by mails.dpdk.org (Postfix) with ESMTP id 5C00E40156; Sat, 25 Oct 2025 08:23:07 +0200 (CEST) Received: from mail-qv1-f98.google.com (mail-qv1-f98.google.com [209.85.219.98]) by mails.dpdk.org (Postfix) with ESMTP id 638E340156 for ; Sat, 25 Oct 2025 08:23:06 +0200 (CEST) Received: by mail-qv1-f98.google.com with SMTP id 6a1803df08f44-81fdd5d7b59so27712366d6.3 for ; Fri, 24 Oct 2025 23:23:06 -0700 (PDT) DKIM-Signature: v=1; a=rsa-sha256; c=relaxed/relaxed; d=iol.unh.edu; s=unh-iol; t=1761373386; x=1761978186; darn=dpdk.org; h=cc:to:from:subject:message-id:date:from:to:cc:subject:date :message-id:reply-to; bh=rNw+yIYlbLKfev0xvJsLW2nG70DotuySrfaskaYsDrY=; b=G7sV529E+3qgse4nh5ZrBhDhw41BqX8H6LwAVjNQT78fFlMXTRvbmbeAdCO9wUPk93 IQWhuH85E4Aki8EvVnm8gNrMnAeegz9s1sQuGt0t20gzckNkof3BDunRHRLgAihSQasp WePMr2RsR1stPCvothjQCFYlLPZ3rl4dhAazg= X-Google-DKIM-Signature: v=1; a=rsa-sha256; c=relaxed/relaxed; d=1e100.net; s=20230601; t=1761373386; x=1761978186; h=cc:to:from:subject:message-id:date:x-gm-message-state:from:to:cc :subject:date:message-id:reply-to; bh=rNw+yIYlbLKfev0xvJsLW2nG70DotuySrfaskaYsDrY=; b=iXZNgqtBL7uFalTwhLAyODcZbNB8ldAXou2K9N2p6ewuVrf3IMssKALEDDN0AxvmHi ALmLgiUBRGPT+Mo85hlWB8aOHHmesgaYT2DmR4vk9vgeEe4CUQxjE2ajSF1l/MXbUf6V fmF4WJAbEYqOLGeIHVkfrVOeOuM2Xxqv5BhVPyaWskAfGf7Tg8rXxaVCCGtaAlr8FGHj YRSSGEqLNWLzIGoZxFQji6BVmkrPubeQrKVS2I21I9AYPkpROoBtmUNezorfTA2XoGsl uWNS43Ri48n3k/CGdQf8gGHet/qlKeFKSzAlVQskPPH+fDJkwEjKvGhPTI1tSCEosQYV J6fA== X-Gm-Message-State: AOJu0YwZFLSNtHez1tFHuzZhY4I9vYzDiI6j+tkyhMdsdDKcKWpqMikp jKk3faU1FSpBMMyD0nWYB91zgBkZKItxaWnwHZdDzRP6QUhKlVqsBePKBf9W5k3qtmECSw+u6QO saQCplLtU9VUT1bk0suJbGJkUzD7WI2q/tfFh X-Gm-Gg: ASbGnctTf5uS1zBSaI4yCYzp2VzMuO63UAK4DCr5AllWUngtVTBno0KZZrWFVACZVf9 SWfLS0foKNWTxuT0yigZH9aK0pu7U4iGUA6REOHVieuOoVBGKSgQ+DM5kFWrxr36WMb4RJRuRmy N0vXFFzqUCwx3t7PU/8GRoo9mOPnNrhEtEPhPdgmMXStuhq9d1spFFSK4Dy9jBY8hCdJ8Vw2Htc 5nKPlfS8sFw/88rFFpX4xvNZaz7RvXlxbR7TVburgXdyR5gRhNiSX+GEHgnPsi/prpyRUiXyJoJ YU8OVuWIKAfq4bmBgqVEYNcZAYwb5phHOZPUwxBHYJxEN218ZBvKaBmbT/1d+P95t1Wj589Xg5m mStsRemXvqnnSTbAFkyh5STDQORvnpbU= X-Google-Smtp-Source: AGHT+IF6/XLW7NKLDlUswH9IzQ/tyd0UvhDl/AKBPLBUQfinOI9KM56x3qjjxyM39q3C17IL3EpCsM+4N/51 X-Received: by 2002:a05:6214:2aa2:b0:87f:bb8e:410f with SMTP id 6a1803df08f44-87fbb8e4dfamr51986736d6.50.1761373385758; Fri, 24 Oct 2025 23:23:05 -0700 (PDT) Received: from postal.iol.unh.edu (postal.iol.unh.edu. [132.177.123.84]) by smtp-relay.gmail.com with ESMTPS id 6a1803df08f44-87fc49227f9sm1195466d6.13.2025.10.24.23.23.05 (version=TLS1_2 cipher=ECDHE-ECDSA-AES128-GCM-SHA256 bits=128/128); Fri, 24 Oct 2025 23:23:05 -0700 (PDT) X-Relaying-Domain: iol.unh.edu Date: Fri, 24 Oct 2025 23:23:05 -0700 (PDT) Message-ID: <68fc6cc9.050a0220.33aba7.6109SMTPIN_ADDED_MISSING@mx.google.com> Received: from [172.21.0.2] (unknown [172.18.0.240]) by postal.iol.unh.edu (Postfix) with ESMTP id 789206051830; Sat, 25 Oct 2025 02:23:05 -0400 (EDT) Subject: |FAILURE| [GIT MASTER] 62f583c49bf67dd4d6733ece14e55fe6839e66d1 From: dpdklab@iol.unh.edu To: Test Report Cc: dpdk-test-reports@iol.unh.edu, Xueming Li , Christian Ehrhardt , Kevin Traynor , Luca Boccassi Content-Type: text/plain X-BeenThere: test-report@dpdk.org X-Mailman-Version: 2.1.29 Precedence: list List-Id: automatic DPDK test reports List-Unsubscribe: , List-Archive: List-Post: List-Help: List-Subscribe: , Errors-To: test-report-bounces@dpdk.org _Testing issues_ Branch: tags/v23.11 62f583c49bf67dd4d6733ece14e55fe6839e66d1 --> testing issues Upstream job id: Generic-Unit-Test-DPDK#385354 Test environment and result as below: +-------------------------------+----------------+ | Environment | dpdk_unit_test | +===============================+================+ | CentOS Stream 9 | PASS | +-------------------------------+----------------+ | CentOS Stream 10 | PASS | +-------------------------------+----------------+ | Fedora Linux 42 | PASS | +-------------------------------+----------------+ | Ubuntu 22.04 | PASS | +-------------------------------+----------------+ | Red Hat Enterprise Linux 8.10 | PASS | +-------------------------------+----------------+ | Ubuntu 20.04 | PASS | +-------------------------------+----------------+ | Debian GNU/Linux 12 | PASS | +-------------------------------+----------------+ | Red Hat Enterprise Linux 9.5 | PASS | +-------------------------------+----------------+ | Fedora Linux 40 | PASS | +-------------------------------+----------------+ | Fedora Linux 41 | PASS | +-------------------------------+----------------+ | Ubuntu 24.04 | PASS | +-------------------------------+----------------+ | Windows Server 2022 | FAIL | +-------------------------------+----------------+ ==== Unit test summary for Windows Server 2022 (dpdk_unit_test): ==== Failed to get the unit test results. Displaying the unit test results is not supported for some environments, such as our aarch32 testing, where meson is not used to run the tests. Download the logs available on our CI site. ==== End log output ==== CentOS Stream 9 Kernel: 5.15 Compiler: gcc gcc (GCC) 11.5.0 20240719 (Red Hat 11.5.0-11) CentOS Stream 10 Kernel: 5.15 Compiler: gcc gcc (GCC) 14.2.1 20250110 (Red Hat 14.2.1-8) Fedora Linux 42 Kernel: 5.15 Compiler: gcc gcc (GCC) 15.2.1 20250808 (Red Hat 15.2.1-1) Ubuntu 22.04 Kernel: 5.15 Compiler: gcc gcc (Ubuntu 11.4.0-1ubuntu1~22.04) 11.4.0 Red Hat Enterprise Linux 8.10 Kernel: 5.15 Compiler: gcc gcc (GCC) 8.5.0 20210514 (Red Hat 8.5.0-22) Ubuntu 20.04 Kernel: 5.15 Compiler: gcc gcc (Ubuntu 9.4.0-1ubuntu1~20.04.2) 9.4.0 Debian GNU/Linux 12 Kernel: 5.15 Compiler: gcc gcc (Debian 12.2.0-14+deb12u1) 12.2.0 Red Hat Enterprise Linux 9.5 Kernel: 5.15 Compiler: gcc gcc (GCC) 11.5.0 20240719 (Red Hat 11.5.0-2) Fedora Linux 40 Kernel: 5.15 Compiler: gcc gcc (GCC) 14.2.1 20240912 (Red Hat 14.2.1-3) Fedora Linux 41 Kernel: 5.15 Compiler: gcc gcc (GCC) 14.3.1 20250523 (Red Hat 14.3.1-1) Ubuntu 24.04 Kernel: 5.15 Compiler: gcc gcc (Ubuntu 13.3.0-6ubuntu2~24.04) 13.3.0 Windows Server 2022 Kernel: 10.0.20348.2031 Compiler: clang 15.0.7, gcc 14.1.0 (MinGW), and MSVC VS 19.39.33521 To view detailed results, visit: https://lab.dpdk.org/results/dashboard/tarballs/35343/ UNH-IOL DPDK Community Lab To manage your email subscriptions, visit: https://lab.dpdk.org/results/dashboard/preferences/subscriptions/