From mboxrd@z Thu Jan 1 00:00:00 1970 Return-Path: Received: from mails.dpdk.org (mails.dpdk.org [217.70.189.124]) by inbox.dpdk.org (Postfix) with ESMTP id 66258489D1 for ; Sat, 25 Oct 2025 10:02:24 +0200 (CEST) Received: from mails.dpdk.org (localhost [127.0.0.1]) by mails.dpdk.org (Postfix) with ESMTP id 4CACA40156; Sat, 25 Oct 2025 10:02:24 +0200 (CEST) Received: from mail-io1-f98.google.com (mail-io1-f98.google.com [209.85.166.98]) by mails.dpdk.org (Postfix) with ESMTP id E07BB40156 for ; Sat, 25 Oct 2025 10:02:22 +0200 (CEST) Received: by mail-io1-f98.google.com with SMTP id ca18e2360f4ac-940d327df21so140735939f.1 for ; Sat, 25 Oct 2025 01:02:22 -0700 (PDT) DKIM-Signature: v=1; a=rsa-sha256; c=relaxed/relaxed; d=iol.unh.edu; s=unh-iol; t=1761379342; x=1761984142; darn=dpdk.org; h=cc:to:from:subject:message-id:date:from:to:cc:subject:date :message-id:reply-to; bh=4IT78N8aHE/ks6FeYQyUlMWJZVGmef1Q4ZykEycEYlk=; b=UMCoWWe8S3u6+MSUDfmU2Qn7Lfvq2LBp3yUBU4n2dYpUih0mectjbuiggaNLMvIXYM 7Fef4ATs51lOxnuMpCHmbVobe46zUyNnKf+hov/Ne8pjnry0zffR0PHgipS2ZhJNQ9B3 h5WbDW96tVs6sEGD2HWcgme6KRafvRCs5V54E= X-Google-DKIM-Signature: v=1; a=rsa-sha256; c=relaxed/relaxed; d=1e100.net; s=20230601; t=1761379342; x=1761984142; h=cc:to:from:subject:message-id:date:x-gm-message-state:from:to:cc :subject:date:message-id:reply-to; bh=4IT78N8aHE/ks6FeYQyUlMWJZVGmef1Q4ZykEycEYlk=; b=Yz6ValMorZBrSVGIOmYjC+utd9RBfJ0TJFayH7Dipg7W2xRhGqf7lDxzZP+mXldGrB GrYqw03AO5YuCISGuhzuTnYwwAtslTDkz+TguQyzwD8h2Ezt36UEfWtttxjHDFsb1onJ tF8xhcgo3IKAfCIOXP77GrnODzLzI4dQTv85AuAR+KvKGCLfmSMkQtwf/pLqWUo2yDZq uVgrOfvRCYsB5yU9AvSE2aE/s2cgdgzMf18Q4klm3/MQa0EHyOvZ0AtyhjIgIyLixbk1 uvF6Wgclh4px3M6NQDOL1cOTKxFHS3HUHI5vSI9T9wVTe2LvubE0EtWLUz/SSgSBGEZ5 1Ybw== X-Gm-Message-State: AOJu0YzYCS/UZ4uXJ7IO5NpTITnWthxx2FKcMXJxmML1DEvCB6QWeagz QZ/CsrnLVTIGrlN0hxxOQx/9PkBi/bs80sxC68Z1haf3xRaNsNHnyzO2xScjt03yYvbrbqUtbP6 kXpeodnw9slj8zoxOf24m1m0NXW8Kr1pnio/AQ7vu+QciPVTTca1f X-Gm-Gg: ASbGncu5jBty+904ox7WdtFYqACP40DTBxua/Y8/D4MYZ4aYgG1PNcWW1OMLHSldaBD 8cdhnQiaL27vXFS89pA/jOBfUZ8LIF7YIHQ/rdajPzCHvmPrJVsaUtS6ert6EI+qvtcccD9wDx/ z58jERAHNtDy26/c0c57wO8PLjTJaE51qSa+bCVXW1fnC0YOswpGbBgliElC56naZBOZF6nEdP9 qMQ8KLxpej9eg5CD7qMdCXaj/UsVoGfNQ2qO8MRN2ui1GlSffNQZDDOjLuctbiVDK0KAA5CUa7G NynjCWNgjfS7pb8a4dNYnymMjPhm5hJvbGmS0xLj57JJ4lA1g4dUwekr5UdgEa0Nu3ftYRN+pah oEOUEgLQP X-Google-Smtp-Source: AGHT+IGvbPHOT+lguS1vK5Ccsjyf2LcpKqy0poxkYkWB6PPMyf/59Q+Ah7kVLjgYDE2uWknftta3AVivhIKA X-Received: by 2002:a05:6602:3e8f:b0:93b:c6aa:5e14 with SMTP id ca18e2360f4ac-93e762c1ddemr4843883039f.7.1761379342075; Sat, 25 Oct 2025 01:02:22 -0700 (PDT) Received: from postal.iol.unh.edu (postal.iol.unh.edu. [2606:4100:3880:1234::84]) by smtp-relay.gmail.com with ESMTPS id 8926c6da1cb9f-5aea4ad4a5esm118051173.0.2025.10.25.01.02.21 (version=TLS1_2 cipher=ECDHE-ECDSA-AES128-GCM-SHA256 bits=128/128); Sat, 25 Oct 2025 01:02:22 -0700 (PDT) X-Relaying-Domain: iol.unh.edu Date: Sat, 25 Oct 2025 01:02:22 -0700 (PDT) Message-ID: <68fc840e.050a0220.39412d.5c15SMTPIN_ADDED_MISSING@mx.google.com> Received: from [172.21.0.2] (unknown [172.18.0.240]) by postal.iol.unh.edu (Postfix) with ESMTP id A471E6051830; Sat, 25 Oct 2025 04:02:21 -0400 (EDT) Subject: |FAILURE| [GIT MASTER] 62f583c49bf67dd4d6733ece14e55fe6839e66d1 From: dpdklab@iol.unh.edu To: Test Report Cc: dpdk-test-reports@iol.unh.edu, Xueming Li , Christian Ehrhardt , Kevin Traynor , Luca Boccassi Content-Type: text/plain X-BeenThere: test-report@dpdk.org X-Mailman-Version: 2.1.29 Precedence: list List-Id: automatic DPDK test reports List-Unsubscribe: , List-Archive: List-Post: List-Help: List-Subscribe: , Errors-To: test-report-bounces@dpdk.org _Testing issues_ Branch: tags/v23.11 62f583c49bf67dd4d6733ece14e55fe6839e66d1 --> testing issues Upstream job id: Generic-DPDK-Compile-Meson#437364 Test environment and result as below: +------------------------------+--------------------+ | Environment | dpdk_meson_compile | +==============================+====================+ | Red Hat Enterprise Linux 9.5 | PASS | +------------------------------+--------------------+ | Ubuntu 20.04 | PASS | +------------------------------+--------------------+ | Debian GNU/Linux 12 | PASS | +------------------------------+--------------------+ | Fedora Linux 42 | PASS | +------------------------------+--------------------+ | Ubuntu 22.04 | PASS | +------------------------------+--------------------+ | Ubuntu 24.04 | PASS | +------------------------------+--------------------+ | CentOS Stream 9 | PASS | +------------------------------+--------------------+ | CentOS Stream 10 | PASS | +------------------------------+--------------------+ Red Hat Enterprise Linux 9.5 Kernel: 5.4 Compiler: gcc gcc (GCC) 11.5.0 20240719 (Red Hat 11.5.0-2) Ubuntu 20.04 Kernel: 5.15 Compiler: aarch64-linux-gnu-gcc gcc (Ubuntu 9.4.0-1ubuntu1~20.04.2) 9.4.0 Debian GNU/Linux 12 Kernel: 5.4 Compiler: gcc gcc (Debian 12.2.0-14+deb12u1) 12.2.0 Fedora Linux 42 Kernel: 5.4 Compiler: gcc gcc (GCC) 15.2.1 20250808 (Red Hat 15.2.1-1) Ubuntu 22.04 Kernel: 5.4 Compiler: gcc gcc (Ubuntu 11.4.0-1ubuntu1~22.04) 11.4.0 Ubuntu 24.04 Kernel: 5.4 Compiler: gcc gcc (Ubuntu 13.3.0-6ubuntu2~24.04) 13.3.0 CentOS Stream 9 Kernel: 5.4 Compiler: gcc gcc (GCC) 11.5.0 20240719 (Red Hat 11.5.0-11) CentOS Stream 10 Kernel: 5.4 Compiler: gcc gcc (GCC) 14.2.1 20250110 (Red Hat 14.2.1-8) To view detailed results, visit: https://lab.dpdk.org/results/dashboard/tarballs/35325/ UNH-IOL DPDK Community Lab To manage your email subscriptions, visit: https://lab.dpdk.org/results/dashboard/preferences/subscriptions/