From mboxrd@z Thu Jan 1 00:00:00 1970 Return-Path: Received: from mails.dpdk.org (mails.dpdk.org [217.70.189.124]) by inbox.dpdk.org (Postfix) with ESMTP id 6666C489D1 for ; Sat, 25 Oct 2025 10:02:38 +0200 (CEST) Received: from mails.dpdk.org (localhost [127.0.0.1]) by mails.dpdk.org (Postfix) with ESMTP id 6229640156; Sat, 25 Oct 2025 10:02:38 +0200 (CEST) Received: from mail-yx1-f98.google.com (mail-yx1-f98.google.com [74.125.224.98]) by mails.dpdk.org (Postfix) with ESMTP id 1396340156 for ; Sat, 25 Oct 2025 10:02:37 +0200 (CEST) Received: by mail-yx1-f98.google.com with SMTP id 956f58d0204a3-63e336b1ac4so4668515d50.1 for ; Sat, 25 Oct 2025 01:02:37 -0700 (PDT) DKIM-Signature: v=1; a=rsa-sha256; c=relaxed/relaxed; d=iol.unh.edu; s=unh-iol; t=1761379356; x=1761984156; darn=dpdk.org; h=cc:to:from:subject:message-id:date:from:to:cc:subject:date :message-id:reply-to; bh=QcylGoTnUorVenkMY3I2tx7ITF6SRPSRmcKxQfawvkE=; b=TiKJyc3R1A2p+skSr60dgqBTsa7U11vgbc8G2bHLNgMZcupTQRkpClxsfl0BQlGAL7 DfgoSBgUhLInKQFRNVRaeKqzyp27S6jyKIyOdkjPuk7dCRdLYUPQAXkL+OBxOsftlqKy d8P5T4mMbEbDaRVT5LpPLg0eV9Rq+80lrNRfc= X-Google-DKIM-Signature: v=1; a=rsa-sha256; c=relaxed/relaxed; d=1e100.net; s=20230601; t=1761379356; x=1761984156; h=cc:to:from:subject:message-id:date:x-gm-message-state:from:to:cc :subject:date:message-id:reply-to; bh=QcylGoTnUorVenkMY3I2tx7ITF6SRPSRmcKxQfawvkE=; b=H+EnyBVGUlNNBpcuyMU9NX6CozSU8uF1fGTKM0D8JzdlDe8nvav0Ctss/FXEnZ1VfD xONfXiCdMRIbmPVRrPoI4mFC3v/KNDEfL02N6/JsILUU7LwbW8U5QHB+DBVyfHrHiFHH aS/vEb/t8/ncRBvJZ0mqHZWIv5Wn8miiag00EE5McdAV/4jdc/o+mftr1nn5/4mN7/KU yfe0gd1na22xoS3q9sMKa6LoKSs3IlB0nBXVyA47rP2PgaZo1l8wgPn3V2uMQmWf+A39 199FG1tj/227T8EABkH60WbSuu8HvsJrv2Phlx5ldXdUiDnAw+zOg0x4rORi7t16I/SX fnHg== X-Gm-Message-State: AOJu0YxkpFE7KWuki8UylDjtSRrdENWVXOSa/y4cqaCwj64ueb3HP0P8 dqMUnGcmi1FfAkhOWSzoSRsTUbyfG7HQo+84oTySDOzUjGVfEcrWOvhXew3S4OCUyueqHVU8Yk+ 7Ssd/XAZM5OqjJswn7Ew6gds4muoJdjsvb70aoqWmNkna5tez1f9l X-Gm-Gg: ASbGncvWuDJPH1M+CMe8QLlQeOPz8HlEfj/0uV45C5DDt1zjCoHVk7S3iIstiKaJ54K ksvI3moJSdNZZOykPyDd2ocNfp05reOxjKtzXYQ/YzvXbhoI+gR7winFI1/WQA4JxtqnIdnT8kJ jLFc7MLRRec8OYw1fCyL2m09dhWvfRlVz4afEQHSVI9xMEoopB099+UvM94Tq02nd9cQG4NrOqd 4Grl0ArVaR9PgaRxKavkfJ1IOLzLPvw2dWqCrTWHuWyGbiqOrkwmreSwxGdWXSA3qVz5ylGAvMa SnMM+JleJGFQg89rWMTe0rVCHujvZccLdx1/mOT2i3uicawweNLUhCh7WBG3DJs2zDuKFv0VHad PAUT/Q2Zf X-Google-Smtp-Source: AGHT+IFGL90DgHHFS9hXyse05JRHPD/GHEDnMQacxb07p3eJdr580Sk18MoGzDeUZALXdqQWKzcPLvxSWT1J X-Received: by 2002:a53:bf87:0:b0:63c:f5a6:f2d3 with SMTP id 956f58d0204a3-63f42b847f5mr3440848d50.34.1761379356345; Sat, 25 Oct 2025 01:02:36 -0700 (PDT) Received: from postal.iol.unh.edu (postal.iol.unh.edu. [2606:4100:3880:1234::84]) by smtp-relay.gmail.com with ESMTPS id 00721157ae682-785ed1d0f9asm978777b3.23.2025.10.25.01.02.36 (version=TLS1_2 cipher=ECDHE-ECDSA-AES128-GCM-SHA256 bits=128/128); Sat, 25 Oct 2025 01:02:36 -0700 (PDT) X-Relaying-Domain: iol.unh.edu Date: Sat, 25 Oct 2025 01:02:36 -0700 (PDT) Message-ID: <68fc841c.050a0220.37af47.4cf1SMTPIN_ADDED_MISSING@mx.google.com> Received: from [172.21.0.2] (unknown [172.18.0.240]) by postal.iol.unh.edu (Postfix) with ESMTP id E889B6051830; Sat, 25 Oct 2025 04:02:35 -0400 (EDT) Subject: |FAILURE| [GIT MASTER] 62f583c49bf67dd4d6733ece14e55fe6839e66d1 From: dpdklab@iol.unh.edu To: Test Report Cc: dpdk-test-reports@iol.unh.edu, Xueming Li , Christian Ehrhardt , Kevin Traynor , Luca Boccassi Content-Type: text/plain X-BeenThere: test-report@dpdk.org X-Mailman-Version: 2.1.29 Precedence: list List-Id: automatic DPDK test reports List-Unsubscribe: , List-Archive: List-Post: List-Help: List-Subscribe: , Errors-To: test-report-bounces@dpdk.org _Testing issues_ Branch: tags/v23.11 62f583c49bf67dd4d6733ece14e55fe6839e66d1 --> testing issues Upstream job id: Generic-DPDK-Compile-Meson#437365 Test environment and result as below: +------------------------------+--------------------+ | Environment | dpdk_meson_compile | +==============================+====================+ | Red Hat Enterprise Linux 9.5 | PASS | +------------------------------+--------------------+ | Ubuntu 20.04 | PASS | +------------------------------+--------------------+ | Debian GNU/Linux 12 | PASS | +------------------------------+--------------------+ | Fedora Linux 42 | PASS | +------------------------------+--------------------+ | Ubuntu 22.04 | PASS | +------------------------------+--------------------+ | Ubuntu 24.04 | PASS | +------------------------------+--------------------+ | CentOS Stream 9 | PASS | +------------------------------+--------------------+ | CentOS Stream 10 | PASS | +------------------------------+--------------------+ Red Hat Enterprise Linux 9.5 Kernel: 5.4 Compiler: gcc gcc (GCC) 11.5.0 20240719 (Red Hat 11.5.0-2) Ubuntu 20.04 Kernel: 5.15 Compiler: aarch64-linux-gnu-gcc gcc (Ubuntu 9.4.0-1ubuntu1~20.04.2) 9.4.0 Debian GNU/Linux 12 Kernel: 5.4 Compiler: gcc gcc (Debian 12.2.0-14+deb12u1) 12.2.0 Fedora Linux 42 Kernel: 5.4 Compiler: gcc gcc (GCC) 15.2.1 20250808 (Red Hat 15.2.1-1) Ubuntu 22.04 Kernel: 5.4 Compiler: gcc gcc (Ubuntu 11.4.0-1ubuntu1~22.04) 11.4.0 Ubuntu 24.04 Kernel: 5.4 Compiler: gcc gcc (Ubuntu 13.3.0-6ubuntu2~24.04) 13.3.0 CentOS Stream 9 Kernel: 5.4 Compiler: gcc gcc (GCC) 11.5.0 20240719 (Red Hat 11.5.0-11) CentOS Stream 10 Kernel: 5.4 Compiler: gcc gcc (GCC) 14.2.1 20250110 (Red Hat 14.2.1-8) To view detailed results, visit: https://lab.dpdk.org/results/dashboard/tarballs/35325/ UNH-IOL DPDK Community Lab To manage your email subscriptions, visit: https://lab.dpdk.org/results/dashboard/preferences/subscriptions/