From mboxrd@z Thu Jan 1 00:00:00 1970 Return-Path: Received: from mails.dpdk.org (mails.dpdk.org [217.70.189.124]) by inbox.dpdk.org (Postfix) with ESMTP id BD336489D2 for ; Sat, 25 Oct 2025 12:48:34 +0200 (CEST) Received: from mails.dpdk.org (localhost [127.0.0.1]) by mails.dpdk.org (Postfix) with ESMTP id B727440156; Sat, 25 Oct 2025 12:48:34 +0200 (CEST) Received: from mail-il1-f228.google.com (mail-il1-f228.google.com [209.85.166.228]) by mails.dpdk.org (Postfix) with ESMTP id DDFC940156 for ; Sat, 25 Oct 2025 12:48:32 +0200 (CEST) Received: by mail-il1-f228.google.com with SMTP id e9e14a558f8ab-430cadec5deso28424165ab.1 for ; Sat, 25 Oct 2025 03:48:32 -0700 (PDT) DKIM-Signature: v=1; a=rsa-sha256; c=relaxed/relaxed; d=iol.unh.edu; s=unh-iol; t=1761389312; x=1761994112; darn=dpdk.org; h=references:in-reply-to:cc:to:from:subject:message-id:date:from:to :cc:subject:date:message-id:reply-to; bh=Bd8bECcoIZCXa+6cAOQK/QUZlV4xViO8bgYGCMeg+Fw=; b=ewQNBZ8fVK/1N7LGGNPDzSQjBjR3RmT7qNNhiwIYdX3oDWny4A329LN6OZlmUXZF9+ dMZEU4O1jKRJlD3wVkuS1FEQ/rQmpY1rDedMGc/bWTFItOr4cHbyVkFUh+/kZqS0O4WR QCvx5mtP/eTkZ30c4bTNrzkGUkzuFqOATfvMw= X-Google-DKIM-Signature: v=1; a=rsa-sha256; c=relaxed/relaxed; d=1e100.net; s=20230601; t=1761389312; x=1761994112; h=references:in-reply-to:cc:to:from:subject:message-id:date :x-gm-message-state:from:to:cc:subject:date:message-id:reply-to; bh=Bd8bECcoIZCXa+6cAOQK/QUZlV4xViO8bgYGCMeg+Fw=; b=qSdxKR0FkQPH7EoUZ5YZizC/ue9OKkyUOfsVNZb69rc9MP4D6hwoxdIQzlXvI7ai+7 PZjtaKCUr+oh/DvSW1KKjqLvGWU6FQuco0rHbUdB3jAiv4qpazfoD8ALtWpeGnoVL72N +BE4LK4OR4DsGWGy7pvzayxOA44chyFehOPVJJ9sAjri3A+7phFRxq83uwPMLYe/y7+4 0QVlFCTvwQe3GprXc0J1YKjQX0gsNl7KJBxsQfAY4edFswQlTmh/wnQ2nb+I/hLOrWzs SrRwfQKH3odNmqcJUErWd4K5IHpl8VD81gakWRwy7sz5RGZft0lERjny6oW5uBvOxCV3 m65w== X-Gm-Message-State: AOJu0YzXoY9iQNPfIDxJ0iSbzmFGyXxXrL4syCoDCC0gIH0zIVqGnHAu rzdTCusIdb/WsNSNqcVs2iiJc7NjZvQZW4BKrzo0Tk/P7dduBnXbUke0zRfmiuSSVej04I1bLT3 l/WvZGE6KdpGWKGuTjcakCmVpKVKCO6FDOajvOnSfadoBr8gj+VPDW0Ij1wQr X-Gm-Gg: ASbGncvm74QQZPPg4Iquj1IMU1wpWSatx71NpHSwB/AyO1TfixKV2NJFaMuJPJ+lpjS p4DfwbdwD+FQQn7dNBEvVqqbtdIyuZeek1ZSDZs07jio58bFAjRN1KxqgJkAJJv8SAE6GWdPKLB Lgx14ZoXJYFTrXCUTGTC+GhLPlAjVt3RYA0huTYC6tfFXpFelsSvudOe1Ws+0wVDjcMK0cokYqb MTMA7OYrI/CaEQYWkcS/7/ravoaNvgCWBzboVJ1Yk/EpNbvTu8q1ujnV0VNKBsxS6aFfN7ZqKrg rllBWv7pUT4B/hhe8g/9MNFue0YHaCORllB02tPaKarPc1qg4XTIHr5B19wfvlzd2iABaCACeKD 8CUDNs8xQ X-Google-Smtp-Source: AGHT+IF8McGpg+KRJ94xaq9eJd2G9wnRbgfpDHqu90iiOVUJBdzSPq3jd0cA/EPcEwseRUpBSTKUUKCTtYph X-Received: by 2002:a05:6e02:2183:b0:430:c477:fcde with SMTP id e9e14a558f8ab-430c52081demr408019535ab.1.1761389312130; Sat, 25 Oct 2025 03:48:32 -0700 (PDT) Received: from postal.iol.unh.edu (postal.iol.unh.edu. [2606:4100:3880:1234::84]) by smtp-relay.gmail.com with ESMTPS id e9e14a558f8ab-431f6899fc8sm1519675ab.26.2025.10.25.03.48.32 (version=TLS1_2 cipher=ECDHE-ECDSA-AES128-GCM-SHA256 bits=128/128); Sat, 25 Oct 2025 03:48:32 -0700 (PDT) X-Relaying-Domain: iol.unh.edu Date: Sat, 25 Oct 2025 03:48:32 -0700 (PDT) Message-ID: <68fcab00.050a0220.3a8e7a.7454SMTPIN_ADDED_MISSING@mx.google.com> Received: from [172.21.0.2] (unknown [172.18.0.240]) by postal.iol.unh.edu (Postfix) with ESMTP id A53FE6051830; Sat, 25 Oct 2025 06:48:31 -0400 (EDT) Subject: |FAILURE| pw158111-158112 [PATCH] [2/2] ethdev: support hide zero wh From: dpdklab@iol.unh.edu To: Test Report Cc: dpdk-test-reports@iol.unh.edu, Stephen Hemminger , Chengwen Feng In-Reply-To: <20251025094239.4915-3-fengchengwen@huawei.com> References: <20251025094239.4915-3-fengchengwen@huawei.com> Content-Type: text/plain X-BeenThere: test-report@dpdk.org X-Mailman-Version: 2.1.29 Precedence: list List-Id: automatic DPDK test reports List-Unsubscribe: , List-Archive: List-Post: List-Help: List-Subscribe: , Errors-To: test-report-bounces@dpdk.org Test-Label: iol-unit-amd64-testing Test-Status: FAILURE http://dpdk.org/patch/158112 _Testing issues_ Submitter: Chengwen Feng Date: Saturday, October 25 2025 09:42:39 DPDK git baseline: Repo:dpdk-next-net Branch: master CommitID:9021d763e846b75743f0a596e4b2995713e6cd4c 158111-158112 --> testing issues Upstream job id: Generic-VM-Unit-Test-DPDK#32067 Test environment and result as below: +-------------------------------+----------------+ | Environment | dpdk_unit_test | +===============================+================+ | Fedora Linux 41 | PASS | +-------------------------------+----------------+ | CentOS Stream 9 | PASS | +-------------------------------+----------------+ | Fedora Linux 40 | PASS | +-------------------------------+----------------+ | CentOS Stream 10 | FAIL | +-------------------------------+----------------+ | Fedora Linux 42 | PASS | +-------------------------------+----------------+ | Debian GNU/Linux 12 | PASS | +-------------------------------+----------------+ | Red Hat Enterprise Linux 9.5 | PASS | +-------------------------------+----------------+ | Red Hat Enterprise Linux 8.10 | PASS | +-------------------------------+----------------+ | Ubuntu 22.04 | PASS | +-------------------------------+----------------+ | Ubuntu 20.04 | PASS | +-------------------------------+----------------+ | Windows Server 2022 | PASS | +-------------------------------+----------------+ | Ubuntu 24.04 | PASS | +-------------------------------+----------------+ ==== Unit test summary for CentOS Stream 10 (dpdk_unit_test): ==== ninja: Entering directory `/root/workspace/Generic-Unit-Test-DPDK/dpdk/build' ninja: no work to do. 1/120 DPDK:fast-tests / acl_autotest OK 2.30s 2/120 DPDK:fast-tests / alarm_autotest OK 1.18s 3/120 DPDK:fast-tests / argparse_autotest OK 0.18s 4/120 DPDK:fast-tests / atomic_autotest OK 0.36s 5/120 DPDK:fast-tests / bitcount_autotest OK 0.19s 6/120 DPDK:fast-tests / bitmap_autotest OK 0.18s 7/120 DPDK:fast-tests / bitops_autotest OK 1.68s 8/120 DPDK:fast-tests / bitratestats_autotest OK 0.18s 9/120 DPDK:fast-tests / bitset_autotest OK 1.41s 10/120 DPDK:fast-tests / bpf_autotest OK 0.18s 11/120 DPDK:fast-tests / bpf_convert_autotest OK 0.18s 12/120 DPDK:fast-tests / byteorder_autotest OK 0.18s 13/120 DPDK:fast-tests / cfgfile_autotest OK 0.18s 14/120 DPDK:fast-tests / cksum_autotest OK 0.18s 15/120 DPDK:fast-tests / cmdline_autotest OK 0.18s 16/120 DPDK:fast-tests / common_autotest OK 0.50s 17/120 DPDK:fast-tests / compressdev_autotest SKIP 0.15s exit status 77 18/120 DPDK:fast-tests / cpuflags_autotest OK 0.19s 19/120 DPDK:fast-tests / crc_autotest OK 0.18s 20/120 DPDK:fast-tests / user_delay_us OK 0.18s 21/120 DPDK:fast-tests / debug_autotest OK 1.31s 22/120 DPDK:fast-tests / devargs_autotest OK 0.18s 23/120 DPDK:fast-tests / dispatcher_autotest SKIP 0.15s exit status 77 24/120 DPDK:fast-tests / distributor_autotest OK 0.85s 25/120 DPDK:fast-tests / eal_flags_c_opt_autotest OK 0.90s 26/120 DPDK:fast-tests / eal_flags_main_opt_autotest OK 0.33s 27/120 DPDK:fast-tests / eal_flags_n_opt_autotest OK 0.49s 28/120 DPDK:fast-tests / eal_flags_hpet_autotest OK 0.23s 29/120 DPDK:fast-tests / eal_flags_no_huge_autotest OK 0.49s 30/120 DPDK:fast-tests / eal_flags_a_opt_autotest OK 0.43s 31/120 DPDK:fast-tests / eal_flags_b_opt_autotest OK 0.36s 32/120 DPDK:fast-tests / eal_flags_vdev_opt_autotest OK 0.60s 33/120 DPDK:fast-tests / eal_flags_r_opt_autotest OK 0.30s 34/120 DPDK:fast-tests / eal_flags_mem_autotest OK 0.78s 35/120 DPDK:fast-tests / eal_flags_file_prefix_autotest OK 4.54s 36/120 DPDK:fast-tests / eal_flags_misc_autotest FAIL 2.93s killed by signal 11 SIGSEGV >>> MALLOC_PERTURB_=11 DPDK_TEST=eal_flags_misc_autotest /root/workspace/Generic-Unit-Test-DPDK/dpdk/build/app/dpdk-test 37/120 DPDK:fast-tests / eal_fs_autotest OK 0.20s 38/120 DPDK:fast-tests / errno_autotest OK 0.18s 39/120 DPDK:fast-tests / ethdev_link_status OK 0.18s 40/120 DPDK:fast-tests / event_eth_tx_adapter_autotest OK 0.47s 41/120 DPDK:fast-tests / event_ring_autotest OK 0.19s 42/120 DPDK:fast-tests / eventdev_common_autotest OK 0.18s 43/120 DPDK:fast-tests / eventdev_selftest_sw OK 0.23s 44/120 DPDK:fast-tests / fbarray_autotest OK 0.18s 45/120 DPDK:fast-tests / fib_autotest OK 0.81s 46/120 DPDK:fast-tests / fib6_autotest OK 0.72s 47/120 DPDK:fast-tests / func_reentrancy_autotest OK 0.53s 48/120 DPDK:fast-tests / graph_autotest OK 0.19s 49/120 DPDK:fast-tests / node_list_dump OK 0.18s 50/120 DPDK:fast-tests / graph_feature_arc_autotest OK 0.18s 51/120 DPDK:fast-tests / hash_autotest OK 0.30s 52/120 DPDK:fast-tests / hash_readwrite_func_autotest SKIP 0.15s exit status 77 53/120 DPDK:fast-tests / interrupt_autotest OK 1.21s 54/120 DPDK:fast-tests / ipfrag_autotest OK 0.15s 55/120 DPDK:fast-tests / ipsec_autotest SKIP 0.19s exit status 77 56/120 DPDK:fast-tests / kvargs_autotest OK 0.18s 57/120 DPDK:fast-tests / latencystats_autotest OK 0.18s 58/120 DPDK:fast-tests / lcore_var_autotest OK 0.34s 59/120 DPDK:fast-tests / lcores_autotest OK 0.79s 60/120 DPDK:fast-tests / logs_autotest OK 0.18s 61/120 DPDK:fast-tests / lpm_autotest OK 0.75s 62/120 DPDK:fast-tests / lpm6_autotest OK 1.84s 63/120 DPDK:fast-tests / malloc_autotest OK 0.40s 64/120 DPDK:fast-tests / mbuf_autotest OK 0.48s 65/120 DPDK:fast-tests / mcslock_autotest OK 0.42s 66/120 DPDK:fast-tests / member_autotest OK 0.89s 67/120 DPDK:fast-tests / memcpy_autotest OK 2.10s 68/120 DPDK:fast-tests / memory_autotest OK 0.15s 69/120 DPDK:fast-tests / mempool_autotest OK 0.44s 70/120 DPDK:fast-tests / memzone_autotest OK 0.16s 71/120 DPDK:fast-tests / meter_autotest OK 0.19s 72/120 DPDK:fast-tests / metrics_autotest OK 0.18s 73/120 DPDK:fast-tests / multiprocess_autotest OK 0.29s 74/120 DPDK:fast-tests / net_ether_autotest OK 0.48s 75/120 DPDK:fast-tests / net_ipv6_autotest OK 0.18s 76/120 DPDK:fast-tests / pcapng_autotest OK 7.35s 77/120 DPDK:fast-tests / pdcp_autotest SKIP 0.15s exit status 77 78/120 DPDK:fast-tests / pdump_autotest OK 0.37s 79/120 DPDK:fast-tests / per_lcore_autotest OK 0.28s 80/120 DPDK:fast-tests / pflock_autotest OK 0.28s 81/120 DPDK:fast-tests / pie_autotest OK 0.18s 82/120 DPDK:fast-tests / ring_pmd_autotest OK 0.18s 83/120 DPDK:fast-tests / power_autotest OK 0.18s 84/120 DPDK:fast-tests / power_cpufreq_autotest SKIP 0.15s exit status 77 85/120 DPDK:fast-tests / power_intel_uncore_autotest SKIP 0.19s exit status 77 86/120 DPDK:fast-tests / power_kvm_vm_autotest SKIP 0.15s exit status 77 87/120 DPDK:fast-tests / prefetch_autotest OK 0.19s 88/120 DPDK:fast-tests / ptr_compress_autotest OK 0.18s 89/120 DPDK:fast-tests / rawdev_autotest OK 0.18s 90/120 DPDK:fast-tests / rcu_qsbr_autotest OK 0.28s 91/120 DPDK:fast-tests / reorder_autotest OK 0.32s 92/120 DPDK:fast-tests / rib_autotest OK 3.93s 93/120 DPDK:fast-tests / rib6_autotest OK 3.96s 94/120 DPDK:fast-tests / ring_autotest OK 0.19s 95/120 DPDK:fast-tests / rwlock_test1_autotest OK 0.28s 96/120 DPDK:fast-tests / rwlock_rda_autotest OK 5.18s 97/120 DPDK:fast-tests / rwlock_rds_wrm_autotest OK 5.18s 98/120 DPDK:fast-tests / rwlock_rde_wro_autotest OK 5.18s 99/120 DPDK:fast-tests / sched_autotest OK 0.18s 100/120 DPDK:fast-tests / security_autotest OK 0.15s 101/120 DPDK:fast-tests / seqlock_autotest SKIP 0.19s exit status 77 102/120 DPDK:fast-tests / service_autotest OK 0.28s 103/120 DPDK:fast-tests / soring_autotest OK 0.18s 104/120 DPDK:fast-tests / spinlock_autotest OK 0.19s 105/120 DPDK:fast-tests / stack_autotest OK 0.20s 106/120 DPDK:fast-tests / stack_lf_autotest OK 0.23s 107/120 DPDK:fast-tests / string_autotest OK 0.19s 108/120 DPDK:fast-tests / table_autotest OK 4.92s 109/120 DPDK:fast-tests / tailq_autotest OK 0.18s 110/120 DPDK:fast-tests / telemetry_data_autotest OK 0.18s 111/120 DPDK:fast-tests / telemetry_json_autotest OK 0.18s 112/120 DPDK:fast-tests / thash_autotest OK 0.19s 113/120 DPDK:fast-tests / threads_autotest OK 0.33s 114/120 DPDK:fast-tests / ticketlock_autotest OK 0.19s 115/120 DPDK:fast-tests / timer_autotest OK 2.50s 116/120 DPDK:fast-tests / trace_autotest OK 0.20s 117/120 DPDK:fast-tests / trace_autotest_with_traces OK 0.19s 118/120 DPDK:fast-tests / vdev_autotest OK 0.18s 119/120 DPDK:fast-tests / version_autotest OK 0.18s 120/120 DPDK:fast-tests / telemetry_all SKIP 0.01s exit status 77 Ok: 109 Expected Fail: 0 Fail: 1 Unexpected Pass: 0 Skipped: 10 Timeout: 0 Full log written to /root/workspace/Generic-Unit-Test-DPDK/dpdk/build/meson-logs/testlog.txt Test log output from the failed test eal_flags_misc_autotest: Sorry, we were not able to find the logs for this test. Download the log output from the CI site for this test run. ==== End log output ==== Fedora Linux 41 Kernel: 5.15 Compiler: gcc gcc (GCC) 14.3.1 20250523 (Red Hat 14.3.1-1) CentOS Stream 9 Kernel: 5.15 Compiler: gcc gcc (GCC) 11.5.0 20240719 (Red Hat 11.5.0-11) Fedora Linux 40 Kernel: 5.15 Compiler: clang gcc (GCC) 14.2.1 20240912 (Red Hat 14.2.1-3) CentOS Stream 10 Kernel: 5.15 Compiler: gcc gcc (GCC) 14.2.1 20250110 (Red Hat 14.2.1-8) Fedora Linux 42 Kernel: 5.15 Compiler: gcc gcc (GCC) 15.2.1 20250808 (Red Hat 15.2.1-1) Debian GNU/Linux 12 Kernel: 5.15 Compiler: gcc gcc (Debian 12.2.0-14+deb12u1) 12.2.0 Red Hat Enterprise Linux 9.5 Kernel: 5.15 Compiler: gcc gcc (GCC) 11.5.0 20240719 (Red Hat 11.5.0-2) Red Hat Enterprise Linux 8.10 Kernel: 5.15 Compiler: gcc gcc (GCC) 8.5.0 20210514 (Red Hat 8.5.0-22) Ubuntu 22.04 Kernel: 5.15 Compiler: gcc gcc (Ubuntu 11.4.0-1ubuntu1~22.04) 11.4.0 Ubuntu 20.04 Kernel: 5.15 Compiler: gcc gcc (Ubuntu 9.4.0-1ubuntu1~20.04.2) 9.4.0 Windows Server 2022 Kernel: 10.0.20348.2031 Compiler: clang 15.0.7, gcc 14.1.0 (MinGW), and MSVC VS 19.39.33521 Ubuntu 24.04 Kernel: 5.15 Compiler: gcc gcc (Ubuntu 13.3.0-6ubuntu2~24.04) 13.3.0 To view detailed results, visit: https://lab.dpdk.org/results/dashboard/patchsets/34386/ UNH-IOL DPDK Community Lab To manage your email subscriptions, visit: https://lab.dpdk.org/results/dashboard/preferences/subscriptions/