From: dpdklab@iol.unh.edu
To: Test Report <test-report@dpdk.org>
Cc: dpdk-test-reports@iol.unh.edu
Subject: |WARNING| pw158089-158090 [PATCH] [v3,2/2] dts: add QinQ test suite
Date: Sat, 25 Oct 2025 09:29:39 -0700 (PDT) [thread overview]
Message-ID: <68fcfaf3.050a0220.2a41a2.8eabSMTPIN_ADDED_MISSING@mx.google.com> (raw)
In-Reply-To: <20251024181606.604135-2-dmarx@iol.unh.edu>
Test-Label: iol-compile-amd64-testing
Test-Status: WARNING
http://dpdk.org/patch/158090
_Testing issues_
Submitter: Dean Marx <dmarx@iol.unh.edu>
Date: Friday, October 24 2025 18:16:06
DPDK git baseline: Repo:dpdk-next-dts
Branch: master
CommitID:c1abcee5a9656fb4890b733e6051aa604c60f146
158089-158090 --> testing issues
Upstream job id: Generic-DPDK-Compile-Meson#437629
Test environment and result as below:
+-------------------------------+--------------------+-------------------+-------------------------+----------------------+-------------------+------------------+
| Environment | dpdk_meson_compile | dpdk_msvc_compile | dpdk_llvm_clang_compile | dpdk_mingw64_compile | dpdk_compile_spdk | dpdk_compile_ovs |
+===============================+====================+===================+=========================+======================+===================+==================+
| Ubuntu 20.04 | PASS | SKIPPED | SKIPPED | SKIPPED | SKIPPED | SKIPPED |
+-------------------------------+--------------------+-------------------+-------------------------+----------------------+-------------------+------------------+
| FreeBSD 14.2 | PASS | SKIPPED | SKIPPED | SKIPPED | SKIPPED | SKIPPED |
+-------------------------------+--------------------+-------------------+-------------------------+----------------------+-------------------+------------------+
| CentOS Stream 9 | PASS | SKIPPED | SKIPPED | SKIPPED | WARN | SKIPPED |
+-------------------------------+--------------------+-------------------+-------------------------+----------------------+-------------------+------------------+
| CentOS Stream 10 | PASS | SKIPPED | SKIPPED | SKIPPED | SKIPPED | SKIPPED |
+-------------------------------+--------------------+-------------------+-------------------------+----------------------+-------------------+------------------+
| Debian GNU/Linux 12 | PASS | SKIPPED | SKIPPED | SKIPPED | WARN | SKIPPED |
+-------------------------------+--------------------+-------------------+-------------------------+----------------------+-------------------+------------------+
| Fedora Linux 42 | PASS | SKIPPED | SKIPPED | SKIPPED | WARN | PASS |
+-------------------------------+--------------------+-------------------+-------------------------+----------------------+-------------------+------------------+
| openSUSE Leap 15.6 | PASS | SKIPPED | SKIPPED | SKIPPED | SKIPPED | SKIPPED |
+-------------------------------+--------------------+-------------------+-------------------------+----------------------+-------------------+------------------+
| Red Hat Enterprise Linux 8.10 | PASS | SKIPPED | SKIPPED | SKIPPED | SKIPPED | SKIPPED |
+-------------------------------+--------------------+-------------------+-------------------------+----------------------+-------------------+------------------+
| Red Hat Enterprise Linux 9.5 | PASS | SKIPPED | SKIPPED | SKIPPED | SKIPPED | SKIPPED |
+-------------------------------+--------------------+-------------------+-------------------------+----------------------+-------------------+------------------+
| Ubuntu 22.04 | PASS | SKIPPED | SKIPPED | SKIPPED | WARN | SKIPPED |
+-------------------------------+--------------------+-------------------+-------------------------+----------------------+-------------------+------------------+
| Ubuntu 24.04 | PASS | SKIPPED | SKIPPED | SKIPPED | WARN | PASS |
+-------------------------------+--------------------+-------------------+-------------------------+----------------------+-------------------+------------------+
| Alpine Linux 3.22.0 | PASS | SKIPPED | SKIPPED | SKIPPED | SKIPPED | SKIPPED |
+-------------------------------+--------------------+-------------------+-------------------------+----------------------+-------------------+------------------+
| Windows Server 2022 | SKIPPED | PASS | PASS | PASS | SKIPPED | SKIPPED |
+-------------------------------+--------------------+-------------------+-------------------------+----------------------+-------------------+------------------+
==== 20 line log output for Ubuntu 24.04 (dpdk_compile_spdk): ====
--- Failed to get log output ---
==== End log output ====
Ubuntu 20.04
Kernel: 4.19
Compiler: gcc gcc (Ubuntu 9.4.0-1ubuntu1~20.04.2) 9.4.0
FreeBSD 14.2
Kernel: 14.2-RELEASE
Compiler: clang 18.1.6
CentOS Stream 9
Kernel: 5.15
Compiler: gcc gcc (GCC) 11.5.0 20240719 (Red Hat 11.5.0-11)
CentOS Stream 10
Kernel: 5.15
Compiler: gcc gcc (GCC) 14.2.1 20250110 (Red Hat 14.2.1-8)
Debian GNU/Linux 12
Kernel: 5.15
Compiler: gcc gcc (Debian 12.2.0-14+deb12u1) 12.2.0
Fedora Linux 42
Kernel: 5.15
Compiler: clang gcc (GCC) 15.2.1 20250808 (Red Hat 15.2.1-1)
openSUSE Leap 15.6
Kernel: 5.15
Compiler: gcc gcc (SUSE Linux) 7.5.0
Red Hat Enterprise Linux 8.10
Kernel: 5.15
Compiler: gcc gcc (GCC) 8.5.0 20210514 (Red Hat 8.5.0-22)
Red Hat Enterprise Linux 9.5
Kernel: 5.15
Compiler: gcc gcc (GCC) 11.5.0 20240719 (Red Hat 11.5.0-2)
Ubuntu 22.04
Kernel: 5.15
Compiler: gcc gcc (Ubuntu 11.4.0-1ubuntu1~22.04) 11.4.0
Ubuntu 24.04
Kernel: 5.15
Compiler: gcc gcc (Ubuntu 13.3.0-6ubuntu2~24.04) 13.3.0
Alpine Linux 3.22.0
Kernel: 5.15
Compiler: gcc gcc (Alpine 14.2.0) 14.2.0
Windows Server 2022
Kernel: 10.0.20348.2031
Compiler: clang 15.0.7, gcc 14.1.0 (MinGW), and MSVC VS 19.39.33521
To view detailed results, visit:
https://lab.dpdk.org/results/dashboard/patchsets/34375/
UNH-IOL DPDK Community Lab
To manage your email subscriptions, visit:
https://lab.dpdk.org/results/dashboard/preferences/subscriptions/
prev parent reply other threads:[~2025-10-25 16:29 UTC|newest]
Thread overview: 26+ messages / expand[flat|nested] mbox.gz Atom feed top
[not found] <20251024181606.604135-2-dmarx@iol.unh.edu>
2025-10-24 17:41 ` |SUCCESS| pw158089-158090 [PATCH v3 2/2] " qemudev
2025-10-24 17:46 ` qemudev
2025-10-24 18:16 ` |SUCCESS| pw158090 " checkpatch
2025-10-24 18:40 ` |FAILURE| pw158089-158090 [PATCH] [v3,2/2] " dpdklab
2025-10-24 18:43 ` |PENDING| " dpdklab
2025-10-24 18:47 ` |SUCCESS| " dpdklab
2025-10-24 18:55 ` |PENDING| " dpdklab
2025-10-24 18:56 ` |WARNING| " dpdklab
2025-10-24 19:03 ` |SUCCESS| " dpdklab
2025-10-24 19:05 ` dpdklab
2025-10-24 19:08 ` dpdklab
2025-10-24 19:08 ` |PENDING| " dpdklab
2025-10-24 19:11 ` |FAILURE| pw158090 [PATCH v3 2/2] " 0-day Robot
2025-10-24 19:12 ` |PENDING| pw158089-158090 [PATCH] [v3,2/2] " dpdklab
2025-10-24 19:15 ` |SUCCESS| " dpdklab
2025-10-24 19:38 ` |WARNING| " dpdklab
2025-10-24 20:07 ` |SUCCESS| " dpdklab
2025-10-24 20:08 ` dpdklab
2025-10-24 21:12 ` dpdklab
2025-10-24 22:40 ` dpdklab
2025-10-24 22:53 ` dpdklab
2025-10-24 23:22 ` dpdklab
2025-10-25 11:00 ` dpdklab
2025-10-25 15:09 ` |WARNING| " dpdklab
2025-10-25 16:02 ` dpdklab
2025-10-25 16:29 ` dpdklab [this message]
Reply instructions:
You may reply publicly to this message via plain-text email
using any one of the following methods:
* Save the following mbox file, import it into your mail client,
and reply-to-all from there: mbox
Avoid top-posting and favor interleaved quoting:
https://en.wikipedia.org/wiki/Posting_style#Interleaved_style
* Reply using the --to, --cc, and --in-reply-to
switches of git-send-email(1):
git send-email \
--in-reply-to=68fcfaf3.050a0220.2a41a2.8eabSMTPIN_ADDED_MISSING@mx.google.com \
--to=dpdklab@iol.unh.edu \
--cc=dpdk-test-reports@iol.unh.edu \
--cc=test-report@dpdk.org \
/path/to/YOUR_REPLY
https://kernel.org/pub/software/scm/git/docs/git-send-email.html
* If your mail client supports setting the In-Reply-To header
via mailto: links, try the mailto: link
Be sure your reply has a Subject: header at the top and a blank line
before the message body.
This is a public inbox, see mirroring instructions
for how to clone and mirror all data and code used for this inbox;
as well as URLs for NNTP newsgroup(s).