From: dpdklab@iol.unh.edu
To: Test Report <test-report@dpdk.org>
Cc: dpdk-test-reports@iol.unh.edu
Subject: |PENDING| pw158111-158112 [PATCH] [2/2] ethdev: support hide zero wh
Date: Sat, 25 Oct 2025 19:18:00 -0700 (PDT) [thread overview]
Message-ID: <68fd84d8.d40a0220.102b9d.0713SMTPIN_ADDED_MISSING@mx.google.com> (raw)
In-Reply-To: <20251025094239.4915-3-fengchengwen@huawei.com>
Test-Label: iol-compile-arm64-testing
Test-Status: PENDING
http://dpdk.org/patch/158112
_Testing pending_
Submitter: Chengwen Feng <fengchengwen@huawei.com>
Date: Saturday, October 25 2025 09:42:39
DPDK git baseline: Repo:dpdk-next-net
Branch: master
CommitID:9021d763e846b75743f0a596e4b2995713e6cd4c
158111-158112 --> testing pending
Upstream job id: Generic-DPDK-Compile-Meson#437883
Test environment and result as below:
+------------------------------+--------------------+
| Environment | dpdk_meson_compile |
+==============================+====================+
| Red Hat Enterprise Linux 9.5 | PEND |
+------------------------------+--------------------+
| Ubuntu 20.04 | PEND |
+------------------------------+--------------------+
Red Hat Enterprise Linux 9.5
Kernel: 5.4
Compiler: gcc gcc (GCC) 11.5.0 20240719 (Red Hat 11.5.0-2)
Ubuntu 20.04
Kernel: 5.15
Compiler: aarch64-linux-gnu-gcc gcc (Ubuntu 9.4.0-1ubuntu1~20.04.2) 9.4.0
To view detailed results, visit:
https://lab.dpdk.org/results/dashboard/patchsets/34386/
UNH-IOL DPDK Community Lab
To manage your email subscriptions, visit:
https://lab.dpdk.org/results/dashboard/preferences/subscriptions/
next prev parent reply other threads:[~2025-10-26 2:18 UTC|newest]
Thread overview: 29+ messages / expand[flat|nested] mbox.gz Atom feed top
[not found] <20251025094239.4915-3-fengchengwen@huawei.com>
2025-10-25 9:09 ` |SUCCESS| pw158111-158112 [PATCH 2/2] ethdev: support hide zero when telemetry regs qemudev
2025-10-25 9:14 ` qemudev
2025-10-25 9:43 ` |SUCCESS| pw158112 " checkpatch
2025-10-25 10:12 ` |PENDING| pw158111-158112 [PATCH] [2/2] ethdev: support hide zero wh dpdklab
2025-10-25 10:14 ` |SUCCESS| " dpdklab
2025-10-25 10:17 ` |PENDING| " dpdklab
2025-10-25 10:19 ` |SUCCESS| " dpdklab
2025-10-25 10:21 ` |FAILURE| " dpdklab
2025-10-25 10:24 ` |WARNING| " dpdklab
2025-10-25 10:24 ` dpdklab
2025-10-25 10:31 ` |SUCCESS| " dpdklab
2025-10-25 10:34 ` dpdklab
2025-10-25 10:35 ` dpdklab
2025-10-25 10:36 ` dpdklab
2025-10-25 10:38 ` |PENDING| " dpdklab
2025-10-25 10:39 ` |SUCCESS| " dpdklab
2025-10-25 10:42 ` dpdklab
2025-10-25 10:48 ` |FAILURE| " dpdklab
2025-10-25 10:57 ` |SUCCESS| " dpdklab
2025-10-25 11:03 ` |WARNING| " dpdklab
2025-10-25 11:27 ` |SUCCESS| pw158112 [PATCH 2/2] ethdev: support hide zero when telemetry regs 0-day Robot
2025-10-25 11:27 ` 0-day Robot
2025-10-26 1:34 ` |WARNING| pw158111-158112 [PATCH] [2/2] ethdev: support hide zero wh dpdklab
2025-10-26 2:13 ` dpdklab
2025-10-26 2:18 ` dpdklab [this message]
2025-10-26 3:28 ` |FAILURE| " dpdklab
2025-10-26 4:25 ` dpdklab
2025-10-26 5:18 ` |WARNING| " dpdklab
2025-10-26 7:42 ` |FAILURE| " dpdklab
Reply instructions:
You may reply publicly to this message via plain-text email
using any one of the following methods:
* Save the following mbox file, import it into your mail client,
and reply-to-all from there: mbox
Avoid top-posting and favor interleaved quoting:
https://en.wikipedia.org/wiki/Posting_style#Interleaved_style
* Reply using the --to, --cc, and --in-reply-to
switches of git-send-email(1):
git send-email \
--in-reply-to=68fd84d8.d40a0220.102b9d.0713SMTPIN_ADDED_MISSING@mx.google.com \
--to=dpdklab@iol.unh.edu \
--cc=dpdk-test-reports@iol.unh.edu \
--cc=test-report@dpdk.org \
/path/to/YOUR_REPLY
https://kernel.org/pub/software/scm/git/docs/git-send-email.html
* If your mail client supports setting the In-Reply-To header
via mailto: links, try the mailto: link
Be sure your reply has a Subject: header at the top and a blank line
before the message body.
This is a public inbox, see mirroring instructions
for how to clone and mirror all data and code used for this inbox;
as well as URLs for NNTP newsgroup(s).