automatic DPDK test reports
 help / color / mirror / Atom feed
From: dpdklab@iol.unh.edu
To: Test Report <test-report@dpdk.org>
Cc: dpdk-test-reports@iol.unh.edu
Subject: |SUCCESS| pw158095-158097 [PATCH] [v4,3/3] dts: add virtio forwardin
Date: Sat, 25 Oct 2025 20:08:00 -0700 (PDT)	[thread overview]
Message-ID: <68fd9090.050a0220.210393.ad76SMTPIN_ADDED_MISSING@mx.google.com> (raw)
In-Reply-To: <20251024185056.607160-3-dmarx@iol.unh.edu>

Test-Label: iol-compile-arm64-testing
Test-Status: SUCCESS
http://dpdk.org/patch/158097

_Testing PASS_

Submitter: Dean Marx <dmarx@iol.unh.edu>
Date: Friday, October 24 2025 18:50:55 
DPDK git baseline: Repo:dpdk-next-dts
  Branch: master
  CommitID:c1abcee5a9656fb4890b733e6051aa604c60f146

158095-158097 --> testing pass

Upstream job id: Generic-DPDK-Compile-Meson#437677

Test environment and result as below:

+------------------------------+--------------------+
|         Environment          | dpdk_meson_compile |
+==============================+====================+
| Red Hat Enterprise Linux 9.5 | PASS               |
+------------------------------+--------------------+
| Ubuntu 20.04                 | PASS               |
+------------------------------+--------------------+
| Debian GNU/Linux 12          | PASS               |
+------------------------------+--------------------+
| Fedora Linux 42              | PASS               |
+------------------------------+--------------------+
| Ubuntu 22.04                 | PASS               |
+------------------------------+--------------------+
| Ubuntu 24.04                 | PASS               |
+------------------------------+--------------------+
| CentOS Stream 9              | PASS               |
+------------------------------+--------------------+
| CentOS Stream 10             | PASS               |
+------------------------------+--------------------+


Red Hat Enterprise Linux 9.5
	Kernel: 5.4
	Compiler: gcc gcc (GCC) 11.5.0 20240719 (Red Hat 11.5.0-2)

Ubuntu 20.04
	Kernel: 5.15
	Compiler: aarch64-linux-gnu-gcc gcc (Ubuntu 9.4.0-1ubuntu1~20.04.2) 9.4.0

Debian GNU/Linux 12
	Kernel: 5.4
	Compiler: gcc gcc (Debian 12.2.0-14+deb12u1) 12.2.0

Fedora Linux 42
	Kernel: 5.4
	Compiler: gcc gcc (GCC) 15.2.1 20250808 (Red Hat 15.2.1-1)

Ubuntu 22.04
	Kernel: 5.4
	Compiler: gcc gcc (Ubuntu 11.4.0-1ubuntu1~22.04) 11.4.0

Ubuntu 24.04
	Kernel: 5.4
	Compiler: gcc gcc (Ubuntu 13.3.0-6ubuntu2~24.04) 13.3.0

CentOS Stream 9
	Kernel: 5.4
	Compiler: gcc gcc (GCC) 11.5.0 20240719 (Red Hat 11.5.0-11)

CentOS Stream 10
	Kernel: 5.4
	Compiler: gcc gcc (GCC) 14.2.1 20250110 (Red Hat 14.2.1-8)

To view detailed results, visit:
https://lab.dpdk.org/results/dashboard/patchsets/34379/

UNH-IOL DPDK Community Lab

To manage your email subscriptions, visit: 
https://lab.dpdk.org/results/dashboard/preferences/subscriptions/

      parent reply	other threads:[~2025-10-26  3:08 UTC|newest]

Thread overview: 29+ messages / expand[flat|nested]  mbox.gz  Atom feed  top
     [not found] <20251024185056.607160-3-dmarx@iol.unh.edu>
2025-10-24 18:35 ` |SUCCESS| pw158095-158097 [PATCH v4 3/3] dts: add virtio forwarding test suite qemudev
2025-10-24 18:40 ` qemudev
2025-10-24 18:51 ` |SUCCESS| pw158097 " checkpatch
2025-10-24 19:29 ` |FAILURE| pw158095-158097 [PATCH] [v4,3/3] dts: add virtio forwardin dpdklab
2025-10-24 19:31 ` |PENDING| " dpdklab
2025-10-24 19:34 ` |SUCCESS| " dpdklab
2025-10-24 19:40 ` dpdklab
2025-10-24 19:45 ` |PENDING| " dpdklab
2025-10-24 19:49 ` |WARNING| " dpdklab
2025-10-24 19:58 ` |SUCCESS| " dpdklab
2025-10-24 20:08 ` |PENDING| " dpdklab
2025-10-24 20:08 ` |SUCCESS| " dpdklab
2025-10-24 20:18 ` |PENDING| " dpdklab
2025-10-24 20:19 ` |SUCCESS| pw158097 [PATCH v4 3/3] dts: add virtio forwarding test suite 0-day Robot
2025-10-24 20:19 ` 0-day Robot
2025-10-24 20:40 ` |SUCCESS| pw158095-158097 [PATCH] [v4,3/3] dts: add virtio forwardin dpdklab
2025-10-24 21:02 ` dpdklab
2025-10-24 21:03 ` dpdklab
2025-10-24 21:08 ` dpdklab
2025-10-24 21:10 ` |WARNING| " dpdklab
2025-10-24 21:48 ` |SUCCESS| " dpdklab
2025-10-24 22:10 ` dpdklab
2025-10-24 23:12 ` dpdklab
2025-10-24 23:25 ` dpdklab
2025-10-25  0:13 ` dpdklab
2025-10-25 18:43 ` |WARNING| " dpdklab
2025-10-25 18:46 ` |PENDING| " dpdklab
2025-10-25 19:28 ` |WARNING| " dpdklab
2025-10-26  3:08 ` dpdklab [this message]

Reply instructions:

You may reply publicly to this message via plain-text email
using any one of the following methods:

* Save the following mbox file, import it into your mail client,
  and reply-to-all from there: mbox

  Avoid top-posting and favor interleaved quoting:
  https://en.wikipedia.org/wiki/Posting_style#Interleaved_style

* Reply using the --to, --cc, and --in-reply-to
  switches of git-send-email(1):

  git send-email \
    --in-reply-to=68fd9090.050a0220.210393.ad76SMTPIN_ADDED_MISSING@mx.google.com \
    --to=dpdklab@iol.unh.edu \
    --cc=dpdk-test-reports@iol.unh.edu \
    --cc=test-report@dpdk.org \
    /path/to/YOUR_REPLY

  https://kernel.org/pub/software/scm/git/docs/git-send-email.html

* If your mail client supports setting the In-Reply-To header
  via mailto: links, try the mailto: link
Be sure your reply has a Subject: header at the top and a blank line before the message body.
This is a public inbox, see mirroring instructions
for how to clone and mirror all data and code used for this inbox;
as well as URLs for NNTP newsgroup(s).