From mboxrd@z Thu Jan 1 00:00:00 1970 Return-Path: Received: from mails.dpdk.org (mails.dpdk.org [217.70.189.124]) by inbox.dpdk.org (Postfix) with ESMTP id 687F9489D9 for ; Sun, 26 Oct 2025 05:12:49 +0100 (CET) Received: from mails.dpdk.org (localhost [127.0.0.1]) by mails.dpdk.org (Postfix) with ESMTP id 625194003C; Sun, 26 Oct 2025 05:12:49 +0100 (CET) Received: from mail-pl1-f228.google.com (mail-pl1-f228.google.com [209.85.214.228]) by mails.dpdk.org (Postfix) with ESMTP id 773184003C for ; Sun, 26 Oct 2025 05:12:48 +0100 (CET) Received: by mail-pl1-f228.google.com with SMTP id d9443c01a7336-292322d10feso29493875ad.0 for ; Sat, 25 Oct 2025 21:12:48 -0700 (PDT) DKIM-Signature: v=1; a=rsa-sha256; c=relaxed/relaxed; d=iol.unh.edu; s=unh-iol; t=1761451967; x=1762056767; darn=dpdk.org; h=cc:to:from:subject:message-id:date:from:to:cc:subject:date :message-id:reply-to; bh=tdYqd3a4xncIRtiflaSI0p6VKmdANVwB+UQqgCY4bsY=; b=bOCjaY/xzC7ju26yC1m0F6P1rc/4dnKYsggS2KzYDyfMDJREi2Oc4Ek2vvFIzFICGN sKRfSQrfsbT9w7caOVRRfQ9Mb//BjruaFk/LXcfmAxdFew3K602MPjfbwWJYA6lr2XBg brkF79dQ9IauKBrGyxKLHfprx2OpsyrRXSfig= X-Google-DKIM-Signature: v=1; a=rsa-sha256; c=relaxed/relaxed; d=1e100.net; s=20230601; t=1761451967; x=1762056767; h=cc:to:from:subject:message-id:date:x-gm-message-state:from:to:cc :subject:date:message-id:reply-to; bh=tdYqd3a4xncIRtiflaSI0p6VKmdANVwB+UQqgCY4bsY=; b=fPl3f7hwdtlFZDM/SWMcgqkTDtUbObLleyZ7YA/BK5f5bwhNHx5CZgr1ty1oSHaTT/ 2932BCFNbWc7fxtBL25z7PxoOTdGjzCdlL/Z1tuU1qMdr6I69gvNzIHok1zOp5qcDTYi sH/8uHIMDZHRW7zdODxiYLMEwZvEqWL270yPdfV0IkMbQp4oW7NXg4RRi9ONCTQqfrPU zlzEMBe0zQZXHTUrSBoQgzS1Nmc3U9EofTxIE8DT2cKbCuJV7OHCsE8e81R9cuhiTN2x 2OI9KotK9ugBjzEdSzkap3LkFbGhtOWqHRCldphzSCqvHXgDZT/Lvny9kq/qu0QZEBx2 IIrA== X-Gm-Message-State: AOJu0Yz8jL6By6bLihVRAWkhkI6MELQIv6gcQa5fGAhOpdkN2AiabzIv BJwr/sManUk26Ao4tL43vsm6zvz22mZexauVKveGyWY9EUrtH+pWtKxAPz+6yvH6uKzGf69STyY +s0RN5pqz2dmJ2OzRJ5FTVzOmanFO+W6TJ4c7OPpK1G4iPw26g0PX X-Gm-Gg: ASbGncvwCmeKu+4GrlbSBt5CUqw7aBvGl2bL3jlHc3DOLME/rHerO6x+RgSbNBkHGH+ 0/A5k7L4bsWCQbJyJA6QdDe4OMvTCFJ9SQggHjB1AEpBnllplpLsjk2sA7Xw7OPfNDme6iNseax FJQHGPszx2xMgEWJ8rgZRanIn9n4d0ajhsHr3BP7DWldM13aCNqZTk7xdgd1byjZSj1941VvgkN xtmPJFXpLiUuV8K6fpxw/IVa8Dm5qsOyorBmgOOX3k01jOUqvezDLRGqPRDjI3j5O+JWKYO9YWz XxcGDWq1yiY8/nmUO7TQoLx4ZXEsxuV1LyDhzb5XVZkhBmuidw6uujrgA0669d/H41QvGkkxch8 YKbq6z9UV X-Google-Smtp-Source: AGHT+IEl49RlSAMXhfoSPpfK1iI4Omn5s3m/3EIRWSUJ1ZyBvJ11vgZd3MLDanAWJzZZBGaZqj9IfVM40igH X-Received: by 2002:a17:903:3884:b0:290:b10f:9aec with SMTP id d9443c01a7336-29489e5ffd3mr83426695ad.26.1761451967527; Sat, 25 Oct 2025 21:12:47 -0700 (PDT) Received: from postal.iol.unh.edu (postal.iol.unh.edu. [2606:4100:3880:1234::84]) by smtp-relay.gmail.com with ESMTPS id 98e67ed59e1d1-33fed7c42c2sm378222a91.2.2025.10.25.21.12.47 (version=TLS1_2 cipher=ECDHE-ECDSA-AES128-GCM-SHA256 bits=128/128); Sat, 25 Oct 2025 21:12:47 -0700 (PDT) X-Relaying-Domain: iol.unh.edu Date: Sat, 25 Oct 2025 21:12:47 -0700 (PDT) Message-ID: <68fd9fbf.170a0220.33e446.17e2SMTPIN_ADDED_MISSING@mx.google.com> Received: from [172.21.0.2] (unknown [172.18.0.240]) by postal.iol.unh.edu (Postfix) with ESMTP id F05DB6051830; Sun, 26 Oct 2025 00:12:46 -0400 (EDT) Subject: |FAILURE| [GIT MASTER] 62f583c49bf67dd4d6733ece14e55fe6839e66d1 From: dpdklab@iol.unh.edu To: Test Report Cc: dpdk-test-reports@iol.unh.edu, Xueming Li , Christian Ehrhardt , Kevin Traynor , Luca Boccassi Content-Type: text/plain X-BeenThere: test-report@dpdk.org X-Mailman-Version: 2.1.29 Precedence: list List-Id: automatic DPDK test reports List-Unsubscribe: , List-Archive: List-Post: List-Help: List-Subscribe: , Errors-To: test-report-bounces@dpdk.org _Testing issues_ Branch: tags/v23.11 62f583c49bf67dd4d6733ece14e55fe6839e66d1 --> testing issues Upstream job id: Windows-Compile-DPDK-Native#31903 Test environment and result as below: +---------------------+-------------------+--------------------+-------------------------+ | Environment | dpdk_msvc_compile | dpdk_meson_compile | dpdk_llvm_clang_compile | +=====================+===================+====================+=========================+ | Windows Server 2022 | PASS | SKIPPED | FAIL | +---------------------+-------------------+--------------------+-------------------------+ | FreeBSD 14.2 | SKIPPED | PEND | SKIPPED | +---------------------+-------------------+--------------------+-------------------------+ | Ubuntu 20.04 | SKIPPED | PASS | SKIPPED | +---------------------+-------------------+--------------------+-------------------------+ ==== 20 line log output for Windows Server 2022 (dpdk_llvm_clang_compile): ==== Compiler for C supports arguments -mavx512f: YES (cached) Compiler for C supports arguments -mavx512bw: YES (cached) Compiler for C supports arguments -mavx512dq: YES (cached) Compiler for C supports arguments -march=skylake-avx512: YES Message: drivers/common/idpf: Defining dependency "common_idpf" Message: drivers/bus/auxiliary: Defining dependency "bus_auxiliary" Compiler for C supports arguments -Wno-cast-qual: YES (cached) Compiler for C supports arguments -Wno-pointer-arith: YES (cached) Message: drivers/bus/pci: Defining dependency "bus_pci" Message: drivers/bus/vdev: Defining dependency "bus_vdev" Compiler for C supports arguments -std=c11: YES Compiler for C supports arguments -Wno-strict-prototypes: YES Compiler for C supports arguments -D_BSD_SOURCE: YES Compiler for C supports arguments -D_DEFAULT_SOURCE: YES Compiler for C supports arguments -D_XOPEN_SOURCE=600: YES Has header "mlx5devx.h" : YES drivers\common\mlx5\windows\meson.build:10:13: ERROR: C shared or static library 'mlx5devx' not found A full log can be found at C:\Users\builder\jenkins\workspace\Windows-Compile-DPDK-Native\dpdk\build\meson-logs\meson-log.txt ==== End log output ==== Windows Server 2022 Kernel: 10.0.20348.2031 Compiler: clang 15.0.7, gcc 14.1.0 (MinGW), and MSVC VS 19.39.33521 FreeBSD 14.2 Kernel: 14.2-RELEASE Compiler: clang 18.1.6 Ubuntu 20.04 Kernel: 4.19 Compiler: gcc gcc (Ubuntu 9.4.0-1ubuntu1~20.04.2) 9.4.0 To view detailed results, visit: https://lab.dpdk.org/results/dashboard/tarballs/35348/ UNH-IOL DPDK Community Lab To manage your email subscriptions, visit: https://lab.dpdk.org/results/dashboard/preferences/subscriptions/