From mboxrd@z Thu Jan 1 00:00:00 1970 Return-Path: Received: from mails.dpdk.org (mails.dpdk.org [217.70.189.124]) by inbox.dpdk.org (Postfix) with ESMTP id B5CF0489D9 for ; Sun, 26 Oct 2025 05:25:37 +0100 (CET) Received: from mails.dpdk.org (localhost [127.0.0.1]) by mails.dpdk.org (Postfix) with ESMTP id AF1C54003C; Sun, 26 Oct 2025 05:25:37 +0100 (CET) Received: from mail-pj1-f98.google.com (mail-pj1-f98.google.com [209.85.216.98]) by mails.dpdk.org (Postfix) with ESMTP id 796C74003C for ; Sun, 26 Oct 2025 05:25:36 +0100 (CET) Received: by mail-pj1-f98.google.com with SMTP id 98e67ed59e1d1-33ba5d8f3bfso3000536a91.3 for ; Sat, 25 Oct 2025 21:25:36 -0700 (PDT) DKIM-Signature: v=1; a=rsa-sha256; c=relaxed/relaxed; d=iol.unh.edu; s=unh-iol; t=1761452735; x=1762057535; darn=dpdk.org; h=references:in-reply-to:cc:to:from:subject:message-id:date:from:to :cc:subject:date:message-id:reply-to; bh=cNRsxPMfrEtfYP7K6kgIsv1PvFZAm73sAuRQMmH9OCU=; b=IlWhPfcHnaTbG+gPTLQ9PbG9KivOcvSYKaCDQsxAzF1yNcTiFtu/mZTwhmPRCBJXvE QRbpni2IiupBcJGa6ueYAOHgR8L3KSfQP9knXw+F9qJtS5LE+7/jcwvSqiXGxVmZZjW4 5krdypmEuCZ5QoX1F6OwrGlpPKH3cPvO59EZw= X-Google-DKIM-Signature: v=1; a=rsa-sha256; c=relaxed/relaxed; d=1e100.net; s=20230601; t=1761452735; x=1762057535; h=references:in-reply-to:cc:to:from:subject:message-id:date :x-gm-message-state:from:to:cc:subject:date:message-id:reply-to; bh=cNRsxPMfrEtfYP7K6kgIsv1PvFZAm73sAuRQMmH9OCU=; b=IfHIBXrYXQx6AOfMSUzH7djyj6YymK++YuQ/7p1dA+4/kCf/MPvmC+1Ubn6aQFmg0Z T62OckXHPZQq/lH4BYpjNWKVK8jR+h4dW3U9uv3qsc+S5fRBj9BVEmlrWWsiEFCG5WTq 3rNRnLt57H3XqIjjBWumSGl9+kSUX+65Xr+Mywe6TrEG9sHJdIPd3RNO7k84Sa2w7zcc ZBpXsSqNMPSBHgKQMf68Jm/O2g/lAR8UlxMFJrYgmCjIGckXa/3J9N3U0RZ+GEgt+1rU 3EIij7WccEkEZqCfu0y2qfWF2SwuAjSO2krs3dsTJyT/GUWQxDpUYbK61l0dfZH1CZbt USHw== X-Gm-Message-State: AOJu0YzPT2BD7/opjwYFatiLpurFK7PqcyZ8VNSB1bGwDeFqoAid7vIA Aw2RIXrfLh29oT6vLyfHy0Iz+8DZNJ/+6+Bw0pLXL9IUU3u8Y9LSZ13X6wKecbmSM5GoVcEBaSW Ud/NIJPiX8IdJtcmoqtukVtaj+VGlKr1X0FmuR9GfRsiq X-Gm-Gg: ASbGncsOxRmLrho4kihYCq2RdWtXb6NXm04bYd0xqEiShSTI2A2pcaSp5rmiiFs3wH1 B/JWwKzd4eUDNptLQOHZimN628+CtEspTwBKRtufkCpVzs70YX8zZA/BLBdma+Wajle/kfYmAoo 2zp0K260/hzPMNw/CW0YSfA46z+rbT7P61Hvh0MBM0tNHdCS9rtj5YA4If9u4ZVgZu9LqKXcAkc SEr/qCKotpIFQ9tlZGmAvOPXfDsXufhDep2GM0szofqoTqZ61R3raczSvW8DZnZfr+8JeVLV9pe RmwXZN2Ossp9Xc1dV9dEKlY4sNUkK+9f9Qf4SCNiK0rRvtJVPgahu1ZdtxGKi4ope2QfyDldm7E sIlurL9aqiizCBH8EZ//HrrlRoEbSEHI= X-Google-Smtp-Source: AGHT+IExGy1pHual7WZWozvAm/xVFbuDF+WLOkp+Qp9/9XmQJkr0i5yBcvtYiiV8Fl5w0WK8GCKQ9yLz7TTU X-Received: by 2002:a17:90a:d604:b0:33d:ad49:16da with SMTP id 98e67ed59e1d1-33dad49173cmr26255127a91.31.1761452735533; Sat, 25 Oct 2025 21:25:35 -0700 (PDT) Received: from postal.iol.unh.edu (postal.iol.unh.edu. [132.177.123.84]) by smtp-relay.gmail.com with ESMTPS id 41be03b00d2f7-b73b68d86basm192526a12.14.2025.10.25.21.25.35 (version=TLS1_2 cipher=ECDHE-ECDSA-AES128-GCM-SHA256 bits=128/128); Sat, 25 Oct 2025 21:25:35 -0700 (PDT) X-Relaying-Domain: iol.unh.edu Date: Sat, 25 Oct 2025 21:25:35 -0700 (PDT) Message-ID: <68fda2bf.050a0220.3891bf.8b04SMTPIN_ADDED_MISSING@mx.google.com> Received: from [172.21.0.2] (unknown [172.18.0.240]) by postal.iol.unh.edu (Postfix) with ESMTP id BB4746051830; Sun, 26 Oct 2025 00:25:34 -0400 (EDT) Subject: |FAILURE| pw158111-158112 [PATCH] [2/2] ethdev: support hide zero wh From: dpdklab@iol.unh.edu To: Test Report Cc: dpdk-test-reports@iol.unh.edu, Stephen Hemminger , Chengwen Feng In-Reply-To: <20251025094239.4915-3-fengchengwen@huawei.com> References: <20251025094239.4915-3-fengchengwen@huawei.com> Content-Type: text/plain X-BeenThere: test-report@dpdk.org X-Mailman-Version: 2.1.29 Precedence: list List-Id: automatic DPDK test reports List-Unsubscribe: , List-Archive: List-Post: List-Help: List-Subscribe: , Errors-To: test-report-bounces@dpdk.org Test-Label: iol-unit-arm64-testing Test-Status: FAILURE http://dpdk.org/patch/158112 _Testing issues_ Submitter: Chengwen Feng Date: Saturday, October 25 2025 09:42:39 DPDK git baseline: Repo:dpdk-next-net Branch: master CommitID:9021d763e846b75743f0a596e4b2995713e6cd4c 158111-158112 --> testing issues Upstream job id: Generic-Unit-Test-DPDK#385382 Test environment and result as below: +------------------------------+----------------+--------------+---------------------------+------------------------------+ | Environment | dpdk_unit_test | lpm_autotest | cryptodev_sw_zuc_autotest | cryptodev_sw_snow3g_autotest | +==============================+================+==============+===========================+==============================+ | Fedora Linux 40 | PASS | SKIPPED | SKIPPED | SKIPPED | +------------------------------+----------------+--------------+---------------------------+------------------------------+ | CentOS Stream 9 | PASS | SKIPPED | SKIPPED | SKIPPED | +------------------------------+----------------+--------------+---------------------------+------------------------------+ | Fedora Linux 41 | PEND | SKIPPED | SKIPPED | SKIPPED | +------------------------------+----------------+--------------+---------------------------+------------------------------+ | Fedora Linux 42 | PEND | SKIPPED | SKIPPED | SKIPPED | +------------------------------+----------------+--------------+---------------------------+------------------------------+ | CentOS Stream 10 | PEND | SKIPPED | SKIPPED | SKIPPED | +------------------------------+----------------+--------------+---------------------------+------------------------------+ | Ubuntu 22.04 | PEND | SKIPPED | SKIPPED | SKIPPED | +------------------------------+----------------+--------------+---------------------------+------------------------------+ | Debian GNU/Linux 12 | PEND | SKIPPED | SKIPPED | SKIPPED | +------------------------------+----------------+--------------+---------------------------+------------------------------+ | Red Hat Enterprise Linux 9.5 | PEND | SKIPPED | SKIPPED | SKIPPED | +------------------------------+----------------+--------------+---------------------------+------------------------------+ | Ubuntu 20.04 | PEND | PASS | SKIPPED | SKIPPED | +------------------------------+----------------+--------------+---------------------------+------------------------------+ | Ubuntu 24.04 | PEND | SKIPPED | SKIPPED | SKIPPED | +------------------------------+----------------+--------------+---------------------------+------------------------------+ | Debian 12 (arm) | SKIPPED | SKIPPED | PEND | PEND | +------------------------------+----------------+--------------+---------------------------+------------------------------+ Fedora Linux 40 Kernel: 5.4 Compiler: clang gcc (GCC) 14.2.1 20240912 (Red Hat 14.2.1-3) CentOS Stream 9 Kernel: 5.4 Compiler: gcc gcc (GCC) 11.5.0 20240719 (Red Hat 11.5.0-11) Fedora Linux 41 Kernel: 5.4 Compiler: gcc gcc (GCC) 14.3.1 20250523 (Red Hat 14.3.1-1) Fedora Linux 42 Kernel: 5.4 Compiler: gcc gcc (GCC) 15.2.1 20250808 (Red Hat 15.2.1-1) CentOS Stream 10 Kernel: 5.4 Compiler: gcc gcc (GCC) 14.2.1 20250110 (Red Hat 14.2.1-8) Ubuntu 22.04 Kernel: 5.15 Compiler: gcc gcc (Ubuntu 11.4.0-1ubuntu1~22.04.2) 11.4.0 Debian GNU/Linux 12 Kernel: 5.4 Compiler: gcc gcc (Debian 12.2.0-14+deb12u1) 12.2.0 Red Hat Enterprise Linux 9.5 Kernel: 5.4 Compiler: gcc gcc (GCC) 11.5.0 20240719 (Red Hat 11.5.0-2) Ubuntu 20.04 Kernel: 5.4 Compiler: gcc gcc (Ubuntu 9.4.0-1ubuntu1~20.04.2) 9.4.0 Ubuntu 24.04 Kernel: 5.4 Compiler: gcc gcc (Ubuntu 13.3.0-6ubuntu2~24.04) 13.3.0 Debian 12 (arm) Kernel: Depends on container host Compiler: gcc (Debian 12.2.0-14) 12.2.0 To view detailed results, visit: https://lab.dpdk.org/results/dashboard/patchsets/34386/ UNH-IOL DPDK Community Lab To manage your email subscriptions, visit: https://lab.dpdk.org/results/dashboard/preferences/subscriptions/