From mboxrd@z Thu Jan 1 00:00:00 1970 Return-Path: Received: from mails.dpdk.org (mails.dpdk.org [217.70.189.124]) by inbox.dpdk.org (Postfix) with ESMTP id EEB63489D9 for ; Sun, 26 Oct 2025 05:27:19 +0100 (CET) Received: from mails.dpdk.org (localhost [127.0.0.1]) by mails.dpdk.org (Postfix) with ESMTP id E80594003C; Sun, 26 Oct 2025 05:27:19 +0100 (CET) Received: from mail-pl1-f227.google.com (mail-pl1-f227.google.com [209.85.214.227]) by mails.dpdk.org (Postfix) with ESMTP id 1F9924003C for ; Sun, 26 Oct 2025 05:27:07 +0100 (CET) Received: by mail-pl1-f227.google.com with SMTP id d9443c01a7336-269639879c3so30348585ad.2 for ; Sat, 25 Oct 2025 21:27:07 -0700 (PDT) DKIM-Signature: v=1; a=rsa-sha256; c=relaxed/relaxed; d=iol.unh.edu; s=unh-iol; t=1761452826; x=1762057626; darn=dpdk.org; h=cc:to:from:subject:message-id:date:from:to:cc:subject:date :message-id:reply-to; bh=iMhoHsfU9EaNrEFKkfdWWk4LnbbxujD3mUQ0qLR8Ago=; b=LqtVNuYjjY+ugdEmAp9CyhIsXOAk9o3mZWPQzo1JvmjwaFYjhA/L+FDU7eDrmmc9YS /WAMg03sTV2p2pAYwNCDxJ/7GGkON4UzM8EPUIGpiV1NLaajhjx47xzIP8hf0cM5S4Zc C9d4HZSMH23ryh6EzcrRCTdjUCDhWn1xLmMtc= X-Google-DKIM-Signature: v=1; a=rsa-sha256; c=relaxed/relaxed; d=1e100.net; s=20230601; t=1761452826; x=1762057626; h=cc:to:from:subject:message-id:date:x-gm-message-state:from:to:cc :subject:date:message-id:reply-to; bh=iMhoHsfU9EaNrEFKkfdWWk4LnbbxujD3mUQ0qLR8Ago=; b=EcuwEjSct9mWZy5k5CcuJcliK3epTmprd9gPVw6LMvATEdBam4qK0WGWCk7GbjmROf hOghkrdcNJBn9f9qP/taSUkuQGhPLp7K+TuESforyY1XG6V69Gb06BJ2g06F3H0yS/7B olsIf9ZkEpSui1NC1E3UzPk/4syMQL8Ws3E9e2MCFYO6Yqc1K6OrkTezBHwAk2ZJUILI LZAaCVDAg+BVIVl/5fZS9UxPWUjJUKin85V3KOZ0hpVhHSdyXU9kjJNuMs9wB2W4nI2D AmtCavs1u1A+pjpAJmqWQKPhoVJ3/LLrgIwXrvdfXEBVZL922CN1Ny7JT7BfeiTlI8iy jGPw== X-Gm-Message-State: AOJu0Ywm6y7ED90VBcbpNjIH6Cd/o7X081jawwdoSuAl23zD/UpcwOSi mJ5gMRHwQ1ugNKFif0RnWxQPbVIZjPf7CCxSAd9umanIU6WeqGTH6PTCyPazMPj3knoVfCAEL2E Pjyu0ET67St7DijdHL5madssr8ZdkrUVxa/Z25rYiDwq372NIl69c X-Gm-Gg: ASbGncvc/9S+aDNBby9mn4J/a7flFudcHcBawSYcvCpLZVihwuNcyOH8WpuhGNj54If 97Bstxve8rk2HK+RyzXw/rNjm9xO2h4PkUIjk+GeAKbdgIR5HIuDTV2eq9VnUabpfnbM2jQFNga v9b2A+JGYgMsIVK5mziPWZkoiH4H4hd1/Zhc7l+C6mSHXFxuMHao6ZNQ40tgeSy8+r/yd2J5z2E +djNuCrfiPXJ2zqCO3lncj7XDWfUMR/A+Sydd8IQsHWrZ9ALXgrrHC0KbZ7xjzDDsR9ysWJMgpo vJSfkzz2sPtbpV7GMsnlNuh6vIX/z/gMRp2mTrDxFh7Cs1GdZrQVVrEAUPdzxq1uTKP6NqRcCFA 3AstbY8am X-Google-Smtp-Source: AGHT+IGtQZS4AJl/3l1HkW/N14zUUCE8VoeU7+HTfxT/C6K0YzQUYiAmJOkZCBeFWIRXXkEpEJu/nNh/VrWs X-Received: by 2002:a17:902:e88e:b0:28d:18d3:46ca with SMTP id d9443c01a7336-290cb65ca07mr425770005ad.49.1761452826253; Sat, 25 Oct 2025 21:27:06 -0700 (PDT) Received: from postal.iol.unh.edu (postal.iol.unh.edu. [2606:4100:3880:1234::84]) by smtp-relay.gmail.com with ESMTPS id d9443c01a7336-29498d274e5sm3728125ad.28.2025.10.25.21.27.06 (version=TLS1_2 cipher=ECDHE-ECDSA-AES128-GCM-SHA256 bits=128/128); Sat, 25 Oct 2025 21:27:06 -0700 (PDT) X-Relaying-Domain: iol.unh.edu Date: Sat, 25 Oct 2025 21:27:06 -0700 (PDT) Message-ID: <68fda31a.170a0220.1582da.1879SMTPIN_ADDED_MISSING@mx.google.com> Received: from [172.21.0.3] (unknown [172.18.0.240]) by postal.iol.unh.edu (Postfix) with ESMTP id BEEDF6051830; Sun, 26 Oct 2025 00:27:05 -0400 (EDT) Subject: |FAILURE| [GIT MASTER] 62f583c49bf67dd4d6733ece14e55fe6839e66d1 From: dpdklab@iol.unh.edu To: Test Report Cc: dpdk-test-reports@iol.unh.edu, Xueming Li , Christian Ehrhardt , Kevin Traynor , Luca Boccassi Content-Type: text/plain X-BeenThere: test-report@dpdk.org X-Mailman-Version: 2.1.29 Precedence: list List-Id: automatic DPDK test reports List-Unsubscribe: , List-Archive: List-Post: List-Help: List-Subscribe: , Errors-To: test-report-bounces@dpdk.org _Testing issues_ Branch: tags/v23.11 62f583c49bf67dd4d6733ece14e55fe6839e66d1 --> testing issues Upstream job id: Generic-VM-DPDK-Compile-Meson#39269 Test environment and result as below: +---------------------+-------------------+--------------------+-------------------------+----------------------+ | Environment | dpdk_msvc_compile | dpdk_meson_compile | dpdk_llvm_clang_compile | dpdk_mingw64_compile | +=====================+===================+====================+=========================+======================+ | Windows Server 2022 | PASS | SKIPPED | FAIL | PASS | +---------------------+-------------------+--------------------+-------------------------+----------------------+ | FreeBSD 14.2 | SKIPPED | PASS | SKIPPED | SKIPPED | +---------------------+-------------------+--------------------+-------------------------+----------------------+ | Ubuntu 20.04 | SKIPPED | PASS | SKIPPED | SKIPPED | +---------------------+-------------------+--------------------+-------------------------+----------------------+ ==== 20 line log output for Windows Server 2022 (dpdk_llvm_clang_compile): ==== Compiler for C supports arguments -mavx512f: YES (cached) Compiler for C supports arguments -mavx512bw: YES (cached) Compiler for C supports arguments -mavx512dq: YES (cached) Compiler for C supports arguments -march=skylake-avx512: YES Message: drivers/common/idpf: Defining dependency "common_idpf" Message: drivers/bus/auxiliary: Defining dependency "bus_auxiliary" Compiler for C supports arguments -Wno-cast-qual: YES (cached) Compiler for C supports arguments -Wno-pointer-arith: YES (cached) Message: drivers/bus/pci: Defining dependency "bus_pci" Message: drivers/bus/vdev: Defining dependency "bus_vdev" Compiler for C supports arguments -std=c11: YES Compiler for C supports arguments -Wno-strict-prototypes: YES Compiler for C supports arguments -D_BSD_SOURCE: YES Compiler for C supports arguments -D_DEFAULT_SOURCE: YES Compiler for C supports arguments -D_XOPEN_SOURCE=600: YES Has header "mlx5devx.h" : YES drivers\common\mlx5\windows\meson.build:10:13: ERROR: C shared or static library 'mlx5devx' not found A full log can be found at C:\Users\builder\jenkins\workspace\Windows-Compile-DPDK-Native\dpdk\build\meson-logs\meson-log.txt ==== End log output ==== Windows Server 2022 Kernel: 10.0.20348.2031 Compiler: clang 15.0.7, gcc 14.1.0 (MinGW), and MSVC VS 19.39.33521 FreeBSD 14.2 Kernel: 14.2-RELEASE Compiler: clang 18.1.6 Ubuntu 20.04 Kernel: 4.19 Compiler: gcc gcc (Ubuntu 9.4.0-1ubuntu1~20.04.2) 9.4.0 To view detailed results, visit: https://lab.dpdk.org/results/dashboard/tarballs/35348/ UNH-IOL DPDK Community Lab To manage your email subscriptions, visit: https://lab.dpdk.org/results/dashboard/preferences/subscriptions/