automatic DPDK test reports
 help / color / mirror / Atom feed
From: dpdklab@iol.unh.edu
To: Test Report <test-report@dpdk.org>
Cc: dpdk-test-reports@iol.unh.edu,
	Stephen Hemminger <stephen@networkplumber.org>
Subject: |WARNING| pw158111-158112 [PATCH] [2/2] ethdev: support hide zero wh
Date: Sat, 25 Oct 2025 22:18:23 -0700 (PDT)	[thread overview]
Message-ID: <68fdaf1f.050a0220.22482a.c298SMTPIN_ADDED_MISSING@mx.google.com> (raw)
In-Reply-To: <20251025094239.4915-3-fengchengwen@huawei.com>

Test-Label: iol-unit-arm64-testing
Test-Status: WARNING
http://dpdk.org/patch/158112

_Testing issues_

Submitter: Chengwen Feng <fengchengwen@huawei.com>
Date: Saturday, October 25 2025 09:42:39 
DPDK git baseline: Repo:dpdk-next-net
  Branch: master
  CommitID:9021d763e846b75743f0a596e4b2995713e6cd4c

158111-158112 --> testing issues

Upstream job id: Generic-Unit-Test-DPDK#385396

Test environment and result as below:

+------------------------------+----------------+--------------+---------------------------+------------------------------+
|         Environment          | dpdk_unit_test | lpm_autotest | cryptodev_sw_zuc_autotest | cryptodev_sw_snow3g_autotest |
+==============================+================+==============+===========================+==============================+
| Fedora Linux 40              | PASS           | SKIPPED      | SKIPPED                   | SKIPPED                      |
+------------------------------+----------------+--------------+---------------------------+------------------------------+
| CentOS Stream 9              | PASS           | SKIPPED      | SKIPPED                   | SKIPPED                      |
+------------------------------+----------------+--------------+---------------------------+------------------------------+
| Fedora Linux 41              | WARN           | SKIPPED      | SKIPPED                   | SKIPPED                      |
+------------------------------+----------------+--------------+---------------------------+------------------------------+
| Fedora Linux 42              | WARN           | SKIPPED      | SKIPPED                   | SKIPPED                      |
+------------------------------+----------------+--------------+---------------------------+------------------------------+
| CentOS Stream 10             | PASS           | SKIPPED      | SKIPPED                   | SKIPPED                      |
+------------------------------+----------------+--------------+---------------------------+------------------------------+
| Ubuntu 22.04                 | PASS           | SKIPPED      | SKIPPED                   | SKIPPED                      |
+------------------------------+----------------+--------------+---------------------------+------------------------------+
| Debian GNU/Linux 12          | PASS           | SKIPPED      | SKIPPED                   | SKIPPED                      |
+------------------------------+----------------+--------------+---------------------------+------------------------------+
| Red Hat Enterprise Linux 9.5 | PASS           | SKIPPED      | SKIPPED                   | SKIPPED                      |
+------------------------------+----------------+--------------+---------------------------+------------------------------+
| Ubuntu 20.04                 | PASS           | PASS         | SKIPPED                   | SKIPPED                      |
+------------------------------+----------------+--------------+---------------------------+------------------------------+
| Ubuntu 24.04                 | PASS           | SKIPPED      | SKIPPED                   | SKIPPED                      |
+------------------------------+----------------+--------------+---------------------------+------------------------------+
| Debian 12 (arm)              | SKIPPED        | SKIPPED      | PASS                      | PASS                         |
+------------------------------+----------------+--------------+---------------------------+------------------------------+

==== 20 line log output for Fedora Linux 42 (dpdk_unit_test): ====
[1327/3817] Compiling C object drivers/libtmp_rte_net_cpfl.a.p/net_intel_cpfl_cpfl_flow_parser.c.o
[1328/3817] Compiling C object drivers/libtmp_rte_net_ionic.a.p/net_ionic_ionic_main.c.o
[1329/3817] Compiling C object drivers/libtmp_rte_net_ionic.a.p/net_ionic_ionic_rx_filter.c.o
[1330/3817] Compiling C object drivers/libtmp_rte_net_ionic.a.p/net_ionic_ionic_lif.c.o
[1331/3817] Compiling C object drivers/libtmp_rte_net_ionic.a.p/net_ionic_ionic_rxtx.c.o
[1332/3817] Compiling C object drivers/libtmp_rte_net_ionic.a.p/net_ionic_ionic_rxtx_simple.c.o
[1333/3817] Compiling C object drivers/libtmp_rte_net_ionic.a.p/net_ionic_ionic_rxtx_sg.c.o
[1334/3817] Compiling C object drivers/libtmp_rte_net_macb.a.p/net_macb_macb_ethdev.c.o
[1335/3817] Compiling C object drivers/libtmp_rte_net_mana.a.p/net_mana_gdma.c.o
[1336/3817] Compiling C object drivers/libtmp_rte_net_macb.a.p/net_macb_macb_rxtx_vec_neon.c.o
FAILED: [code=1] drivers/libtmp_rte_net_macb.a.p/net_macb_macb_rxtx_vec_neon.c.o
clang -Idrivers/libtmp_rte_net_macb.a.p -Idrivers -I../drivers -Idrivers/net/macb -I../drivers/net/macb -Idrivers/net/macb/base -I../drivers/net/macb/base -Ilib/ethdev -I../lib/ethdev -Ilib/eal/common -I../lib/eal/common -I. -I.. -Iconfig -I../config -Ilib/eal/include -I../lib/eal/include -Ilib/eal/linux/include -I../lib/eal/linux/include -Ilib/eal/arm/include -I../lib/eal/arm/include -I../kernel/linux -Ilib/eal -I../lib/eal -Ilib/kvargs -I../lib/kvargs -Ilib/log -I../lib/log -Ilib/metrics -I../lib/metrics -Ilib/telemetry -I../lib/telemetry -Ilib/argparse -I../lib/argparse -Ilib/net -I../lib/net -Ilib/mbuf -I../lib/mbuf -Ilib/mempool -I../lib/mempool -Ilib/ring -I../lib/ring -Ilib/meter -I../lib/meter -Idrivers/bus/pci -I../drivers/bus/pci -I../drivers/bus/pci/linux -Ilib/pci -I../lib/pci -Idrivers/bus/vdev -I../drivers/bus/vdev -Xclang -fcolor-diagnostics -pipe -D_FILE_OFFSET_BITS=64 -Wall -Winvalid-pch -Wextra -Werror -std=c11 -O3 -include rte_config.h -Wvla -Wcast-qual -Wcomma -Wd
 eprecated -Wformat -Wformat-nonliteral -Wformat-security -Wmissing-declarations -Wmissing-prototypes -Wnested-externs -Wold-style-definition -Wpointer-arith -Wsign-compare -Wstrict-prototypes -Wundef -Wwrite-strings -Wno-missing-field-initializers -D_GNU_SOURCE -fPIC -march=armv8.1-a+crc+crypto -DALLOW_EXPERIMENTAL_API -DALLOW_INTERNAL_API -Wno-format-truncation -Wno-address-of-packed-member -Wno-comma -DRTE_LOG_DEFAULT_LOGTYPE=pmd.net.macb -DRTE_ANNOTATE_LOCKS -Wthread-safety -MD -MQ drivers/libtmp_rte_net_macb.a.p/net_macb_macb_rxtx_vec_neon.c.o -MF drivers/libtmp_rte_net_macb.a.p/net_macb_macb_rxtx_vec_neon.c.o.d -o drivers/libtmp_rte_net_macb.a.p/net_macb_macb_rxtx_vec_neon.c.o -c ../drivers/net/macb/macb_rxtx_vec_neon.c
../drivers/net/macb/macb_rxtx_vec_neon.c:59:30: error: cast from 'volatile unsigned long (*)[1]' to 'unsigned long *' drops volatile qualifier [-Werror,-Wcast-qual]
59 |                 vset_lane_u64(*(uint64_t *)(&mbuf.rearm_data), mbuf_initializer, 0);
|                                            ^
1 error generated.
[1337/3817] Compiling C object drivers/libtmp_rte_net_mana.a.p/net_mana_mp.c.o
[1338/3817] Compiling C object drivers/libtmp_rte_net_macb.a.p/net_macb_macb_rxtx.c.o
[1339/3817] Compiling C object drivers/libtmp_rte_net_mana.a.p/net_mana_mana.c.o
ninja: build stopped: subcommand failed.
==== End log output ====

Fedora Linux 40
	Kernel: 5.4
	Compiler: clang gcc (GCC) 14.2.1 20240912 (Red Hat 14.2.1-3)

CentOS Stream 9
	Kernel: 5.4
	Compiler: gcc gcc (GCC) 11.5.0 20240719 (Red Hat 11.5.0-11)

Fedora Linux 41
	Kernel: 5.4
	Compiler: gcc gcc (GCC) 14.3.1 20250523 (Red Hat 14.3.1-1)

Fedora Linux 42
	Kernel: 5.4
	Compiler: gcc gcc (GCC) 15.2.1 20250808 (Red Hat 15.2.1-1)

CentOS Stream 10
	Kernel: 5.4
	Compiler: gcc gcc (GCC) 14.2.1 20250110 (Red Hat 14.2.1-8)

Ubuntu 22.04
	Kernel: 5.15
	Compiler: gcc gcc (Ubuntu 11.4.0-1ubuntu1~22.04.2) 11.4.0

Debian GNU/Linux 12
	Kernel: 5.4
	Compiler: gcc gcc (Debian 12.2.0-14+deb12u1) 12.2.0

Red Hat Enterprise Linux 9.5
	Kernel: 5.4
	Compiler: gcc gcc (GCC) 11.5.0 20240719 (Red Hat 11.5.0-2)

Ubuntu 20.04
	Kernel: 5.4
	Compiler: gcc gcc (Ubuntu 9.4.0-1ubuntu1~20.04.2) 9.4.0

Ubuntu 24.04
	Kernel: 5.4
	Compiler: gcc gcc (Ubuntu 13.3.0-6ubuntu2~24.04) 13.3.0

Debian 12 (arm)
	Kernel: Depends on container host
	Compiler: gcc (Debian 12.2.0-14) 12.2.0

To view detailed results, visit:
https://lab.dpdk.org/results/dashboard/patchsets/34386/

UNH-IOL DPDK Community Lab

To manage your email subscriptions, visit: 
https://lab.dpdk.org/results/dashboard/preferences/subscriptions/

  parent reply	other threads:[~2025-10-26  5:18 UTC|newest]

Thread overview: 29+ messages / expand[flat|nested]  mbox.gz  Atom feed  top
     [not found] <20251025094239.4915-3-fengchengwen@huawei.com>
2025-10-25  9:09 ` |SUCCESS| pw158111-158112 [PATCH 2/2] ethdev: support hide zero when telemetry regs qemudev
2025-10-25  9:14 ` qemudev
2025-10-25  9:43 ` |SUCCESS| pw158112 " checkpatch
2025-10-25 10:12 ` |PENDING| pw158111-158112 [PATCH] [2/2] ethdev: support hide zero wh dpdklab
2025-10-25 10:14 ` |SUCCESS| " dpdklab
2025-10-25 10:17 ` |PENDING| " dpdklab
2025-10-25 10:19 ` |SUCCESS| " dpdklab
2025-10-25 10:21 ` |FAILURE| " dpdklab
2025-10-25 10:24 ` |WARNING| " dpdklab
2025-10-25 10:24 ` dpdklab
2025-10-25 10:31 ` |SUCCESS| " dpdklab
2025-10-25 10:34 ` dpdklab
2025-10-25 10:35 ` dpdklab
2025-10-25 10:36 ` dpdklab
2025-10-25 10:38 ` |PENDING| " dpdklab
2025-10-25 10:39 ` |SUCCESS| " dpdklab
2025-10-25 10:42 ` dpdklab
2025-10-25 10:48 ` |FAILURE| " dpdklab
2025-10-25 10:57 ` |SUCCESS| " dpdklab
2025-10-25 11:03 ` |WARNING| " dpdklab
2025-10-25 11:27 ` |SUCCESS| pw158112 [PATCH 2/2] ethdev: support hide zero when telemetry regs 0-day Robot
2025-10-25 11:27 ` 0-day Robot
2025-10-26  1:34 ` |WARNING| pw158111-158112 [PATCH] [2/2] ethdev: support hide zero wh dpdklab
2025-10-26  2:13 ` dpdklab
2025-10-26  2:18 ` |PENDING| " dpdklab
2025-10-26  3:28 ` |FAILURE| " dpdklab
2025-10-26  4:25 ` dpdklab
2025-10-26  5:18 ` dpdklab [this message]
2025-10-26  7:42 ` dpdklab

Reply instructions:

You may reply publicly to this message via plain-text email
using any one of the following methods:

* Save the following mbox file, import it into your mail client,
  and reply-to-all from there: mbox

  Avoid top-posting and favor interleaved quoting:
  https://en.wikipedia.org/wiki/Posting_style#Interleaved_style

* Reply using the --to, --cc, and --in-reply-to
  switches of git-send-email(1):

  git send-email \
    --in-reply-to=68fdaf1f.050a0220.22482a.c298SMTPIN_ADDED_MISSING@mx.google.com \
    --to=dpdklab@iol.unh.edu \
    --cc=dpdk-test-reports@iol.unh.edu \
    --cc=stephen@networkplumber.org \
    --cc=test-report@dpdk.org \
    /path/to/YOUR_REPLY

  https://kernel.org/pub/software/scm/git/docs/git-send-email.html

* If your mail client supports setting the In-Reply-To header
  via mailto: links, try the mailto: link
Be sure your reply has a Subject: header at the top and a blank line before the message body.
This is a public inbox, see mirroring instructions
for how to clone and mirror all data and code used for this inbox;
as well as URLs for NNTP newsgroup(s).