From mboxrd@z Thu Jan 1 00:00:00 1970 Return-Path: Received: from mails.dpdk.org (mails.dpdk.org [217.70.189.124]) by inbox.dpdk.org (Postfix) with ESMTP id 09C86489DA for ; Sun, 26 Oct 2025 06:18:26 +0100 (CET) Received: from mails.dpdk.org (localhost [127.0.0.1]) by mails.dpdk.org (Postfix) with ESMTP id D7D114003C; Sun, 26 Oct 2025 06:18:25 +0100 (CET) Received: from mail-yx1-f99.google.com (mail-yx1-f99.google.com [74.125.224.99]) by mails.dpdk.org (Postfix) with ESMTP id 4252B4003C for ; Sun, 26 Oct 2025 06:18:24 +0100 (CET) Received: by mail-yx1-f99.google.com with SMTP id 956f58d0204a3-63f533fbfd0so493170d50.3 for ; Sat, 25 Oct 2025 22:18:24 -0700 (PDT) DKIM-Signature: v=1; a=rsa-sha256; c=relaxed/relaxed; d=iol.unh.edu; s=unh-iol; t=1761455903; x=1762060703; darn=dpdk.org; h=references:in-reply-to:cc:to:from:subject:message-id:date:from:to :cc:subject:date:message-id:reply-to; bh=7anNleQ2d/41jGGTV7hxFYdYnjokQ3lrUoPhCwnjAEc=; b=SolR+jXvHhT3G92qPCjhBOn3EkXJUV7qwkkFqZ0hMAM+WKDoWOGk0epuxGvg3qsaeZ keY1x3xQxujOmqNaopE/Hzq3i3iBqZ0XyCWTcCORH1yiKuVr3C745MSC2DyClcsc0Kbi UmXTzCwxXCRwfF873IZGw+c2/XaRpZEZ5eJIw= X-Google-DKIM-Signature: v=1; a=rsa-sha256; c=relaxed/relaxed; d=1e100.net; s=20230601; t=1761455903; x=1762060703; h=references:in-reply-to:cc:to:from:subject:message-id:date :x-gm-message-state:from:to:cc:subject:date:message-id:reply-to; bh=7anNleQ2d/41jGGTV7hxFYdYnjokQ3lrUoPhCwnjAEc=; b=VntWiB/am8zLXbz2owvugRLYkNtfTG1GV6ipyWQGeVXbd62hnbmgb+dqrsQ6NcYlOc wn1PocUtK7NQKYFgdr5r4vKIEeXtax+jHoiEcVwXgsquAeMq3j2QNdbBACa6GEtmzdW6 14EHqFnSnazxDXX33waNznE3sS0XXo6bBnE3hRhD78xkybYQkGppB3O9fn0JOrzm7w+o Vk4nBUmfMBVptwHnZ1sINJM0boCdnaUBrvq+76aDXux+9+3qWlv9PkHrbf3aQynGLZe7 AeGhESp8zBOYDox3xmILp5G5DcV5I99dthcivrvxUQUKy3/BYryYSF0yPqFJeF3UwRYa CpEA== X-Gm-Message-State: AOJu0YyuuerLTjFF00HI33rpjKq57LUTBxunWSndSnbtv0qHeEW/huQj fkIOTZqT1h/UCU65GSuy7b/L8BLjmn87h0u5uGeGwwhBvUdDtoxaa97lH6Hc/9xHdYcUUGQYmYI VY5EPm+f+5XzmXiMTVYjALbgPynHsPbPZn8b9LraTXIMN X-Gm-Gg: ASbGncsx9u4NA0Q64jTbMPdzmKkrBliJ8G7djSBiLjsLc9N2Jn11sEMrEEhrOjvtGIT xoIpH6H0QNJ/L83WOlOOlCfozTgqp7668hwTLV6gESY5dHj1xSCBOfb2siQWCxxUEhTJ6MFT9Hx 14DHDDpCIfliGg7YDDGgvVH4eZM2VrOmcA8f95Mz9Xn98rNEMqLFQPrKI3T5+umBaM7jlZcuwfM aH8tWkyWYj5reciTGd04d5ebUrUOe7FMFQKlOwn33ehnhLMPzUXmqgH4Bf9dDa7U37AP5xfD5Vl QnN/pP2I/yiyvsRRun70Do/Wq0SsN2stK7NVuV5gg/tjjolKZe6e+Ihrqv+2s2zX1VoR1w8n4YB eVcIspPdAKw0g7Kla/uZI53xUYzEP8SA= X-Google-Smtp-Source: AGHT+IGO35N9WgavTNflEOoewJtERlVR9ffs+hhcbbLFXQs5cyfcRNCBXTVcexOEjc3iY0E579xQNjLOZ2qX X-Received: by 2002:a53:b7ce:0:b0:63e:8e4:45a6 with SMTP id 956f58d0204a3-63e161c6bc6mr18589588d50.35.1761455903468; Sat, 25 Oct 2025 22:18:23 -0700 (PDT) Received: from postal.iol.unh.edu (postal.iol.unh.edu. [132.177.123.84]) by smtp-relay.gmail.com with ESMTPS id 00721157ae682-785ed1f4210sm2616407b3.29.2025.10.25.22.18.23 (version=TLS1_2 cipher=ECDHE-ECDSA-AES128-GCM-SHA256 bits=128/128); Sat, 25 Oct 2025 22:18:23 -0700 (PDT) X-Relaying-Domain: iol.unh.edu Date: Sat, 25 Oct 2025 22:18:23 -0700 (PDT) Message-ID: <68fdaf1f.050a0220.22482a.c298SMTPIN_ADDED_MISSING@mx.google.com> Received: from [172.21.0.2] (unknown [172.18.0.240]) by postal.iol.unh.edu (Postfix) with ESMTP id 19CB96051830; Sun, 26 Oct 2025 01:18:23 -0400 (EDT) Subject: |WARNING| pw158111-158112 [PATCH] [2/2] ethdev: support hide zero wh From: dpdklab@iol.unh.edu To: Test Report Cc: dpdk-test-reports@iol.unh.edu, Stephen Hemminger In-Reply-To: <20251025094239.4915-3-fengchengwen@huawei.com> References: <20251025094239.4915-3-fengchengwen@huawei.com> Content-Type: text/plain X-BeenThere: test-report@dpdk.org X-Mailman-Version: 2.1.29 Precedence: list List-Id: automatic DPDK test reports List-Unsubscribe: , List-Archive: List-Post: List-Help: List-Subscribe: , Errors-To: test-report-bounces@dpdk.org Test-Label: iol-unit-arm64-testing Test-Status: WARNING http://dpdk.org/patch/158112 _Testing issues_ Submitter: Chengwen Feng Date: Saturday, October 25 2025 09:42:39 DPDK git baseline: Repo:dpdk-next-net Branch: master CommitID:9021d763e846b75743f0a596e4b2995713e6cd4c 158111-158112 --> testing issues Upstream job id: Generic-Unit-Test-DPDK#385396 Test environment and result as below: +------------------------------+----------------+--------------+---------------------------+------------------------------+ | Environment | dpdk_unit_test | lpm_autotest | cryptodev_sw_zuc_autotest | cryptodev_sw_snow3g_autotest | +==============================+================+==============+===========================+==============================+ | Fedora Linux 40 | PASS | SKIPPED | SKIPPED | SKIPPED | +------------------------------+----------------+--------------+---------------------------+------------------------------+ | CentOS Stream 9 | PASS | SKIPPED | SKIPPED | SKIPPED | +------------------------------+----------------+--------------+---------------------------+------------------------------+ | Fedora Linux 41 | WARN | SKIPPED | SKIPPED | SKIPPED | +------------------------------+----------------+--------------+---------------------------+------------------------------+ | Fedora Linux 42 | WARN | SKIPPED | SKIPPED | SKIPPED | +------------------------------+----------------+--------------+---------------------------+------------------------------+ | CentOS Stream 10 | PASS | SKIPPED | SKIPPED | SKIPPED | +------------------------------+----------------+--------------+---------------------------+------------------------------+ | Ubuntu 22.04 | PASS | SKIPPED | SKIPPED | SKIPPED | +------------------------------+----------------+--------------+---------------------------+------------------------------+ | Debian GNU/Linux 12 | PASS | SKIPPED | SKIPPED | SKIPPED | +------------------------------+----------------+--------------+---------------------------+------------------------------+ | Red Hat Enterprise Linux 9.5 | PASS | SKIPPED | SKIPPED | SKIPPED | +------------------------------+----------------+--------------+---------------------------+------------------------------+ | Ubuntu 20.04 | PASS | PASS | SKIPPED | SKIPPED | +------------------------------+----------------+--------------+---------------------------+------------------------------+ | Ubuntu 24.04 | PASS | SKIPPED | SKIPPED | SKIPPED | +------------------------------+----------------+--------------+---------------------------+------------------------------+ | Debian 12 (arm) | SKIPPED | SKIPPED | PASS | PASS | +------------------------------+----------------+--------------+---------------------------+------------------------------+ ==== 20 line log output for Fedora Linux 42 (dpdk_unit_test): ==== [1327/3817] Compiling C object drivers/libtmp_rte_net_cpfl.a.p/net_intel_cpfl_cpfl_flow_parser.c.o [1328/3817] Compiling C object drivers/libtmp_rte_net_ionic.a.p/net_ionic_ionic_main.c.o [1329/3817] Compiling C object drivers/libtmp_rte_net_ionic.a.p/net_ionic_ionic_rx_filter.c.o [1330/3817] Compiling C object drivers/libtmp_rte_net_ionic.a.p/net_ionic_ionic_lif.c.o [1331/3817] Compiling C object drivers/libtmp_rte_net_ionic.a.p/net_ionic_ionic_rxtx.c.o [1332/3817] Compiling C object drivers/libtmp_rte_net_ionic.a.p/net_ionic_ionic_rxtx_simple.c.o [1333/3817] Compiling C object drivers/libtmp_rte_net_ionic.a.p/net_ionic_ionic_rxtx_sg.c.o [1334/3817] Compiling C object drivers/libtmp_rte_net_macb.a.p/net_macb_macb_ethdev.c.o [1335/3817] Compiling C object drivers/libtmp_rte_net_mana.a.p/net_mana_gdma.c.o [1336/3817] Compiling C object drivers/libtmp_rte_net_macb.a.p/net_macb_macb_rxtx_vec_neon.c.o FAILED: [code=1] drivers/libtmp_rte_net_macb.a.p/net_macb_macb_rxtx_vec_neon.c.o clang -Idrivers/libtmp_rte_net_macb.a.p -Idrivers -I../drivers -Idrivers/net/macb -I../drivers/net/macb -Idrivers/net/macb/base -I../drivers/net/macb/base -Ilib/ethdev -I../lib/ethdev -Ilib/eal/common -I../lib/eal/common -I. -I.. -Iconfig -I../config -Ilib/eal/include -I../lib/eal/include -Ilib/eal/linux/include -I../lib/eal/linux/include -Ilib/eal/arm/include -I../lib/eal/arm/include -I../kernel/linux -Ilib/eal -I../lib/eal -Ilib/kvargs -I../lib/kvargs -Ilib/log -I../lib/log -Ilib/metrics -I../lib/metrics -Ilib/telemetry -I../lib/telemetry -Ilib/argparse -I../lib/argparse -Ilib/net -I../lib/net -Ilib/mbuf -I../lib/mbuf -Ilib/mempool -I../lib/mempool -Ilib/ring -I../lib/ring -Ilib/meter -I../lib/meter -Idrivers/bus/pci -I../drivers/bus/pci -I../drivers/bus/pci/linux -Ilib/pci -I../lib/pci -Idrivers/bus/vdev -I../drivers/bus/vdev -Xclang -fcolor-diagnostics -pipe -D_FILE_OFFSET_BITS=64 -Wall -Winvalid-pch -Wextra -Werror -std=c11 -O3 -include rte_config.h -Wvla -Wcast-qual -Wcomma -Wd eprecated -Wformat -Wformat-nonliteral -Wformat-security -Wmissing-declarations -Wmissing-prototypes -Wnested-externs -Wold-style-definition -Wpointer-arith -Wsign-compare -Wstrict-prototypes -Wundef -Wwrite-strings -Wno-missing-field-initializers -D_GNU_SOURCE -fPIC -march=armv8.1-a+crc+crypto -DALLOW_EXPERIMENTAL_API -DALLOW_INTERNAL_API -Wno-format-truncation -Wno-address-of-packed-member -Wno-comma -DRTE_LOG_DEFAULT_LOGTYPE=pmd.net.macb -DRTE_ANNOTATE_LOCKS -Wthread-safety -MD -MQ drivers/libtmp_rte_net_macb.a.p/net_macb_macb_rxtx_vec_neon.c.o -MF drivers/libtmp_rte_net_macb.a.p/net_macb_macb_rxtx_vec_neon.c.o.d -o drivers/libtmp_rte_net_macb.a.p/net_macb_macb_rxtx_vec_neon.c.o -c ../drivers/net/macb/macb_rxtx_vec_neon.c ../drivers/net/macb/macb_rxtx_vec_neon.c:59:30: error: cast from 'volatile unsigned long (*)[1]' to 'unsigned long *' drops volatile qualifier [-Werror,-Wcast-qual] 59 | vset_lane_u64(*(uint64_t *)(&mbuf.rearm_data), mbuf_initializer, 0); | ^ 1 error generated. [1337/3817] Compiling C object drivers/libtmp_rte_net_mana.a.p/net_mana_mp.c.o [1338/3817] Compiling C object drivers/libtmp_rte_net_macb.a.p/net_macb_macb_rxtx.c.o [1339/3817] Compiling C object drivers/libtmp_rte_net_mana.a.p/net_mana_mana.c.o ninja: build stopped: subcommand failed. ==== End log output ==== Fedora Linux 40 Kernel: 5.4 Compiler: clang gcc (GCC) 14.2.1 20240912 (Red Hat 14.2.1-3) CentOS Stream 9 Kernel: 5.4 Compiler: gcc gcc (GCC) 11.5.0 20240719 (Red Hat 11.5.0-11) Fedora Linux 41 Kernel: 5.4 Compiler: gcc gcc (GCC) 14.3.1 20250523 (Red Hat 14.3.1-1) Fedora Linux 42 Kernel: 5.4 Compiler: gcc gcc (GCC) 15.2.1 20250808 (Red Hat 15.2.1-1) CentOS Stream 10 Kernel: 5.4 Compiler: gcc gcc (GCC) 14.2.1 20250110 (Red Hat 14.2.1-8) Ubuntu 22.04 Kernel: 5.15 Compiler: gcc gcc (Ubuntu 11.4.0-1ubuntu1~22.04.2) 11.4.0 Debian GNU/Linux 12 Kernel: 5.4 Compiler: gcc gcc (Debian 12.2.0-14+deb12u1) 12.2.0 Red Hat Enterprise Linux 9.5 Kernel: 5.4 Compiler: gcc gcc (GCC) 11.5.0 20240719 (Red Hat 11.5.0-2) Ubuntu 20.04 Kernel: 5.4 Compiler: gcc gcc (Ubuntu 9.4.0-1ubuntu1~20.04.2) 9.4.0 Ubuntu 24.04 Kernel: 5.4 Compiler: gcc gcc (Ubuntu 13.3.0-6ubuntu2~24.04) 13.3.0 Debian 12 (arm) Kernel: Depends on container host Compiler: gcc (Debian 12.2.0-14) 12.2.0 To view detailed results, visit: https://lab.dpdk.org/results/dashboard/patchsets/34386/ UNH-IOL DPDK Community Lab To manage your email subscriptions, visit: https://lab.dpdk.org/results/dashboard/preferences/subscriptions/