From mboxrd@z Thu Jan 1 00:00:00 1970 Return-Path: Received: from mails.dpdk.org (mails.dpdk.org [217.70.189.124]) by inbox.dpdk.org (Postfix) with ESMTP id 3BB7E489DA for ; Sun, 26 Oct 2025 06:38:17 +0100 (CET) Received: from mails.dpdk.org (localhost [127.0.0.1]) by mails.dpdk.org (Postfix) with ESMTP id 0E1DF4003C; Sun, 26 Oct 2025 06:38:17 +0100 (CET) Received: from mail-io1-f98.google.com (mail-io1-f98.google.com [209.85.166.98]) by mails.dpdk.org (Postfix) with ESMTP id 688214003C for ; Sun, 26 Oct 2025 06:38:16 +0100 (CET) Received: by mail-io1-f98.google.com with SMTP id ca18e2360f4ac-940d25b807bso141721339f.1 for ; Sat, 25 Oct 2025 22:38:16 -0700 (PDT) DKIM-Signature: v=1; a=rsa-sha256; c=relaxed/relaxed; d=iol.unh.edu; s=unh-iol; t=1761457096; x=1762061896; darn=dpdk.org; h=cc:to:from:subject:message-id:date:from:to:cc:subject:date :message-id:reply-to; bh=EzbnChIhlZp4TyLsCu8wEHoZYaTcxeuoy2fd1yC1sG8=; b=f/qbxzB4CLl4kg2BGzY3fDfcfc4516d34QDG+qjz0/ut/B+HPbims3/WkLRlS8Dir+ mV+jipFV8LznaurXsmZBifwznUMau+TO1lvqAeO+53fcIxDqM8uGsHk6yiVY0JwOiLGT VsZq2whA6/27kbQOEbZZnVUPODDQEr/FkwFLc= X-Google-DKIM-Signature: v=1; a=rsa-sha256; c=relaxed/relaxed; d=1e100.net; s=20230601; t=1761457096; x=1762061896; h=cc:to:from:subject:message-id:date:x-gm-message-state:from:to:cc :subject:date:message-id:reply-to; bh=EzbnChIhlZp4TyLsCu8wEHoZYaTcxeuoy2fd1yC1sG8=; b=hAKAKUlDN45ZhJ/a5kGUjYEdNoRfNC7Tx+/yYYJQqy8Rsv75SdRBoOL767LpRXUqs8 Jg32688N1c2PKQN1dro7jWcYGftJTHOxvJTDB4xUgfX9jhFOcGC9EoilMCDZMoLREzyP elBw/xYxGjEDfc6I3z5/BBJyiI5jtHgmpHV6wsKJc/sIfuNZjkWmvXf34dfHbDIOWELW figVAurSynYBtJlPspGnDX1DZRuYdQ8NEubzeMXoBkFnC7Cs3CXH2404LHcpOabyqdXW iS2F1zxjM+URrW+9CYAkMG+yP3pDIvCs8i9KFM0uhAm3+EWQu8uleSc/od29TOViMe2q XDgQ== X-Gm-Message-State: AOJu0YxsG9WUJzzDptg4FWUzsFHyb2Y4ODaVsw9RnmlnORoQmO2sBCYi XiQO+4xaQAi+F4Stb6mytL8d5pv1L7nH0dhZYK+3pBbmwrPBBpfXxIMy2p1GIkSb+zNpIdLUXQo iRyKuWcOTqtW2HSpu23y2lO1XZzrUv1NFQtBp X-Gm-Gg: ASbGncuedpY4qC9AX04Py6M80X7uzL3CbQAxJR8CEQ3rEOega+20K+wl1qA2JhNgI/j pKtEnbEySohN7tiETrCR1aM2qhgw6aFaZoI/teAyVgf3+M90ljkyL41Uv7z+pQfoet/Q9h/DMQB Yz65mpLGWw16GHbxsbEuyAVUrM8SqVtKpMBdTQDO7mSCAz+yirryhNidwPakoyjY+Cm2Awc9wfh X2xQo8PT2ZIM+pW1Jhms6f+ik3lT9n8xkSgqH+9OqOEnuToiqqOB/TifzCGpLPTBFXIcDDjfNwS d+xzCeffiSfkX+GOm2F7L4l/KOCIxtAFRwLq9soayL9LWkJPUi0N39mHPlps2jpduz6Lq/s+Dmt axWUsMavBbNgt0WmN02ocdSvuDYDV8oo= X-Google-Smtp-Source: AGHT+IGF9jycouI3ShGOHqXObAMtKrizsnPWAEgTJwLwBznWhCaOEjLTBhopdW1VTQbXZcLmJECNCYIlC++2 X-Received: by 2002:a05:6602:2c8b:b0:93e:7f36:a90f with SMTP id ca18e2360f4ac-93e7f36aa6amr5027190439f.3.1761457095719; Sat, 25 Oct 2025 22:38:15 -0700 (PDT) Received: from postal.iol.unh.edu (postal.iol.unh.edu. [132.177.123.84]) by smtp-relay.gmail.com with ESMTPS id ca18e2360f4ac-94359f2992esm21736339f.9.2025.10.25.22.38.15 (version=TLS1_2 cipher=ECDHE-ECDSA-AES128-GCM-SHA256 bits=128/128); Sat, 25 Oct 2025 22:38:15 -0700 (PDT) X-Relaying-Domain: iol.unh.edu Date: Sat, 25 Oct 2025 22:38:15 -0700 (PDT) Message-ID: <68fdb3c7.050a0220.41b10.a1aaSMTPIN_ADDED_MISSING@mx.google.com> Received: from [172.21.0.3] (unknown [172.18.0.240]) by postal.iol.unh.edu (Postfix) with ESMTP id 4849E6050A61; Sun, 26 Oct 2025 01:38:15 -0400 (EDT) Subject: |FAILURE| [GIT MASTER] 62f583c49bf67dd4d6733ece14e55fe6839e66d1 From: dpdklab@iol.unh.edu To: Test Report Cc: dpdk-test-reports@iol.unh.edu, Xueming Li , Christian Ehrhardt , Kevin Traynor , Luca Boccassi Content-Type: text/plain X-BeenThere: test-report@dpdk.org X-Mailman-Version: 2.1.29 Precedence: list List-Id: automatic DPDK test reports List-Unsubscribe: , List-Archive: List-Post: List-Help: List-Subscribe: , Errors-To: test-report-bounces@dpdk.org _Testing issues_ Branch: tags/v23.11 62f583c49bf67dd4d6733ece14e55fe6839e66d1 --> testing issues Upstream job id: Generic-Unit-Test-DPDK#385477 Test environment and result as below: +-------------------------------+----------------+ | Environment | dpdk_unit_test | +===============================+================+ | Fedora Linux 41 | PASS | +-------------------------------+----------------+ | Debian GNU/Linux 12 | PASS | +-------------------------------+----------------+ | Fedora Linux 40 | PASS | +-------------------------------+----------------+ | CentOS Stream 10 | PASS | +-------------------------------+----------------+ | CentOS Stream 9 | PASS | +-------------------------------+----------------+ | Red Hat Enterprise Linux 9.5 | PASS | +-------------------------------+----------------+ | Fedora Linux 42 | PASS | +-------------------------------+----------------+ | Red Hat Enterprise Linux 8.10 | PASS | +-------------------------------+----------------+ | Ubuntu 24.04 | PASS | +-------------------------------+----------------+ | Ubuntu 20.04 | PASS | +-------------------------------+----------------+ | Ubuntu 22.04 | PASS | +-------------------------------+----------------+ | Windows Server 2022 | FAIL | +-------------------------------+----------------+ ==== Unit test summary for Windows Server 2022 (dpdk_unit_test): ==== Failed to get the unit test results. Displaying the unit test results is not supported for some environments, such as our aarch32 testing, where meson is not used to run the tests. Download the logs available on our CI site. ==== End log output ==== Fedora Linux 41 Kernel: 5.15 Compiler: gcc gcc (GCC) 14.3.1 20250523 (Red Hat 14.3.1-1) Debian GNU/Linux 12 Kernel: 5.15 Compiler: gcc gcc (Debian 12.2.0-14+deb12u1) 12.2.0 Fedora Linux 40 Kernel: 5.15 Compiler: gcc gcc (GCC) 14.2.1 20240912 (Red Hat 14.2.1-3) CentOS Stream 10 Kernel: 5.15 Compiler: gcc gcc (GCC) 14.2.1 20250110 (Red Hat 14.2.1-8) CentOS Stream 9 Kernel: 5.15 Compiler: gcc gcc (GCC) 11.5.0 20240719 (Red Hat 11.5.0-11) Red Hat Enterprise Linux 9.5 Kernel: 5.15 Compiler: gcc gcc (GCC) 11.5.0 20240719 (Red Hat 11.5.0-2) Fedora Linux 42 Kernel: 5.15 Compiler: gcc gcc (GCC) 15.2.1 20250808 (Red Hat 15.2.1-1) Red Hat Enterprise Linux 8.10 Kernel: 5.15 Compiler: gcc gcc (GCC) 8.5.0 20210514 (Red Hat 8.5.0-22) Ubuntu 24.04 Kernel: 5.15 Compiler: gcc gcc (Ubuntu 13.3.0-6ubuntu2~24.04) 13.3.0 Ubuntu 20.04 Kernel: 5.15 Compiler: gcc gcc (Ubuntu 9.4.0-1ubuntu1~20.04.2) 9.4.0 Ubuntu 22.04 Kernel: 5.15 Compiler: gcc gcc (Ubuntu 11.4.0-1ubuntu1~22.04) 11.4.0 Windows Server 2022 Kernel: 10.0.20348.2031 Compiler: clang 15.0.7, gcc 14.1.0 (MinGW), and MSVC VS 19.39.33521 To view detailed results, visit: https://lab.dpdk.org/results/dashboard/tarballs/35348/ UNH-IOL DPDK Community Lab To manage your email subscriptions, visit: https://lab.dpdk.org/results/dashboard/preferences/subscriptions/