From mboxrd@z Thu Jan 1 00:00:00 1970 Return-Path: Received: from mails.dpdk.org (mails.dpdk.org [217.70.189.124]) by inbox.dpdk.org (Postfix) with ESMTP id BC2B6489DD for ; Sun, 26 Oct 2025 08:05:16 +0100 (CET) Received: from mails.dpdk.org (localhost [127.0.0.1]) by mails.dpdk.org (Postfix) with ESMTP id 431664003C; Sun, 26 Oct 2025 08:05:15 +0100 (CET) Received: from mail-yx1-f98.google.com (mail-yx1-f98.google.com [74.125.224.98]) by mails.dpdk.org (Postfix) with ESMTP id E03A84003C for ; Sun, 26 Oct 2025 08:05:13 +0100 (CET) Received: by mail-yx1-f98.google.com with SMTP id 956f58d0204a3-63e1a326253so3849162d50.2 for ; Sun, 26 Oct 2025 00:05:13 -0700 (PDT) DKIM-Signature: v=1; a=rsa-sha256; c=relaxed/relaxed; d=iol.unh.edu; s=unh-iol; t=1761462313; x=1762067113; darn=dpdk.org; h=cc:to:from:subject:message-id:date:from:to:cc:subject:date :message-id:reply-to; bh=BGig5Kpv2eaqPjfEpK/j2YkggeK7dF2TVLWPQ2xqkus=; b=giVQ5h/R8Yyy07K/COsJkvBEl88oUkngQ0gKKgVJWMgrKp9m9cZ1M2TPF/27/8fzsq cInJp6UDJ9PuzNKG3iXeoNbClXstgQPHGHuTTmoe26ggcJ3x3BJPUrOoBuJbFBw9gU1O dut9IVh9B/DAuhwXoXMeyOjfAO4vS7AIDUOmo= X-Google-DKIM-Signature: v=1; a=rsa-sha256; c=relaxed/relaxed; d=1e100.net; s=20230601; t=1761462313; x=1762067113; h=cc:to:from:subject:message-id:date:x-gm-message-state:from:to:cc :subject:date:message-id:reply-to; bh=BGig5Kpv2eaqPjfEpK/j2YkggeK7dF2TVLWPQ2xqkus=; b=W7AHbTpTpZutATDkIdHb07iugqa067tfzOH0Bld5PZsC1GcPsS0OoJegvLeWeRhFM9 f204nvmQ2MJ5vjmaSmvr7ji5q02izTZFHbzIn9Q4w5AaHg/mF0w6iVrKWQ2lHeck+88j yjTR9LGyabEt9VAUbiMn01I+2scj7llljBfZnzjpYkV+XfExXYvBanyB7zn3ZMnRDzbR d9OvJkrqWiWFcBJOqO1y47aO3ByMwAsKVhIS5I1z6AAP9CGbD2Fix09OqQ/6SHyWUyRb zlwUuN10qrmAdNUX5nq3UHeuCi47bYGX4vz+R7SJ5poWNagJMxr3DVVEuSgO12nKhazk +u8g== X-Gm-Message-State: AOJu0YyB3kSX6PixS2LWCXxPwkLrbwjmxyKGXylzupoKYkoC2ZdSFX+S X705CFr/74NSVgw68LVxEzGPs/ijXZKScbWQdlUojDlycMFJ0msQcL11ev+MZoCaaU6mwYTZe9w qLzNCP9k6ZXYB992aqjmdLtugOq2SpMnHdVfktKJ67QjZrfe2xBXG X-Gm-Gg: ASbGncu02aMOThvorEvcVewjOmQAIfS1e+ClVvOai0eBc7Wdi+OaKty7NpNcK9GzpFV jN7ha09gcA2dGZ4nZXDro2n6L1fFqO4GxCdGe1sBN51UXmFQwy+Ug/2tY7NquXwW6WbLjzOyiCf OAFseJRMXywh7UoCd0+F5wwmnncgBy9vRZmpjOgFJVuD3amx6ueCYXl6t1/uC48+8eZ3tn3LZBI tEaaL2+kJKePyqNiJ1a02BfKQKibfb4Ku/L0kla6a62g/b/d91WW75yme4KM4gFbHASL0Nxi+xF aPxgVemPkVUmf1xgOmmqjN0st4BmjOjbWHARYRxkrhp1Em9FLl0/1uFaxjdHzYFHpy+TJ7raE2U oEpeumXEQ X-Google-Smtp-Source: AGHT+IEjLEsf8Uk58AkpqXuwHG58qOX5QdaowTMPgxCRlFRNtDOxnGXMQxz6RNI8CG1BK9osICg7aW5Ivwhs X-Received: by 2002:a05:690e:1401:b0:63e:2001:96e0 with SMTP id 956f58d0204a3-63e20019897mr24385191d50.32.1761462313082; Sun, 26 Oct 2025 00:05:13 -0700 (PDT) Received: from postal.iol.unh.edu (postal.iol.unh.edu. [2606:4100:3880:1234::84]) by smtp-relay.gmail.com with ESMTPS id 00721157ae682-785ed144469sm2859977b3.2.2025.10.26.00.05.13 (version=TLS1_2 cipher=ECDHE-ECDSA-AES128-GCM-SHA256 bits=128/128); Sun, 26 Oct 2025 00:05:13 -0700 (PDT) X-Relaying-Domain: iol.unh.edu Date: Sun, 26 Oct 2025 00:05:13 -0700 (PDT) Message-ID: <68fdc829.050a0220.2bd888.de9aSMTPIN_ADDED_MISSING@mx.google.com> Received: from [172.21.0.2] (unknown [172.18.0.240]) by postal.iol.unh.edu (Postfix) with ESMTP id B82AA6051830; Sun, 26 Oct 2025 03:05:12 -0400 (EDT) Subject: |FAILURE| [GIT MASTER] 62f583c49bf67dd4d6733ece14e55fe6839e66d1 From: dpdklab@iol.unh.edu To: Test Report Cc: dpdk-test-reports@iol.unh.edu, Xueming Li , Christian Ehrhardt , Kevin Traynor , Luca Boccassi Content-Type: text/plain X-BeenThere: test-report@dpdk.org X-Mailman-Version: 2.1.29 Precedence: list List-Id: automatic DPDK test reports List-Unsubscribe: , List-Archive: List-Post: List-Help: List-Subscribe: , Errors-To: test-report-bounces@dpdk.org _Testing issues_ Branch: tags/v23.11 62f583c49bf67dd4d6733ece14e55fe6839e66d1 --> testing issues Upstream job id: Generic-DPDK-Compile-Meson#437950 Test environment and result as below: +-------------------------------+-------------------+--------------------+-------------------------+----------------------+-------------------+------------------+ | Environment | dpdk_msvc_compile | dpdk_meson_compile | dpdk_llvm_clang_compile | dpdk_mingw64_compile | dpdk_compile_spdk | dpdk_compile_ovs | +===============================+===================+====================+=========================+======================+===================+==================+ | Windows Server 2022 | PASS | SKIPPED | FAIL | PASS | SKIPPED | SKIPPED | +-------------------------------+-------------------+--------------------+-------------------------+----------------------+-------------------+------------------+ | FreeBSD 14.2 | SKIPPED | PASS | SKIPPED | SKIPPED | SKIPPED | SKIPPED | +-------------------------------+-------------------+--------------------+-------------------------+----------------------+-------------------+------------------+ | Ubuntu 20.04 | SKIPPED | PASS | SKIPPED | SKIPPED | SKIPPED | SKIPPED | +-------------------------------+-------------------+--------------------+-------------------------+----------------------+-------------------+------------------+ | CentOS Stream 9 | SKIPPED | PASS | SKIPPED | SKIPPED | PASS | SKIPPED | +-------------------------------+-------------------+--------------------+-------------------------+----------------------+-------------------+------------------+ | CentOS Stream 10 | SKIPPED | PASS | SKIPPED | SKIPPED | SKIPPED | SKIPPED | +-------------------------------+-------------------+--------------------+-------------------------+----------------------+-------------------+------------------+ | Debian GNU/Linux 12 | SKIPPED | PASS | SKIPPED | SKIPPED | PASS | SKIPPED | +-------------------------------+-------------------+--------------------+-------------------------+----------------------+-------------------+------------------+ | Fedora Linux 42 | SKIPPED | FAIL | SKIPPED | SKIPPED | WARN | WARN | +-------------------------------+-------------------+--------------------+-------------------------+----------------------+-------------------+------------------+ | openSUSE Leap 15.6 | SKIPPED | PASS | SKIPPED | SKIPPED | SKIPPED | SKIPPED | +-------------------------------+-------------------+--------------------+-------------------------+----------------------+-------------------+------------------+ | Red Hat Enterprise Linux 8.10 | SKIPPED | PASS | SKIPPED | SKIPPED | SKIPPED | SKIPPED | +-------------------------------+-------------------+--------------------+-------------------------+----------------------+-------------------+------------------+ | Red Hat Enterprise Linux 9.5 | SKIPPED | PASS | SKIPPED | SKIPPED | SKIPPED | SKIPPED | +-------------------------------+-------------------+--------------------+-------------------------+----------------------+-------------------+------------------+ | Ubuntu 22.04 | SKIPPED | PASS | SKIPPED | SKIPPED | PASS | SKIPPED | +-------------------------------+-------------------+--------------------+-------------------------+----------------------+-------------------+------------------+ | Ubuntu 24.04 | SKIPPED | PASS | SKIPPED | SKIPPED | PASS | PASS | +-------------------------------+-------------------+--------------------+-------------------------+----------------------+-------------------+------------------+ | Alpine Linux 3.22.0 | SKIPPED | PASS | SKIPPED | SKIPPED | SKIPPED | SKIPPED | +-------------------------------+-------------------+--------------------+-------------------------+----------------------+-------------------+------------------+ ==== 20 line log output for Fedora Linux 42 (dpdk_compile_ovs): ==== --- Failed to get log output --- ==== End log output ==== Windows Server 2022 Kernel: 10.0.20348.2031 Compiler: clang 15.0.7, gcc 14.1.0 (MinGW), and MSVC VS 19.39.33521 FreeBSD 14.2 Kernel: 14.2-RELEASE Compiler: clang 18.1.6 Ubuntu 20.04 Kernel: 4.19 Compiler: gcc gcc (Ubuntu 9.4.0-1ubuntu1~20.04.2) 9.4.0 CentOS Stream 9 Kernel: 5.15 Compiler: gcc gcc (GCC) 11.5.0 20240719 (Red Hat 11.5.0-11) CentOS Stream 10 Kernel: 5.15 Compiler: gcc gcc (GCC) 14.2.1 20250110 (Red Hat 14.2.1-8) Debian GNU/Linux 12 Kernel: 5.15 Compiler: gcc gcc (Debian 12.2.0-14+deb12u1) 12.2.0 Fedora Linux 42 Kernel: 5.15 Compiler: clang gcc (GCC) 15.2.1 20250808 (Red Hat 15.2.1-1) openSUSE Leap 15.6 Kernel: 5.15 Compiler: gcc gcc (SUSE Linux) 7.5.0 Red Hat Enterprise Linux 8.10 Kernel: 5.15 Compiler: gcc gcc (GCC) 8.5.0 20210514 (Red Hat 8.5.0-22) Red Hat Enterprise Linux 9.5 Kernel: 5.15 Compiler: gcc gcc (GCC) 11.5.0 20240719 (Red Hat 11.5.0-2) Ubuntu 22.04 Kernel: 5.15 Compiler: gcc gcc (Ubuntu 11.4.0-1ubuntu1~22.04) 11.4.0 Ubuntu 24.04 Kernel: 5.15 Compiler: gcc gcc (Ubuntu 13.3.0-6ubuntu2~24.04) 13.3.0 Alpine Linux 3.22.0 Kernel: 5.15 Compiler: gcc gcc (Alpine 14.2.0) 14.2.0 To view detailed results, visit: https://lab.dpdk.org/results/dashboard/tarballs/35348/ UNH-IOL DPDK Community Lab To manage your email subscriptions, visit: https://lab.dpdk.org/results/dashboard/preferences/subscriptions/