* |SUCCESS| pw158111-158112 [PATCH 2/2] ethdev: support hide zero when telemetry regs
[not found] <20251025094239.4915-3-fengchengwen@huawei.com>
@ 2025-10-25 9:09 ` qemudev
2025-10-25 9:14 ` qemudev
` (27 subsequent siblings)
28 siblings, 0 replies; 29+ messages in thread
From: qemudev @ 2025-10-25 9:09 UTC (permalink / raw)
To: test-report
Test-Label: loongarch-compilation
Test-Status: SUCCESS
http://dpdk.org/patch/158112
_Compilation OK_
Submitter: Chengwen Feng <fengchengwen@huawei.com>
Date: Sat, 25 Oct 2025 17:42:38 +0800
DPDK git baseline: Repo:dpdk-next-net
Branch: main
CommitID: 9021d763e846b75743f0a596e4b2995713e6cd4c
158111-158112 --> meson & ninja build successfully
Test environment and result as below:
+---------------------+----------------+
| Environment | compilation |
+---------------------+----------------+
| Loongnix-Server 8.3 | PASS |
+---------------------+----------------+
Loongnix-Server 8.3
Kernel: 4.19.190+
Compiler: gcc 8.3
^ permalink raw reply [flat|nested] 29+ messages in thread
* |SUCCESS| pw158111-158112 [PATCH 2/2] ethdev: support hide zero when telemetry regs
[not found] <20251025094239.4915-3-fengchengwen@huawei.com>
2025-10-25 9:09 ` |SUCCESS| pw158111-158112 [PATCH 2/2] ethdev: support hide zero when telemetry regs qemudev
@ 2025-10-25 9:14 ` qemudev
2025-10-25 9:43 ` |SUCCESS| pw158112 " checkpatch
` (26 subsequent siblings)
28 siblings, 0 replies; 29+ messages in thread
From: qemudev @ 2025-10-25 9:14 UTC (permalink / raw)
To: test-report
Test-Label: loongarch-unit-testing
Test-Status: SUCCESS
http://dpdk.org/patch/158112
_Unit Testing PASS_
Submitter: Chengwen Feng <fengchengwen@huawei.com>
Date: Sat, 25 Oct 2025 17:42:38 +0800
DPDK git baseline: Repo:dpdk-next-net
Branch: main
CommitID: 9021d763e846b75743f0a596e4b2995713e6cd4c
158111-158112 --> testing pass
Test environment and result as below:
+---------------------+----------------+
| Environment | dpdk_unit_test |
+---------------------+----------------+
| Loongnix-Server 8.3 | PASS |
+---------------------+----------------+
Loongnix-Server 8.3
Kernel: 4.19.190+
Compiler: gcc 8.3
Test result details:
1/120 DPDK:fast-tests / acl_autotest OK 3.38s
2/120 DPDK:fast-tests / alarm_autotest OK 1.61s
3/120 DPDK:fast-tests / argparse_autotest OK 0.65s
4/120 DPDK:fast-tests / atomic_autotest OK 7.28s
5/120 DPDK:fast-tests / bitcount_autotest OK 0.31s
6/120 DPDK:fast-tests / bitmap_autotest OK 0.31s
7/120 DPDK:fast-tests / bitops_autotest OK 1.81s
8/120 DPDK:fast-tests / bitratestats_autotest OK 0.31s
9/120 DPDK:fast-tests / bitset_autotest OK 3.07s
10/120 DPDK:fast-tests / bpf_autotest OK 0.31s
11/120 DPDK:fast-tests / bpf_convert_autotest OK 0.31s
12/120 DPDK:fast-tests / byteorder_autotest OK 0.30s
13/120 DPDK:fast-tests / cfgfile_autotest OK 0.31s
14/120 DPDK:fast-tests / cksum_autotest OK 0.31s
15/120 DPDK:fast-tests / cmdline_autotest OK 0.31s
16/120 DPDK:fast-tests / common_autotest OK 1.19s
17/120 DPDK:fast-tests / compressdev_autotest SKIP 0.06s exit status 77
18/120 DPDK:fast-tests / cpuflags_autotest OK 0.31s
19/120 DPDK:fast-tests / crc_autotest OK 0.31s
20/120 DPDK:fast-tests / user_delay_us OK 0.30s
21/120 DPDK:fast-tests / debug_autotest OK 26.38s
22/120 DPDK:fast-tests / devargs_autotest OK 0.31s
23/120 DPDK:fast-tests / dispatcher_autotest OK 2.51s
24/120 DPDK:fast-tests / distributor_autotest OK 1.20s
25/120 DPDK:fast-tests / eal_flags_c_opt_autotest OK 0.81s
26/120 DPDK:fast-tests / eal_flags_main_opt_autotest OK 0.22s
27/120 DPDK:fast-tests / eal_flags_n_opt_autotest OK 0.20s
28/120 DPDK:fast-tests / eal_flags_hpet_autotest OK 0.13s
29/120 DPDK:fast-tests / eal_flags_no_huge_autotest OK 0.19s
30/120 DPDK:fast-tests / eal_flags_a_opt_autotest OK 0.31s
31/120 DPDK:fast-tests / eal_flags_b_opt_autotest OK 0.26s
32/120 DPDK:fast-tests / eal_flags_vdev_opt_autotest OK 0.20s
33/120 DPDK:fast-tests / eal_flags_r_opt_autotest OK 0.19s
34/120 DPDK:fast-tests / eal_flags_mem_autotest OK 0.60s
35/120 DPDK:fast-tests / eal_flags_file_prefix_autotest OK 22.27s
36/120 DPDK:fast-tests / eal_flags_misc_autotest OK 1.08s
37/120 DPDK:fast-tests / eal_fs_autotest OK 0.30s
38/120 DPDK:fast-tests / errno_autotest OK 0.31s
39/120 DPDK:fast-tests / ethdev_link_status OK 0.31s
40/120 DPDK:fast-tests / event_eth_tx_adapter_autotest OK 1.69s
41/120 DPDK:fast-tests / event_ring_autotest OK 0.31s
42/120 DPDK:fast-tests / eventdev_common_autotest OK 0.31s
43/120 DPDK:fast-tests / eventdev_selftest_sw OK 7.32s
44/120 DPDK:fast-tests / fbarray_autotest OK 0.31s
45/120 DPDK:fast-tests / fib_autotest OK 1.15s
46/120 DPDK:fast-tests / fib6_autotest OK 0.94s
47/120 DPDK:fast-tests / func_reentrancy_autotest OK 2.14s
48/120 DPDK:fast-tests / graph_autotest OK 0.31s
49/120 DPDK:fast-tests / node_list_dump OK 0.31s
50/120 DPDK:fast-tests / graph_feature_arc_autotest OK 0.31s
51/120 DPDK:fast-tests / hash_autotest OK 0.93s
52/120 DPDK:fast-tests / hash_readwrite_func_autotest OK 6.38s
53/120 DPDK:fast-tests / interrupt_autotest OK 1.61s
54/120 DPDK:fast-tests / ipfrag_autotest OK 0.07s
55/120 DPDK:fast-tests / ipsec_autotest SKIP 0.31s exit status 77
56/120 DPDK:fast-tests / kvargs_autotest OK 0.31s
57/120 DPDK:fast-tests / latencystats_autotest OK 0.32s
58/120 DPDK:fast-tests / lcore_var_autotest OK 0.46s
59/120 DPDK:fast-tests / lcores_autotest OK 5.11s
60/120 DPDK:fast-tests / logs_autotest OK 0.31s
61/120 DPDK:fast-tests / lpm_autotest OK 2.35s
62/120 DPDK:fast-tests / lpm6_autotest OK 5.43s
63/120 DPDK:fast-tests / malloc_autotest OK 61.28s
64/120 DPDK:fast-tests / mbuf_autotest OK 5.46s
65/120 DPDK:fast-tests / mcslock_autotest OK 2.98s
66/120 DPDK:fast-tests / member_autotest OK 1.49s
67/120 DPDK:fast-tests / memcpy_autotest OK 7.02s
68/120 DPDK:fast-tests / memory_autotest OK 0.08s
69/120 DPDK:fast-tests / mempool_autotest OK 0.44s
70/120 DPDK:fast-tests / memzone_autotest OK 0.14s
71/120 DPDK:fast-tests / meter_autotest OK 0.30s
72/120 DPDK:fast-tests / metrics_autotest OK 0.31s
73/120 DPDK:fast-tests / multiprocess_autotest OK 0.19s
74/120 DPDK:fast-tests / net_ether_autotest OK 0.97s
75/120 DPDK:fast-tests / net_ipv6_autotest OK 0.31s
76/120 DPDK:fast-tests / pcapng_autotest OK 7.24s
77/120 DPDK:fast-tests / pdcp_autotest SKIP 0.06s exit status 77
78/120 DPDK:fast-tests / pdump_autotest OK 0.41s
79/120 DPDK:fast-tests / per_lcore_autotest OK 0.41s
80/120 DPDK:fast-tests / pflock_autotest OK 1.12s
81/120 DPDK:fast-tests / pie_autotest OK 0.31s
82/120 DPDK:fast-tests / ring_pmd_autotest OK 0.31s
83/120 DPDK:fast-tests / power_autotest OK 0.31s
84/120 DPDK:fast-tests / power_cpufreq_autotest SKIP 0.06s exit status 77
85/120 DPDK:fast-tests / power_intel_uncore_autotest SKIP 0.30s exit status 77
86/120 DPDK:fast-tests / power_kvm_vm_autotest SKIP 0.06s exit status 77
87/120 DPDK:fast-tests / prefetch_autotest OK 0.30s
88/120 DPDK:fast-tests / ptr_compress_autotest OK 0.31s
89/120 DPDK:fast-tests / rawdev_autotest OK 0.31s
90/120 DPDK:fast-tests / rcu_qsbr_autotest OK 0.83s
91/120 DPDK:fast-tests / reorder_autotest OK 0.36s
92/120 DPDK:fast-tests / rib_autotest OK 8.95s
93/120 DPDK:fast-tests / rib6_autotest OK 8.94s
94/120 DPDK:fast-tests / ring_autotest OK 0.34s
95/120 DPDK:fast-tests / rwlock_test1_autotest OK 1.05s
96/120 DPDK:fast-tests / rwlock_rda_autotest OK 5.31s
97/120 DPDK:fast-tests / rwlock_rds_wrm_autotest OK 5.31s
98/120 DPDK:fast-tests / rwlock_rde_wro_autotest OK 5.31s
99/120 DPDK:fast-tests / sched_autotest OK 0.31s
100/120 DPDK:fast-tests / security_autotest OK 0.06s
101/120 DPDK:fast-tests / seqlock_autotest OK 2.31s
102/120 DPDK:fast-tests / service_autotest OK 3.01s
103/120 DPDK:fast-tests / soring_autotest OK 0.31s
104/120 DPDK:fast-tests / spinlock_autotest OK 0.39s
105/120 DPDK:fast-tests / stack_autotest OK 0.86s
106/120 DPDK:fast-tests / stack_lf_autotest SKIP 0.06s exit status 77
107/120 DPDK:fast-tests / string_autotest OK 0.31s
108/120 DPDK:fast-tests / table_autotest OK 7.60s
109/120 DPDK:fast-tests / tailq_autotest OK 0.30s
110/120 DPDK:fast-tests / telemetry_data_autotest OK 0.31s
111/120 DPDK:fast-tests / telemetry_json_autotest OK 0.31s
112/120 DPDK:fast-tests / thash_autotest OK 0.32s
113/120 DPDK:fast-tests / threads_autotest OK 0.49s
114/120 DPDK:fast-tests / ticketlock_autotest OK 0.45s
115/120 DPDK:fast-tests / timer_autotest OK 3.87s
116/120 DPDK:fast-tests / trace_autotest OK 0.31s
117/120 DPDK:fast-tests / trace_autotest_with_traces OK 0.31s
118/120 DPDK:fast-tests / vdev_autotest OK 0.30s
119/120 DPDK:fast-tests / version_autotest OK 0.31s
120/120 DPDK:fast-tests / telemetry_all OK 19.42s
Ok: 113
Expected Fail: 0
Fail: 0
Unexpected Pass: 0
Skipped: 7
Timeout: 0
^ permalink raw reply [flat|nested] 29+ messages in thread
* |SUCCESS| pw158112 [PATCH 2/2] ethdev: support hide zero when telemetry regs
[not found] <20251025094239.4915-3-fengchengwen@huawei.com>
2025-10-25 9:09 ` |SUCCESS| pw158111-158112 [PATCH 2/2] ethdev: support hide zero when telemetry regs qemudev
2025-10-25 9:14 ` qemudev
@ 2025-10-25 9:43 ` checkpatch
2025-10-25 10:12 ` |PENDING| pw158111-158112 [PATCH] [2/2] ethdev: support hide zero wh dpdklab
` (25 subsequent siblings)
28 siblings, 0 replies; 29+ messages in thread
From: checkpatch @ 2025-10-25 9:43 UTC (permalink / raw)
To: test-report
Test-Label: checkpatch
Test-Status: SUCCESS
http://dpdk.org/patch/158112
_coding style OK_
^ permalink raw reply [flat|nested] 29+ messages in thread
* |PENDING| pw158111-158112 [PATCH] [2/2] ethdev: support hide zero wh
[not found] <20251025094239.4915-3-fengchengwen@huawei.com>
` (2 preceding siblings ...)
2025-10-25 9:43 ` |SUCCESS| pw158112 " checkpatch
@ 2025-10-25 10:12 ` dpdklab
2025-10-25 10:14 ` |SUCCESS| " dpdklab
` (24 subsequent siblings)
28 siblings, 0 replies; 29+ messages in thread
From: dpdklab @ 2025-10-25 10:12 UTC (permalink / raw)
To: Test Report; +Cc: dpdk-test-reports
Test-Label: iol-compile-amd64-testing
Test-Status: PENDING
http://dpdk.org/patch/158112
_Testing pending_
Submitter: Chengwen Feng <fengchengwen@huawei.com>
Date: Saturday, October 25 2025 09:42:39
DPDK git baseline: Repo:dpdk-next-net
Branch: master
CommitID:9021d763e846b75743f0a596e4b2995713e6cd4c
158111-158112 --> testing pending
Upstream job id: Generic-VM-DPDK-Compile-Meson#39262
Test environment and result as below:
+---------------------+--------------------+-------------------------+-------------------+
| Environment | dpdk_meson_compile | dpdk_llvm_clang_compile | dpdk_msvc_compile |
+=====================+====================+=========================+===================+
| Ubuntu 20.04 | PASS | SKIPPED | SKIPPED |
+---------------------+--------------------+-------------------------+-------------------+
| FreeBSD 14.2 | PEND | SKIPPED | SKIPPED |
+---------------------+--------------------+-------------------------+-------------------+
| Windows Server 2022 | SKIPPED | PEND | PEND |
+---------------------+--------------------+-------------------------+-------------------+
Ubuntu 20.04
Kernel: 4.19
Compiler: gcc gcc (Ubuntu 9.4.0-1ubuntu1~20.04.2) 9.4.0
FreeBSD 14.2
Kernel: 14.2-RELEASE
Compiler: clang 18.1.6
Windows Server 2022
Kernel: 10.0.20348.2031
Compiler: clang 15.0.7, gcc 14.1.0 (MinGW), and MSVC VS 19.39.33521
To view detailed results, visit:
https://lab.dpdk.org/results/dashboard/patchsets/34386/
UNH-IOL DPDK Community Lab
To manage your email subscriptions, visit:
https://lab.dpdk.org/results/dashboard/preferences/subscriptions/
^ permalink raw reply [flat|nested] 29+ messages in thread
* |SUCCESS| pw158111-158112 [PATCH] [2/2] ethdev: support hide zero wh
[not found] <20251025094239.4915-3-fengchengwen@huawei.com>
` (3 preceding siblings ...)
2025-10-25 10:12 ` |PENDING| pw158111-158112 [PATCH] [2/2] ethdev: support hide zero wh dpdklab
@ 2025-10-25 10:14 ` dpdklab
2025-10-25 10:17 ` |PENDING| " dpdklab
` (23 subsequent siblings)
28 siblings, 0 replies; 29+ messages in thread
From: dpdklab @ 2025-10-25 10:14 UTC (permalink / raw)
To: Test Report; +Cc: dpdk-test-reports, Stephen Hemminger
Test-Label: iol-mellanox-Functional
Test-Status: SUCCESS
http://dpdk.org/patch/158112
_Functional Testing PASS_
Submitter: Chengwen Feng <fengchengwen@huawei.com>
Date: Saturday, October 25 2025 09:42:39
DPDK git baseline: Repo:dpdk-next-net
Branch: master
CommitID:9021d763e846b75743f0a596e4b2995713e6cd4c
158111-158112 --> functional testing pass
Upstream job id: Template-DPDK-DTS-Pipeline#2688
Test environment and result as below:
Ubuntu 24.04
Kernel: 6.8.0-55-generic
Compiler: gcc 13.3.0
NIC: Mellanox ConnectX-5 100000 Mbps
Aggregate Results by Test Suite
+---------------------------------+--------+
| Test Suite | Result |
+=================================+========+
| blocklist | PASS |
+---------------------------------+--------+
| promisc_support | PASS |
+---------------------------------+--------+
| uni_pkt | PASS |
+---------------------------------+--------+
| dynamic_config | PASS |
+---------------------------------+--------+
| hello_world | PASS |
+---------------------------------+--------+
| l2fwd | PASS |
+---------------------------------+--------+
| port_restart_config_persistency | PASS |
+---------------------------------+--------+
| softnic | PASS |
+---------------------------------+--------+
| vlan | PASS |
+---------------------------------+--------+
To view detailed results, visit:
https://lab.dpdk.org/results/dashboard/patchsets/34386/
UNH-IOL DPDK Community Lab
To manage your email subscriptions, visit:
https://lab.dpdk.org/results/dashboard/preferences/subscriptions/
^ permalink raw reply [flat|nested] 29+ messages in thread
* |PENDING| pw158111-158112 [PATCH] [2/2] ethdev: support hide zero wh
[not found] <20251025094239.4915-3-fengchengwen@huawei.com>
` (4 preceding siblings ...)
2025-10-25 10:14 ` |SUCCESS| " dpdklab
@ 2025-10-25 10:17 ` dpdklab
2025-10-25 10:19 ` |SUCCESS| " dpdklab
` (22 subsequent siblings)
28 siblings, 0 replies; 29+ messages in thread
From: dpdklab @ 2025-10-25 10:17 UTC (permalink / raw)
To: Test Report; +Cc: dpdk-test-reports
Test-Label: iol-unit-amd64-testing
Test-Status: PENDING
http://dpdk.org/patch/158112
_Testing pending_
Submitter: Chengwen Feng <fengchengwen@huawei.com>
Date: Saturday, October 25 2025 09:42:39
DPDK git baseline: Repo:dpdk-next-net
Branch: master
CommitID:9021d763e846b75743f0a596e4b2995713e6cd4c
158111-158112 --> testing pending
Upstream job id: Generic-Unit-Test-DPDK#385373
Test environment and result as below:
+-------------------------------+----------------+
| Environment | dpdk_unit_test |
+===============================+================+
| Fedora Linux 41 | PEND |
+-------------------------------+----------------+
| CentOS Stream 9 | PASS |
+-------------------------------+----------------+
| Fedora Linux 40 | PEND |
+-------------------------------+----------------+
| CentOS Stream 10 | PEND |
+-------------------------------+----------------+
| Fedora Linux 42 | PEND |
+-------------------------------+----------------+
| Debian GNU/Linux 12 | PEND |
+-------------------------------+----------------+
| Red Hat Enterprise Linux 9.5 | PEND |
+-------------------------------+----------------+
| Red Hat Enterprise Linux 8.10 | PEND |
+-------------------------------+----------------+
| Ubuntu 22.04 | PEND |
+-------------------------------+----------------+
| Ubuntu 20.04 | PEND |
+-------------------------------+----------------+
| Windows Server 2022 | PEND |
+-------------------------------+----------------+
| Ubuntu 24.04 | PEND |
+-------------------------------+----------------+
Fedora Linux 41
Kernel: 5.15
Compiler: gcc gcc (GCC) 14.3.1 20250523 (Red Hat 14.3.1-1)
CentOS Stream 9
Kernel: 5.15
Compiler: gcc gcc (GCC) 11.5.0 20240719 (Red Hat 11.5.0-11)
Fedora Linux 40
Kernel: 5.15
Compiler: clang gcc (GCC) 14.2.1 20240912 (Red Hat 14.2.1-3)
CentOS Stream 10
Kernel: 5.15
Compiler: gcc gcc (GCC) 14.2.1 20250110 (Red Hat 14.2.1-8)
Fedora Linux 42
Kernel: 5.15
Compiler: gcc gcc (GCC) 15.2.1 20250808 (Red Hat 15.2.1-1)
Debian GNU/Linux 12
Kernel: 5.15
Compiler: gcc gcc (Debian 12.2.0-14+deb12u1) 12.2.0
Red Hat Enterprise Linux 9.5
Kernel: 5.15
Compiler: gcc gcc (GCC) 11.5.0 20240719 (Red Hat 11.5.0-2)
Red Hat Enterprise Linux 8.10
Kernel: 5.15
Compiler: gcc gcc (GCC) 8.5.0 20210514 (Red Hat 8.5.0-22)
Ubuntu 22.04
Kernel: 5.15
Compiler: gcc gcc (Ubuntu 11.4.0-1ubuntu1~22.04) 11.4.0
Ubuntu 20.04
Kernel: 5.15
Compiler: gcc gcc (Ubuntu 9.4.0-1ubuntu1~20.04.2) 9.4.0
Windows Server 2022
Kernel: 10.0.20348.2031
Compiler: clang 15.0.7, gcc 14.1.0 (MinGW), and MSVC VS 19.39.33521
Ubuntu 24.04
Kernel: 5.15
Compiler: gcc gcc (Ubuntu 13.3.0-6ubuntu2~24.04) 13.3.0
To view detailed results, visit:
https://lab.dpdk.org/results/dashboard/patchsets/34386/
UNH-IOL DPDK Community Lab
To manage your email subscriptions, visit:
https://lab.dpdk.org/results/dashboard/preferences/subscriptions/
^ permalink raw reply [flat|nested] 29+ messages in thread
* |SUCCESS| pw158111-158112 [PATCH] [2/2] ethdev: support hide zero wh
[not found] <20251025094239.4915-3-fengchengwen@huawei.com>
` (5 preceding siblings ...)
2025-10-25 10:17 ` |PENDING| " dpdklab
@ 2025-10-25 10:19 ` dpdklab
2025-10-25 10:21 ` |FAILURE| " dpdklab
` (21 subsequent siblings)
28 siblings, 0 replies; 29+ messages in thread
From: dpdklab @ 2025-10-25 10:19 UTC (permalink / raw)
To: Test Report; +Cc: dpdk-test-reports, Stephen Hemminger
Test-Label: iol-marvell-Functional
Test-Status: SUCCESS
http://dpdk.org/patch/158112
_Functional Testing PASS_
Submitter: Chengwen Feng <fengchengwen@huawei.com>
Date: Saturday, October 25 2025 09:42:39
DPDK git baseline: Repo:dpdk-next-net
Branch: master
CommitID:9021d763e846b75743f0a596e4b2995713e6cd4c
158111-158112 --> functional testing pass
Upstream job id: Template-DTS-Pipeline#251337
Test environment and result as below:
Ubuntu 20.04.6
Kernel: 5.4.105
Compiler: gcc 9.4
NIC: Marvell CN106XX 50000 Mbps
Target: arm64-native-linuxapp-gcc
Aggregate Results by Test Suite
+----------------+--------+
| Test Suite | Result |
+================+========+
| cmdline | PASS |
+----------------+--------+
| rxtx_callbacks | PASS |
+----------------+--------+
To view detailed results, visit:
https://lab.dpdk.org/results/dashboard/patchsets/34386/
UNH-IOL DPDK Community Lab
To manage your email subscriptions, visit:
https://lab.dpdk.org/results/dashboard/preferences/subscriptions/
^ permalink raw reply [flat|nested] 29+ messages in thread
* |FAILURE| pw158111-158112 [PATCH] [2/2] ethdev: support hide zero wh
[not found] <20251025094239.4915-3-fengchengwen@huawei.com>
` (6 preceding siblings ...)
2025-10-25 10:19 ` |SUCCESS| " dpdklab
@ 2025-10-25 10:21 ` dpdklab
2025-10-25 10:24 ` |WARNING| " dpdklab
` (20 subsequent siblings)
28 siblings, 0 replies; 29+ messages in thread
From: dpdklab @ 2025-10-25 10:21 UTC (permalink / raw)
To: Test Report; +Cc: dpdk-test-reports, Stephen Hemminger, Chengwen Feng
Test-Label: iol-unit-amd64-testing
Test-Status: FAILURE
http://dpdk.org/patch/158112
_Testing issues_
Submitter: Chengwen Feng <fengchengwen@huawei.com>
Date: Saturday, October 25 2025 09:42:39
DPDK git baseline: Repo:dpdk-next-net
Branch: master
CommitID:9021d763e846b75743f0a596e4b2995713e6cd4c
158111-158112 --> testing issues
Upstream job id: Generic-Unit-Test-DPDK#385375
Test environment and result as below:
+-------------------------------+----------------+
| Environment | dpdk_unit_test |
+===============================+================+
| Fedora Linux 41 | PEND |
+-------------------------------+----------------+
| CentOS Stream 9 | PASS |
+-------------------------------+----------------+
| Fedora Linux 40 | PEND |
+-------------------------------+----------------+
| CentOS Stream 10 | FAIL |
+-------------------------------+----------------+
| Fedora Linux 42 | PEND |
+-------------------------------+----------------+
| Debian GNU/Linux 12 | PEND |
+-------------------------------+----------------+
| Red Hat Enterprise Linux 9.5 | PEND |
+-------------------------------+----------------+
| Red Hat Enterprise Linux 8.10 | PEND |
+-------------------------------+----------------+
| Ubuntu 22.04 | PEND |
+-------------------------------+----------------+
| Ubuntu 20.04 | PEND |
+-------------------------------+----------------+
| Windows Server 2022 | PEND |
+-------------------------------+----------------+
| Ubuntu 24.04 | PEND |
+-------------------------------+----------------+
==== Unit test summary for CentOS Stream 10 (dpdk_unit_test): ====
ninja: Entering directory `/root/workspace/Generic-Unit-Test-DPDK/dpdk/build'
ninja: no work to do.
1/120 DPDK:fast-tests / acl_autotest OK 2.30s
2/120 DPDK:fast-tests / alarm_autotest OK 1.18s
3/120 DPDK:fast-tests / argparse_autotest OK 0.18s
4/120 DPDK:fast-tests / atomic_autotest OK 0.36s
5/120 DPDK:fast-tests / bitcount_autotest OK 0.19s
6/120 DPDK:fast-tests / bitmap_autotest OK 0.18s
7/120 DPDK:fast-tests / bitops_autotest OK 1.68s
8/120 DPDK:fast-tests / bitratestats_autotest OK 0.18s
9/120 DPDK:fast-tests / bitset_autotest OK 1.41s
10/120 DPDK:fast-tests / bpf_autotest OK 0.18s
11/120 DPDK:fast-tests / bpf_convert_autotest OK 0.18s
12/120 DPDK:fast-tests / byteorder_autotest OK 0.18s
13/120 DPDK:fast-tests / cfgfile_autotest OK 0.18s
14/120 DPDK:fast-tests / cksum_autotest OK 0.18s
15/120 DPDK:fast-tests / cmdline_autotest OK 0.18s
16/120 DPDK:fast-tests / common_autotest OK 0.50s
17/120 DPDK:fast-tests / compressdev_autotest SKIP 0.15s exit status 77
18/120 DPDK:fast-tests / cpuflags_autotest OK 0.19s
19/120 DPDK:fast-tests / crc_autotest OK 0.18s
20/120 DPDK:fast-tests / user_delay_us OK 0.18s
21/120 DPDK:fast-tests / debug_autotest OK 1.31s
22/120 DPDK:fast-tests / devargs_autotest OK 0.18s
23/120 DPDK:fast-tests / dispatcher_autotest SKIP 0.15s exit status 77
24/120 DPDK:fast-tests / distributor_autotest OK 0.85s
25/120 DPDK:fast-tests / eal_flags_c_opt_autotest OK 0.90s
26/120 DPDK:fast-tests / eal_flags_main_opt_autotest OK 0.33s
27/120 DPDK:fast-tests / eal_flags_n_opt_autotest OK 0.49s
28/120 DPDK:fast-tests / eal_flags_hpet_autotest OK 0.23s
29/120 DPDK:fast-tests / eal_flags_no_huge_autotest OK 0.49s
30/120 DPDK:fast-tests / eal_flags_a_opt_autotest OK 0.43s
31/120 DPDK:fast-tests / eal_flags_b_opt_autotest OK 0.36s
32/120 DPDK:fast-tests / eal_flags_vdev_opt_autotest OK 0.60s
33/120 DPDK:fast-tests / eal_flags_r_opt_autotest OK 0.30s
34/120 DPDK:fast-tests / eal_flags_mem_autotest OK 0.78s
35/120 DPDK:fast-tests / eal_flags_file_prefix_autotest OK 4.54s
36/120 DPDK:fast-tests / eal_flags_misc_autotest FAIL 2.93s killed by signal 11 SIGSEGV
>>> MALLOC_PERTURB_=11 DPDK_TEST=eal_flags_misc_autotest /root/workspace/Generic-Unit-Test-DPDK/dpdk/build/app/dpdk-test
37/120 DPDK:fast-tests / eal_fs_autotest OK 0.20s
38/120 DPDK:fast-tests / errno_autotest OK 0.18s
39/120 DPDK:fast-tests / ethdev_link_status OK 0.18s
40/120 DPDK:fast-tests / event_eth_tx_adapter_autotest OK 0.47s
41/120 DPDK:fast-tests / event_ring_autotest OK 0.19s
42/120 DPDK:fast-tests / eventdev_common_autotest OK 0.18s
43/120 DPDK:fast-tests / eventdev_selftest_sw OK 0.23s
44/120 DPDK:fast-tests / fbarray_autotest OK 0.18s
45/120 DPDK:fast-tests / fib_autotest OK 0.81s
46/120 DPDK:fast-tests / fib6_autotest OK 0.72s
47/120 DPDK:fast-tests / func_reentrancy_autotest OK 0.53s
48/120 DPDK:fast-tests / graph_autotest OK 0.19s
49/120 DPDK:fast-tests / node_list_dump OK 0.18s
50/120 DPDK:fast-tests / graph_feature_arc_autotest OK 0.18s
51/120 DPDK:fast-tests / hash_autotest OK 0.30s
52/120 DPDK:fast-tests / hash_readwrite_func_autotest SKIP 0.15s exit status 77
53/120 DPDK:fast-tests / interrupt_autotest OK 1.21s
54/120 DPDK:fast-tests / ipfrag_autotest OK 0.15s
55/120 DPDK:fast-tests / ipsec_autotest SKIP 0.19s exit status 77
56/120 DPDK:fast-tests / kvargs_autotest OK 0.18s
57/120 DPDK:fast-tests / latencystats_autotest OK 0.18s
58/120 DPDK:fast-tests / lcore_var_autotest OK 0.34s
59/120 DPDK:fast-tests / lcores_autotest OK 0.79s
60/120 DPDK:fast-tests / logs_autotest OK 0.18s
61/120 DPDK:fast-tests / lpm_autotest OK 0.75s
62/120 DPDK:fast-tests / lpm6_autotest OK 1.84s
63/120 DPDK:fast-tests / malloc_autotest OK 0.40s
64/120 DPDK:fast-tests / mbuf_autotest OK 0.48s
65/120 DPDK:fast-tests / mcslock_autotest OK 0.42s
66/120 DPDK:fast-tests / member_autotest OK 0.89s
67/120 DPDK:fast-tests / memcpy_autotest OK 2.10s
68/120 DPDK:fast-tests / memory_autotest OK 0.15s
69/120 DPDK:fast-tests / mempool_autotest OK 0.44s
70/120 DPDK:fast-tests / memzone_autotest OK 0.16s
71/120 DPDK:fast-tests / meter_autotest OK 0.19s
72/120 DPDK:fast-tests / metrics_autotest OK 0.18s
73/120 DPDK:fast-tests / multiprocess_autotest OK 0.29s
74/120 DPDK:fast-tests / net_ether_autotest OK 0.48s
75/120 DPDK:fast-tests / net_ipv6_autotest OK 0.18s
76/120 DPDK:fast-tests / pcapng_autotest OK 7.35s
77/120 DPDK:fast-tests / pdcp_autotest SKIP 0.15s exit status 77
78/120 DPDK:fast-tests / pdump_autotest OK 0.37s
79/120 DPDK:fast-tests / per_lcore_autotest OK 0.28s
80/120 DPDK:fast-tests / pflock_autotest OK 0.28s
81/120 DPDK:fast-tests / pie_autotest OK 0.18s
82/120 DPDK:fast-tests / ring_pmd_autotest OK 0.18s
83/120 DPDK:fast-tests / power_autotest OK 0.18s
84/120 DPDK:fast-tests / power_cpufreq_autotest SKIP 0.15s exit status 77
85/120 DPDK:fast-tests / power_intel_uncore_autotest SKIP 0.19s exit status 77
86/120 DPDK:fast-tests / power_kvm_vm_autotest SKIP 0.15s exit status 77
87/120 DPDK:fast-tests / prefetch_autotest OK 0.19s
88/120 DPDK:fast-tests / ptr_compress_autotest OK 0.18s
89/120 DPDK:fast-tests / rawdev_autotest OK 0.18s
90/120 DPDK:fast-tests / rcu_qsbr_autotest OK 0.28s
91/120 DPDK:fast-tests / reorder_autotest OK 0.32s
92/120 DPDK:fast-tests / rib_autotest OK 3.93s
93/120 DPDK:fast-tests / rib6_autotest OK 3.96s
94/120 DPDK:fast-tests / ring_autotest OK 0.19s
95/120 DPDK:fast-tests / rwlock_test1_autotest OK 0.28s
96/120 DPDK:fast-tests / rwlock_rda_autotest OK 5.18s
97/120 DPDK:fast-tests / rwlock_rds_wrm_autotest OK 5.18s
98/120 DPDK:fast-tests / rwlock_rde_wro_autotest OK 5.18s
99/120 DPDK:fast-tests / sched_autotest OK 0.18s
100/120 DPDK:fast-tests / security_autotest OK 0.15s
101/120 DPDK:fast-tests / seqlock_autotest SKIP 0.19s exit status 77
102/120 DPDK:fast-tests / service_autotest OK 0.28s
103/120 DPDK:fast-tests / soring_autotest OK 0.18s
104/120 DPDK:fast-tests / spinlock_autotest OK 0.19s
105/120 DPDK:fast-tests / stack_autotest OK 0.20s
106/120 DPDK:fast-tests / stack_lf_autotest OK 0.23s
107/120 DPDK:fast-tests / string_autotest OK 0.19s
108/120 DPDK:fast-tests / table_autotest OK 4.92s
109/120 DPDK:fast-tests / tailq_autotest OK 0.18s
110/120 DPDK:fast-tests / telemetry_data_autotest OK 0.18s
111/120 DPDK:fast-tests / telemetry_json_autotest OK 0.18s
112/120 DPDK:fast-tests / thash_autotest OK 0.19s
113/120 DPDK:fast-tests / threads_autotest OK 0.33s
114/120 DPDK:fast-tests / ticketlock_autotest OK 0.19s
115/120 DPDK:fast-tests / timer_autotest OK 2.50s
116/120 DPDK:fast-tests / trace_autotest OK 0.20s
117/120 DPDK:fast-tests / trace_autotest_with_traces OK 0.19s
118/120 DPDK:fast-tests / vdev_autotest OK 0.18s
119/120 DPDK:fast-tests / version_autotest OK 0.18s
120/120 DPDK:fast-tests / telemetry_all SKIP 0.01s exit status 77
Ok: 109
Expected Fail: 0
Fail: 1
Unexpected Pass: 0
Skipped: 10
Timeout: 0
Full log written to /root/workspace/Generic-Unit-Test-DPDK/dpdk/build/meson-logs/testlog.txt
Test log output from the failed test eal_flags_misc_autotest:
Sorry, we were not able to find the logs for this test.
Download the log output from the CI site for this test run.
==== End log output ====
Fedora Linux 41
Kernel: 5.15
Compiler: gcc gcc (GCC) 14.3.1 20250523 (Red Hat 14.3.1-1)
CentOS Stream 9
Kernel: 5.15
Compiler: gcc gcc (GCC) 11.5.0 20240719 (Red Hat 11.5.0-11)
Fedora Linux 40
Kernel: 5.15
Compiler: clang gcc (GCC) 14.2.1 20240912 (Red Hat 14.2.1-3)
CentOS Stream 10
Kernel: 5.15
Compiler: gcc gcc (GCC) 14.2.1 20250110 (Red Hat 14.2.1-8)
Fedora Linux 42
Kernel: 5.15
Compiler: gcc gcc (GCC) 15.2.1 20250808 (Red Hat 15.2.1-1)
Debian GNU/Linux 12
Kernel: 5.15
Compiler: gcc gcc (Debian 12.2.0-14+deb12u1) 12.2.0
Red Hat Enterprise Linux 9.5
Kernel: 5.15
Compiler: gcc gcc (GCC) 11.5.0 20240719 (Red Hat 11.5.0-2)
Red Hat Enterprise Linux 8.10
Kernel: 5.15
Compiler: gcc gcc (GCC) 8.5.0 20210514 (Red Hat 8.5.0-22)
Ubuntu 22.04
Kernel: 5.15
Compiler: gcc gcc (Ubuntu 11.4.0-1ubuntu1~22.04) 11.4.0
Ubuntu 20.04
Kernel: 5.15
Compiler: gcc gcc (Ubuntu 9.4.0-1ubuntu1~20.04.2) 9.4.0
Windows Server 2022
Kernel: 10.0.20348.2031
Compiler: clang 15.0.7, gcc 14.1.0 (MinGW), and MSVC VS 19.39.33521
Ubuntu 24.04
Kernel: 5.15
Compiler: gcc gcc (Ubuntu 13.3.0-6ubuntu2~24.04) 13.3.0
To view detailed results, visit:
https://lab.dpdk.org/results/dashboard/patchsets/34386/
UNH-IOL DPDK Community Lab
To manage your email subscriptions, visit:
https://lab.dpdk.org/results/dashboard/preferences/subscriptions/
^ permalink raw reply [flat|nested] 29+ messages in thread
* |WARNING| pw158111-158112 [PATCH] [2/2] ethdev: support hide zero wh
[not found] <20251025094239.4915-3-fengchengwen@huawei.com>
` (7 preceding siblings ...)
2025-10-25 10:21 ` |FAILURE| " dpdklab
@ 2025-10-25 10:24 ` dpdklab
2025-10-25 10:24 ` dpdklab
` (19 subsequent siblings)
28 siblings, 0 replies; 29+ messages in thread
From: dpdklab @ 2025-10-25 10:24 UTC (permalink / raw)
To: Test Report; +Cc: dpdk-test-reports, Stephen Hemminger
Test-Label: iol-sample-apps-testing
Test-Status: WARNING
http://dpdk.org/patch/158112
_Testing issues_
Submitter: Chengwen Feng <fengchengwen@huawei.com>
Date: Saturday, October 25 2025 09:42:39
DPDK git baseline: Repo:dpdk-next-net
Branch: master
CommitID:9021d763e846b75743f0a596e4b2995713e6cd4c
158111-158112 --> testing issues
Upstream job id: ACVP-FIPS-testing#11561
Test environment and result as below:
+--------------+----------------------+
| Environment | dpdk_fips_validation |
+==============+======================+
| Ubuntu 20.04 | WARN |
+--------------+----------------------+
==== 20 line log output for Ubuntu 20.04 (dpdk_fips_validation): ====
Traceback (most recent call last):
File "/dpdk-ci/tools/acvp/acvp_tool.py", line 368, in <module>
main(
File "/dpdk-ci/tools/acvp/acvp_tool.py", line 314, in main
with open(response_path, 'r') as upload_file:
FileNotFoundError: [Errno 2] No such file or directory: '/root/workspace/ACVP-FIPS-testing/out/hmac-sha-1-answers.rsp'
INFO:root:Using response file...
Traceback (most recent call last):
File "/dpdk-ci/tools/acvp/acvp_tool.py", line 368, in <module>
main(
File "/dpdk-ci/tools/acvp/acvp_tool.py", line 314, in main
with open(response_path, 'r') as upload_file:
FileNotFoundError: [Errno 2] No such file or directory: '/root/workspace/ACVP-FIPS-testing/out/acvp-tdes-cbc-answers.rsp'
INFO:root:Using response file...
Traceback (most recent call last):
File "/dpdk-ci/tools/acvp/acvp_tool.py", line 368, in <module>
main(
File "/dpdk-ci/tools/acvp/acvp_tool.py", line 314, in main
with open(response_path, 'r') as upload_file:
FileNotFoundError: [Errno 2] No such file or directory: '/root/workspace/ACVP-FIPS-testing/out/acvp-aes-ctr-answers.rsp'
==== End log output ====
Ubuntu 20.04
Kernel: 5.15
Compiler: gcc gcc (Ubuntu 9.4.0-1ubuntu1~20.04.2) 9.4.0
To view detailed results, visit:
https://lab.dpdk.org/results/dashboard/patchsets/34386/
UNH-IOL DPDK Community Lab
To manage your email subscriptions, visit:
https://lab.dpdk.org/results/dashboard/preferences/subscriptions/
^ permalink raw reply [flat|nested] 29+ messages in thread
* |WARNING| pw158111-158112 [PATCH] [2/2] ethdev: support hide zero wh
[not found] <20251025094239.4915-3-fengchengwen@huawei.com>
` (8 preceding siblings ...)
2025-10-25 10:24 ` |WARNING| " dpdklab
@ 2025-10-25 10:24 ` dpdklab
2025-10-25 10:31 ` |SUCCESS| " dpdklab
` (18 subsequent siblings)
28 siblings, 0 replies; 29+ messages in thread
From: dpdklab @ 2025-10-25 10:24 UTC (permalink / raw)
To: Test Report; +Cc: dpdk-test-reports, Stephen Hemminger
Test-Label: iol-sample-apps-testing
Test-Status: WARNING
http://dpdk.org/patch/158112
_Testing issues_
Submitter: Chengwen Feng <fengchengwen@huawei.com>
Date: Saturday, October 25 2025 09:42:39
DPDK git baseline: Repo:dpdk-next-net
Branch: master
CommitID:9021d763e846b75743f0a596e4b2995713e6cd4c
158111-158112 --> testing issues
Upstream job id: Template-DTS-Pipeline#251339
Test environment and result as below:
+--------------+----------------------+----------------------+
| Environment | dpdk_fips_validation | compressdev_zlib_pmd |
+==============+======================+======================+
| Ubuntu 20.04 | WARN | SKIPPED |
+--------------+----------------------+----------------------+
| Ubuntu 22.04 | SKIPPED | PASS |
+--------------+----------------------+----------------------+
==== 20 line log output for Ubuntu 20.04 (dpdk_fips_validation): ====
Traceback (most recent call last):
File "/dpdk-ci/tools/acvp/acvp_tool.py", line 368, in <module>
main(
File "/dpdk-ci/tools/acvp/acvp_tool.py", line 314, in main
with open(response_path, 'r') as upload_file:
FileNotFoundError: [Errno 2] No such file or directory: '/root/workspace/ACVP-FIPS-testing/out/hmac-sha-1-answers.rsp'
INFO:root:Using response file...
Traceback (most recent call last):
File "/dpdk-ci/tools/acvp/acvp_tool.py", line 368, in <module>
main(
File "/dpdk-ci/tools/acvp/acvp_tool.py", line 314, in main
with open(response_path, 'r') as upload_file:
FileNotFoundError: [Errno 2] No such file or directory: '/root/workspace/ACVP-FIPS-testing/out/acvp-tdes-cbc-answers.rsp'
INFO:root:Using response file...
Traceback (most recent call last):
File "/dpdk-ci/tools/acvp/acvp_tool.py", line 368, in <module>
main(
File "/dpdk-ci/tools/acvp/acvp_tool.py", line 314, in main
with open(response_path, 'r') as upload_file:
FileNotFoundError: [Errno 2] No such file or directory: '/root/workspace/ACVP-FIPS-testing/out/acvp-aes-ctr-answers.rsp'
==== End log output ====
Ubuntu 20.04
Kernel: 5.15
Compiler: gcc gcc (Ubuntu 9.4.0-1ubuntu1~20.04.2) 9.4.0
Ubuntu 22.04
Kernel: 5.15
Compiler: gcc gcc (Ubuntu 11.4.0-1ubuntu1~22.04.2) 11.4.0
To view detailed results, visit:
https://lab.dpdk.org/results/dashboard/patchsets/34386/
UNH-IOL DPDK Community Lab
To manage your email subscriptions, visit:
https://lab.dpdk.org/results/dashboard/preferences/subscriptions/
^ permalink raw reply [flat|nested] 29+ messages in thread
* |SUCCESS| pw158111-158112 [PATCH] [2/2] ethdev: support hide zero wh
[not found] <20251025094239.4915-3-fengchengwen@huawei.com>
` (9 preceding siblings ...)
2025-10-25 10:24 ` dpdklab
@ 2025-10-25 10:31 ` dpdklab
2025-10-25 10:34 ` dpdklab
` (17 subsequent siblings)
28 siblings, 0 replies; 29+ messages in thread
From: dpdklab @ 2025-10-25 10:31 UTC (permalink / raw)
To: Test Report; +Cc: dpdk-test-reports, Stephen Hemminger
Test-Label: iol-intel-Functional
Test-Status: SUCCESS
http://dpdk.org/patch/158112
_Functional Testing PASS_
Submitter: Chengwen Feng <fengchengwen@huawei.com>
Date: Saturday, October 25 2025 09:42:39
DPDK git baseline: Repo:dpdk-next-net
Branch: master
CommitID:9021d763e846b75743f0a596e4b2995713e6cd4c
158111-158112 --> functional testing pass
Upstream job id: Template-DTS-Pipeline#251340
Test environment and result as below:
Ubuntu 24.04
Kernel: 6.8
Compiler: gcc gcc (Ubuntu 13.3.0-6ubuntu2~24.04) 13.3.0
NIC: Intel E810 (Arm Grace Server) 100000 Mbps
Aggregate Results by Test Suite
+------------+--------+
| Test Suite | Result |
+============+========+
| blocklist | PASS |
+------------+--------+
| uni_pkt | PASS |
+------------+--------+
Ubuntu 24.04 LTS
Kernel: 6.8.0-44-generic
Compiler: gcc 13.2.0
NIC: Intel Corporation Ethernet Controller XL710 for 40GbE QSFP+ 40 Mbps
Aggregate Results by Test Suite
+--------------------+--------+
| Test Suite | Result |
+====================+========+
| blocklist | PASS |
+--------------------+--------+
| uni_pkt | PASS |
+--------------------+--------+
| promisc_support | PASS |
+--------------------+--------+
| dynamic_queue_conf | PASS |
+--------------------+--------+
| hello_world | PASS |
+--------------------+--------+
| l2fwd | PASS |
+--------------------+--------+
| softnic | PASS |
+--------------------+--------+
Ubuntu 24.04
Kernel: 6.8
Compiler: gcc gcc (Ubuntu 13.3.0-6ubuntu2~24.04) 13.3.0
NIC: Intel Corporation 4xxx Series QAT 0 Mbps
Aggregate Results by Test Suite
+----------------------------+--------+
| Test Suite | Result |
+============================+========+
| crypto_perf_cryptodev_perf | PASS |
+----------------------------+--------+
To view detailed results, visit:
https://lab.dpdk.org/results/dashboard/patchsets/34386/
UNH-IOL DPDK Community Lab
To manage your email subscriptions, visit:
https://lab.dpdk.org/results/dashboard/preferences/subscriptions/
^ permalink raw reply [flat|nested] 29+ messages in thread
* |SUCCESS| pw158111-158112 [PATCH] [2/2] ethdev: support hide zero wh
[not found] <20251025094239.4915-3-fengchengwen@huawei.com>
` (10 preceding siblings ...)
2025-10-25 10:31 ` |SUCCESS| " dpdklab
@ 2025-10-25 10:34 ` dpdklab
2025-10-25 10:35 ` dpdklab
` (16 subsequent siblings)
28 siblings, 0 replies; 29+ messages in thread
From: dpdklab @ 2025-10-25 10:34 UTC (permalink / raw)
To: Ali Alnubani, Test Report; +Cc: dpdk-test-reports, Stephen Hemminger
Test-Label: iol-mellanox-Performance
Test-Status: SUCCESS
http://dpdk.org/patch/158112
_Performance Testing PASS_
Submitter: Chengwen Feng <fengchengwen@huawei.com>
Date: Saturday, October 25 2025 09:42:39
DPDK git baseline: Repo:dpdk-next-net
Branch: master
CommitID:9021d763e846b75743f0a596e4b2995713e6cd4c
158111-158112 --> performance testing pass
Upstream job id: Template-DTS-Pipeline#251328
Test environment and result as below:
Ubuntu 24.04
Kernel: 6.8
Compiler: gcc gcc (Ubuntu 13.3.0-6ubuntu2~24.04) 13.3.0
NIC: NVIDIA Mellanox ConnectX-7 100000 Mbps
Fail/Total: 0/6
Detail performance results:
+------------+---------+----------+-------------+------------------------------+
| frame_size | txd/rxd | num_cpus | num_threads | throughput difference from |
| | | | | expected |
+============+=========+==========+=============+==============================+
| 64 | 1024 | 1 | 1 | -0.2% |
+------------+---------+----------+-------------+------------------------------+
| 128 | 1024 | 1 | 1 | -0.9% |
+------------+---------+----------+-------------+------------------------------+
| 256 | 1024 | 1 | 1 | 1.9% |
+------------+---------+----------+-------------+------------------------------+
| 512 | 1024 | 1 | 1 | 0.1% |
+------------+---------+----------+-------------+------------------------------+
| 1024 | 1024 | 1 | 1 | -0.3% |
+------------+---------+----------+-------------+------------------------------+
| 1518 | 1024 | 1 | 1 | 0.0% |
+------------+---------+----------+-------------+------------------------------+
Ubuntu 24.04
Kernel: 6.8
Compiler: gcc gcc (Ubuntu 13.3.0-6ubuntu2~24.04) 13.3.0
NIC: Mellanox ConnectX-6 Lx 25000 Mbps
Fail/Total: 0/6
Detail performance results:
+------------+---------+----------+-------------+------------------------------+
| frame_size | txd/rxd | num_cpus | num_threads | throughput difference from |
| | | | | expected |
+============+=========+==========+=============+==============================+
| 64 | 1024 | 1 | 1 | -0.1% |
+------------+---------+----------+-------------+------------------------------+
| 128 | 1024 | 1 | 1 | -0.1% |
+------------+---------+----------+-------------+------------------------------+
| 256 | 1024 | 1 | 1 | -0.2% |
+------------+---------+----------+-------------+------------------------------+
| 512 | 1024 | 1 | 1 | -0.2% |
+------------+---------+----------+-------------+------------------------------+
| 1024 | 1024 | 1 | 1 | -0.2% |
+------------+---------+----------+-------------+------------------------------+
| 1518 | 1024 | 1 | 1 | -0.3% |
+------------+---------+----------+-------------+------------------------------+
To view detailed results, visit:
https://lab.dpdk.org/results/dashboard/patchsets/34386/
UNH-IOL DPDK Community Lab
To manage your email subscriptions, visit:
https://lab.dpdk.org/results/dashboard/preferences/subscriptions/
^ permalink raw reply [flat|nested] 29+ messages in thread
* |SUCCESS| pw158111-158112 [PATCH] [2/2] ethdev: support hide zero wh
[not found] <20251025094239.4915-3-fengchengwen@huawei.com>
` (11 preceding siblings ...)
2025-10-25 10:34 ` dpdklab
@ 2025-10-25 10:35 ` dpdklab
2025-10-25 10:36 ` dpdklab
` (15 subsequent siblings)
28 siblings, 0 replies; 29+ messages in thread
From: dpdklab @ 2025-10-25 10:35 UTC (permalink / raw)
To: Test Report; +Cc: dpdk-test-reports, Stephen Hemminger
Test-Label: iol-intel-Performance
Test-Status: SUCCESS
http://dpdk.org/patch/158112
_Performance Testing PASS_
Submitter: Chengwen Feng <fengchengwen@huawei.com>
Date: Saturday, October 25 2025 09:42:39
DPDK git baseline: Repo:dpdk-next-net
Branch: master
CommitID:9021d763e846b75743f0a596e4b2995713e6cd4c
158111-158112 --> performance testing pass
Upstream job id: Template-DTS-Pipeline#251330
Test environment and result as below:
Ubuntu 24.04
Kernel: 6.8
Compiler: gcc gcc (Ubuntu 13.3.0-6ubuntu2~24.04) 13.3.0
NIC: Intel E810 (Arm Grace Server) 100000 Mbps
Fail/Total: 0/2
Detail performance results:
+------------+---------+----------+-------------+------------------------------+
| frame_size | txd/rxd | num_cpus | num_threads | throughput difference from |
| | | | | expected |
+============+=========+==========+=============+==============================+
| 64 | 512 | 1 | 1 | -1.4% |
+------------+---------+----------+-------------+------------------------------+
| 64 | 2048 | 1 | 1 | -0.1% |
+------------+---------+----------+-------------+------------------------------+
Ubuntu 22.04
Kernel: 5.15
Compiler: gcc gcc (Ubuntu 11.4.0-1ubuntu1~22.04.2) 11.4.0
NIC: Intel E810 100000 Mbps
Fail/Total: 0/2
Detail performance results:
+------------+---------+----------+-------------+------------------------------+
| frame_size | txd/rxd | num_cpus | num_threads | throughput difference from |
| | | | | expected |
+============+=========+==========+=============+==============================+
| 64 | 512 | 1 | 1 | 0.7% |
+------------+---------+----------+-------------+------------------------------+
| 64 | 2048 | 1 | 1 | 0.4% |
+------------+---------+----------+-------------+------------------------------+
Ubuntu 20.04
Kernel: 5.4
Compiler: gcc gcc (Ubuntu 9.4.0-1ubuntu1~20.04.1) 9.4.0
NIC: Intel Corporation Ethernet Converged Network Adapter XL710-QDA2 40000 Mbps
Fail/Total: 0/4
Detail performance results:
+----------+-------------+---------+------------+------------------------------+
| num_cpus | num_threads | txd/rxd | frame_size | throughput difference from |
| | | | | expected |
+==========+=============+=========+============+==============================+
| 1 | 2 | 512 | 64 | -0.3% |
+----------+-------------+---------+------------+------------------------------+
| 1 | 2 | 2048 | 64 | -0.1% |
+----------+-------------+---------+------------+------------------------------+
| 1 | 1 | 512 | 64 | 2.7% |
+----------+-------------+---------+------------+------------------------------+
| 1 | 1 | 2048 | 64 | -0.9% |
+----------+-------------+---------+------------+------------------------------+
To view detailed results, visit:
https://lab.dpdk.org/results/dashboard/patchsets/34386/
UNH-IOL DPDK Community Lab
To manage your email subscriptions, visit:
https://lab.dpdk.org/results/dashboard/preferences/subscriptions/
^ permalink raw reply [flat|nested] 29+ messages in thread
* |SUCCESS| pw158111-158112 [PATCH] [2/2] ethdev: support hide zero wh
[not found] <20251025094239.4915-3-fengchengwen@huawei.com>
` (12 preceding siblings ...)
2025-10-25 10:35 ` dpdklab
@ 2025-10-25 10:36 ` dpdklab
2025-10-25 10:38 ` |PENDING| " dpdklab
` (14 subsequent siblings)
28 siblings, 0 replies; 29+ messages in thread
From: dpdklab @ 2025-10-25 10:36 UTC (permalink / raw)
To: Test Report; +Cc: dpdk-test-reports, Stephen Hemminger
Test-Label: iol-intel-Functional
Test-Status: SUCCESS
http://dpdk.org/patch/158112
_Functional Testing PASS_
Submitter: Chengwen Feng <fengchengwen@huawei.com>
Date: Saturday, October 25 2025 09:42:39
DPDK git baseline: Repo:dpdk-next-net
Branch: master
CommitID:9021d763e846b75743f0a596e4b2995713e6cd4c
158111-158112 --> functional testing pass
Upstream job id: Template-DTS-Pipeline#251334
Test environment and result as below:
Ubuntu 24.04
Kernel: 6.8
Compiler: gcc gcc (Ubuntu 13.3.0-6ubuntu2~24.04) 13.3.0
NIC: Intel E810 (Arm Grace Server) 100000 Mbps
Aggregate Results by Test Suite
+------------+--------+
| Test Suite | Result |
+============+========+
| blocklist | PASS |
+------------+--------+
| uni_pkt | PASS |
+------------+--------+
Ubuntu 24.04 LTS
Kernel: 6.8.0-44-generic
Compiler: gcc 13.2.0
NIC: Intel Corporation Ethernet Controller XL710 for 40GbE QSFP+ 40 Mbps
Aggregate Results by Test Suite
+--------------------+--------+
| Test Suite | Result |
+====================+========+
| blocklist | PASS |
+--------------------+--------+
| uni_pkt | PASS |
+--------------------+--------+
| promisc_support | PASS |
+--------------------+--------+
| dynamic_queue_conf | PASS |
+--------------------+--------+
| hello_world | PASS |
+--------------------+--------+
| l2fwd | PASS |
+--------------------+--------+
| softnic | PASS |
+--------------------+--------+
Ubuntu 24.04
Kernel: 6.8
Compiler: gcc gcc (Ubuntu 13.3.0-6ubuntu2~24.04) 13.3.0
NIC: Intel Corporation 4xxx Series QAT 0 Mbps
Aggregate Results by Test Suite
+----------------------------+--------+
| Test Suite | Result |
+============================+========+
| crypto_perf_cryptodev_perf | PASS |
+----------------------------+--------+
Ubuntu 20.04
Kernel: 5.4
Compiler: gcc gcc (Ubuntu 9.4.0-1ubuntu1~20.04.1) 9.4.0
NIC: Intel Corporation Ethernet Converged Network Adapter XL710-QDA2 40000 Mbps
Aggregate Results by Test Suite
+-----------------------------+--------+
| Test Suite | Result |
+=============================+========+
| unit_tests_mbuf | PASS |
+-----------------------------+--------+
| vhost_virtio_user_interrupt | PASS |
+-----------------------------+--------+
| virtio_smoke | PASS |
+-----------------------------+--------+
To view detailed results, visit:
https://lab.dpdk.org/results/dashboard/patchsets/34386/
UNH-IOL DPDK Community Lab
To manage your email subscriptions, visit:
https://lab.dpdk.org/results/dashboard/preferences/subscriptions/
^ permalink raw reply [flat|nested] 29+ messages in thread
* |PENDING| pw158111-158112 [PATCH] [2/2] ethdev: support hide zero wh
[not found] <20251025094239.4915-3-fengchengwen@huawei.com>
` (13 preceding siblings ...)
2025-10-25 10:36 ` dpdklab
@ 2025-10-25 10:38 ` dpdklab
2025-10-25 10:39 ` |SUCCESS| " dpdklab
` (13 subsequent siblings)
28 siblings, 0 replies; 29+ messages in thread
From: dpdklab @ 2025-10-25 10:38 UTC (permalink / raw)
To: Test Report; +Cc: dpdk-test-reports
Test-Label: iol-unit-arm64-testing
Test-Status: PENDING
http://dpdk.org/patch/158112
_Testing pending_
Submitter: Chengwen Feng <fengchengwen@huawei.com>
Date: Saturday, October 25 2025 09:42:39
DPDK git baseline: Repo:dpdk-next-net
Branch: master
CommitID:9021d763e846b75743f0a596e4b2995713e6cd4c
158111-158112 --> testing pending
Upstream job id: Aarch32-Unit-Test#7977
Test environment and result as below:
+------------------------------+----------------+--------------+---------------------------+------------------------------+
| Environment | dpdk_unit_test | lpm_autotest | cryptodev_sw_zuc_autotest | cryptodev_sw_snow3g_autotest |
+==============================+================+==============+===========================+==============================+
| Fedora Linux 40 | PEND | SKIPPED | SKIPPED | SKIPPED |
+------------------------------+----------------+--------------+---------------------------+------------------------------+
| CentOS Stream 9 | PEND | SKIPPED | SKIPPED | SKIPPED |
+------------------------------+----------------+--------------+---------------------------+------------------------------+
| Fedora Linux 41 | PEND | SKIPPED | SKIPPED | SKIPPED |
+------------------------------+----------------+--------------+---------------------------+------------------------------+
| Fedora Linux 42 | PEND | SKIPPED | SKIPPED | SKIPPED |
+------------------------------+----------------+--------------+---------------------------+------------------------------+
| CentOS Stream 10 | PEND | SKIPPED | SKIPPED | SKIPPED |
+------------------------------+----------------+--------------+---------------------------+------------------------------+
| Ubuntu 22.04 | PEND | SKIPPED | SKIPPED | SKIPPED |
+------------------------------+----------------+--------------+---------------------------+------------------------------+
| Debian GNU/Linux 12 | PEND | SKIPPED | SKIPPED | SKIPPED |
+------------------------------+----------------+--------------+---------------------------+------------------------------+
| Red Hat Enterprise Linux 9.5 | PEND | SKIPPED | SKIPPED | SKIPPED |
+------------------------------+----------------+--------------+---------------------------+------------------------------+
| Ubuntu 20.04 | PEND | PEND | SKIPPED | SKIPPED |
+------------------------------+----------------+--------------+---------------------------+------------------------------+
| Ubuntu 24.04 | PEND | SKIPPED | SKIPPED | SKIPPED |
+------------------------------+----------------+--------------+---------------------------+------------------------------+
| Debian 12 (arm) | SKIPPED | SKIPPED | PEND | PEND |
+------------------------------+----------------+--------------+---------------------------+------------------------------+
Fedora Linux 40
Kernel: 5.4
Compiler: clang gcc (GCC) 14.2.1 20240912 (Red Hat 14.2.1-3)
CentOS Stream 9
Kernel: 5.4
Compiler: gcc gcc (GCC) 11.5.0 20240719 (Red Hat 11.5.0-11)
Fedora Linux 41
Kernel: 5.4
Compiler: gcc gcc (GCC) 14.3.1 20250523 (Red Hat 14.3.1-1)
Fedora Linux 42
Kernel: 5.4
Compiler: gcc gcc (GCC) 15.2.1 20250808 (Red Hat 15.2.1-1)
CentOS Stream 10
Kernel: 5.4
Compiler: gcc gcc (GCC) 14.2.1 20250110 (Red Hat 14.2.1-8)
Ubuntu 22.04
Kernel: 5.15
Compiler: gcc gcc (Ubuntu 11.4.0-1ubuntu1~22.04.2) 11.4.0
Debian GNU/Linux 12
Kernel: 5.4
Compiler: gcc gcc (Debian 12.2.0-14+deb12u1) 12.2.0
Red Hat Enterprise Linux 9.5
Kernel: 5.4
Compiler: gcc gcc (GCC) 11.5.0 20240719 (Red Hat 11.5.0-2)
Ubuntu 20.04
Kernel: 5.4
Compiler: gcc gcc (Ubuntu 9.4.0-1ubuntu1~20.04.2) 9.4.0
Ubuntu 24.04
Kernel: 5.4
Compiler: gcc gcc (Ubuntu 13.3.0-6ubuntu2~24.04) 13.3.0
Debian 12 (arm)
Kernel: Depends on container host
Compiler: gcc (Debian 12.2.0-14) 12.2.0
To view detailed results, visit:
https://lab.dpdk.org/results/dashboard/patchsets/34386/
UNH-IOL DPDK Community Lab
To manage your email subscriptions, visit:
https://lab.dpdk.org/results/dashboard/preferences/subscriptions/
^ permalink raw reply [flat|nested] 29+ messages in thread
* |SUCCESS| pw158111-158112 [PATCH] [2/2] ethdev: support hide zero wh
[not found] <20251025094239.4915-3-fengchengwen@huawei.com>
` (14 preceding siblings ...)
2025-10-25 10:38 ` |PENDING| " dpdklab
@ 2025-10-25 10:39 ` dpdklab
2025-10-25 10:42 ` dpdklab
` (12 subsequent siblings)
28 siblings, 0 replies; 29+ messages in thread
From: dpdklab @ 2025-10-25 10:39 UTC (permalink / raw)
To: Test Report; +Cc: dpdk-test-reports, Stephen Hemminger
Test-Label: iol-broadcom-Performance
Test-Status: SUCCESS
http://dpdk.org/patch/158112
_Performance Testing PASS_
Submitter: Chengwen Feng <fengchengwen@huawei.com>
Date: Saturday, October 25 2025 09:42:39
DPDK git baseline: Repo:dpdk-next-net
Branch: master
CommitID:9021d763e846b75743f0a596e4b2995713e6cd4c
158111-158112 --> performance testing pass
Upstream job id: Template-DTS-Pipeline#251332
Test environment and result as below:
Ubuntu 22.04
Kernel: 5.15
Compiler: gcc gcc (Ubuntu 11.4.0-1ubuntu1~22.04.2) 11.4.0
NIC: Arm Broadcom Inc. brcm_57414 25000 Mbps
Fail/Total: 0/2
Detail performance results:
+------------+---------+----------+-------------+------------------------------+
| frame_size | txd/rxd | num_cpus | num_threads | throughput difference from |
| | | | | expected |
+============+=========+==========+=============+==============================+
| 64 | 512 | 1 | 1 | 0.7% |
+------------+---------+----------+-------------+------------------------------+
| 64 | 2048 | 1 | 1 | 0.4% |
+------------+---------+----------+-------------+------------------------------+
Ubuntu 22.04
Kernel: 5.15
Compiler: gcc gcc (Ubuntu 11.4.0-1ubuntu1~22.04) 11.4.0
NIC: Broadcom Inc. and subsidiaries BCM57414 NetXtreme-E 10Gb/25Gb RDMA Ethernet Controller 16d7 25 Mbps
Fail/Total: 0/3
Detail performance results:
+------------+---------+----------+-------------+------------------------------+
| frame_size | txd/rxd | num_cpus | num_threads | throughput difference from |
| | | | | expected |
+============+=========+==========+=============+==============================+
| 64 | 128 | 1 | 1 | 0.3% |
+------------+---------+----------+-------------+------------------------------+
| 64 | 512 | 1 | 1 | 0.1% |
+------------+---------+----------+-------------+------------------------------+
| 64 | 2048 | 1 | 1 | -1.3% |
+------------+---------+----------+-------------+------------------------------+
To view detailed results, visit:
https://lab.dpdk.org/results/dashboard/patchsets/34386/
UNH-IOL DPDK Community Lab
To manage your email subscriptions, visit:
https://lab.dpdk.org/results/dashboard/preferences/subscriptions/
^ permalink raw reply [flat|nested] 29+ messages in thread
* |SUCCESS| pw158111-158112 [PATCH] [2/2] ethdev: support hide zero wh
[not found] <20251025094239.4915-3-fengchengwen@huawei.com>
` (15 preceding siblings ...)
2025-10-25 10:39 ` |SUCCESS| " dpdklab
@ 2025-10-25 10:42 ` dpdklab
2025-10-25 10:48 ` |FAILURE| " dpdklab
` (11 subsequent siblings)
28 siblings, 0 replies; 29+ messages in thread
From: dpdklab @ 2025-10-25 10:42 UTC (permalink / raw)
To: Test Report; +Cc: dpdk-test-reports, Stephen Hemminger
Test-Label: iol-compile-amd64-testing
Test-Status: SUCCESS
http://dpdk.org/patch/158112
_Testing PASS_
Submitter: Chengwen Feng <fengchengwen@huawei.com>
Date: Saturday, October 25 2025 09:42:39
DPDK git baseline: Repo:dpdk-next-net
Branch: master
CommitID:9021d763e846b75743f0a596e4b2995713e6cd4c
158111-158112 --> testing pass
Upstream job id: Windows-Compile-DPDK-Native#31898
Test environment and result as below:
+---------------------+--------------------+-------------------------+-------------------+----------------------+
| Environment | dpdk_meson_compile | dpdk_llvm_clang_compile | dpdk_msvc_compile | dpdk_mingw64_compile |
+=====================+====================+=========================+===================+======================+
| Ubuntu 20.04 | PASS | SKIPPED | SKIPPED | SKIPPED |
+---------------------+--------------------+-------------------------+-------------------+----------------------+
| FreeBSD 14.2 | PASS | SKIPPED | SKIPPED | SKIPPED |
+---------------------+--------------------+-------------------------+-------------------+----------------------+
| Windows Server 2022 | SKIPPED | PASS | PASS | PASS |
+---------------------+--------------------+-------------------------+-------------------+----------------------+
Ubuntu 20.04
Kernel: 4.19
Compiler: gcc gcc (Ubuntu 9.4.0-1ubuntu1~20.04.2) 9.4.0
FreeBSD 14.2
Kernel: 14.2-RELEASE
Compiler: clang 18.1.6
Windows Server 2022
Kernel: 10.0.20348.2031
Compiler: clang 15.0.7, gcc 14.1.0 (MinGW), and MSVC VS 19.39.33521
To view detailed results, visit:
https://lab.dpdk.org/results/dashboard/patchsets/34386/
UNH-IOL DPDK Community Lab
To manage your email subscriptions, visit:
https://lab.dpdk.org/results/dashboard/preferences/subscriptions/
^ permalink raw reply [flat|nested] 29+ messages in thread
* |FAILURE| pw158111-158112 [PATCH] [2/2] ethdev: support hide zero wh
[not found] <20251025094239.4915-3-fengchengwen@huawei.com>
` (16 preceding siblings ...)
2025-10-25 10:42 ` dpdklab
@ 2025-10-25 10:48 ` dpdklab
2025-10-25 10:57 ` |SUCCESS| " dpdklab
` (10 subsequent siblings)
28 siblings, 0 replies; 29+ messages in thread
From: dpdklab @ 2025-10-25 10:48 UTC (permalink / raw)
To: Test Report; +Cc: dpdk-test-reports, Stephen Hemminger, Chengwen Feng
Test-Label: iol-unit-amd64-testing
Test-Status: FAILURE
http://dpdk.org/patch/158112
_Testing issues_
Submitter: Chengwen Feng <fengchengwen@huawei.com>
Date: Saturday, October 25 2025 09:42:39
DPDK git baseline: Repo:dpdk-next-net
Branch: master
CommitID:9021d763e846b75743f0a596e4b2995713e6cd4c
158111-158112 --> testing issues
Upstream job id: Generic-VM-Unit-Test-DPDK#32067
Test environment and result as below:
+-------------------------------+----------------+
| Environment | dpdk_unit_test |
+===============================+================+
| Fedora Linux 41 | PASS |
+-------------------------------+----------------+
| CentOS Stream 9 | PASS |
+-------------------------------+----------------+
| Fedora Linux 40 | PASS |
+-------------------------------+----------------+
| CentOS Stream 10 | FAIL |
+-------------------------------+----------------+
| Fedora Linux 42 | PASS |
+-------------------------------+----------------+
| Debian GNU/Linux 12 | PASS |
+-------------------------------+----------------+
| Red Hat Enterprise Linux 9.5 | PASS |
+-------------------------------+----------------+
| Red Hat Enterprise Linux 8.10 | PASS |
+-------------------------------+----------------+
| Ubuntu 22.04 | PASS |
+-------------------------------+----------------+
| Ubuntu 20.04 | PASS |
+-------------------------------+----------------+
| Windows Server 2022 | PASS |
+-------------------------------+----------------+
| Ubuntu 24.04 | PASS |
+-------------------------------+----------------+
==== Unit test summary for CentOS Stream 10 (dpdk_unit_test): ====
ninja: Entering directory `/root/workspace/Generic-Unit-Test-DPDK/dpdk/build'
ninja: no work to do.
1/120 DPDK:fast-tests / acl_autotest OK 2.30s
2/120 DPDK:fast-tests / alarm_autotest OK 1.18s
3/120 DPDK:fast-tests / argparse_autotest OK 0.18s
4/120 DPDK:fast-tests / atomic_autotest OK 0.36s
5/120 DPDK:fast-tests / bitcount_autotest OK 0.19s
6/120 DPDK:fast-tests / bitmap_autotest OK 0.18s
7/120 DPDK:fast-tests / bitops_autotest OK 1.68s
8/120 DPDK:fast-tests / bitratestats_autotest OK 0.18s
9/120 DPDK:fast-tests / bitset_autotest OK 1.41s
10/120 DPDK:fast-tests / bpf_autotest OK 0.18s
11/120 DPDK:fast-tests / bpf_convert_autotest OK 0.18s
12/120 DPDK:fast-tests / byteorder_autotest OK 0.18s
13/120 DPDK:fast-tests / cfgfile_autotest OK 0.18s
14/120 DPDK:fast-tests / cksum_autotest OK 0.18s
15/120 DPDK:fast-tests / cmdline_autotest OK 0.18s
16/120 DPDK:fast-tests / common_autotest OK 0.50s
17/120 DPDK:fast-tests / compressdev_autotest SKIP 0.15s exit status 77
18/120 DPDK:fast-tests / cpuflags_autotest OK 0.19s
19/120 DPDK:fast-tests / crc_autotest OK 0.18s
20/120 DPDK:fast-tests / user_delay_us OK 0.18s
21/120 DPDK:fast-tests / debug_autotest OK 1.31s
22/120 DPDK:fast-tests / devargs_autotest OK 0.18s
23/120 DPDK:fast-tests / dispatcher_autotest SKIP 0.15s exit status 77
24/120 DPDK:fast-tests / distributor_autotest OK 0.85s
25/120 DPDK:fast-tests / eal_flags_c_opt_autotest OK 0.90s
26/120 DPDK:fast-tests / eal_flags_main_opt_autotest OK 0.33s
27/120 DPDK:fast-tests / eal_flags_n_opt_autotest OK 0.49s
28/120 DPDK:fast-tests / eal_flags_hpet_autotest OK 0.23s
29/120 DPDK:fast-tests / eal_flags_no_huge_autotest OK 0.49s
30/120 DPDK:fast-tests / eal_flags_a_opt_autotest OK 0.43s
31/120 DPDK:fast-tests / eal_flags_b_opt_autotest OK 0.36s
32/120 DPDK:fast-tests / eal_flags_vdev_opt_autotest OK 0.60s
33/120 DPDK:fast-tests / eal_flags_r_opt_autotest OK 0.30s
34/120 DPDK:fast-tests / eal_flags_mem_autotest OK 0.78s
35/120 DPDK:fast-tests / eal_flags_file_prefix_autotest OK 4.54s
36/120 DPDK:fast-tests / eal_flags_misc_autotest FAIL 2.93s killed by signal 11 SIGSEGV
>>> MALLOC_PERTURB_=11 DPDK_TEST=eal_flags_misc_autotest /root/workspace/Generic-Unit-Test-DPDK/dpdk/build/app/dpdk-test
37/120 DPDK:fast-tests / eal_fs_autotest OK 0.20s
38/120 DPDK:fast-tests / errno_autotest OK 0.18s
39/120 DPDK:fast-tests / ethdev_link_status OK 0.18s
40/120 DPDK:fast-tests / event_eth_tx_adapter_autotest OK 0.47s
41/120 DPDK:fast-tests / event_ring_autotest OK 0.19s
42/120 DPDK:fast-tests / eventdev_common_autotest OK 0.18s
43/120 DPDK:fast-tests / eventdev_selftest_sw OK 0.23s
44/120 DPDK:fast-tests / fbarray_autotest OK 0.18s
45/120 DPDK:fast-tests / fib_autotest OK 0.81s
46/120 DPDK:fast-tests / fib6_autotest OK 0.72s
47/120 DPDK:fast-tests / func_reentrancy_autotest OK 0.53s
48/120 DPDK:fast-tests / graph_autotest OK 0.19s
49/120 DPDK:fast-tests / node_list_dump OK 0.18s
50/120 DPDK:fast-tests / graph_feature_arc_autotest OK 0.18s
51/120 DPDK:fast-tests / hash_autotest OK 0.30s
52/120 DPDK:fast-tests / hash_readwrite_func_autotest SKIP 0.15s exit status 77
53/120 DPDK:fast-tests / interrupt_autotest OK 1.21s
54/120 DPDK:fast-tests / ipfrag_autotest OK 0.15s
55/120 DPDK:fast-tests / ipsec_autotest SKIP 0.19s exit status 77
56/120 DPDK:fast-tests / kvargs_autotest OK 0.18s
57/120 DPDK:fast-tests / latencystats_autotest OK 0.18s
58/120 DPDK:fast-tests / lcore_var_autotest OK 0.34s
59/120 DPDK:fast-tests / lcores_autotest OK 0.79s
60/120 DPDK:fast-tests / logs_autotest OK 0.18s
61/120 DPDK:fast-tests / lpm_autotest OK 0.75s
62/120 DPDK:fast-tests / lpm6_autotest OK 1.84s
63/120 DPDK:fast-tests / malloc_autotest OK 0.40s
64/120 DPDK:fast-tests / mbuf_autotest OK 0.48s
65/120 DPDK:fast-tests / mcslock_autotest OK 0.42s
66/120 DPDK:fast-tests / member_autotest OK 0.89s
67/120 DPDK:fast-tests / memcpy_autotest OK 2.10s
68/120 DPDK:fast-tests / memory_autotest OK 0.15s
69/120 DPDK:fast-tests / mempool_autotest OK 0.44s
70/120 DPDK:fast-tests / memzone_autotest OK 0.16s
71/120 DPDK:fast-tests / meter_autotest OK 0.19s
72/120 DPDK:fast-tests / metrics_autotest OK 0.18s
73/120 DPDK:fast-tests / multiprocess_autotest OK 0.29s
74/120 DPDK:fast-tests / net_ether_autotest OK 0.48s
75/120 DPDK:fast-tests / net_ipv6_autotest OK 0.18s
76/120 DPDK:fast-tests / pcapng_autotest OK 7.35s
77/120 DPDK:fast-tests / pdcp_autotest SKIP 0.15s exit status 77
78/120 DPDK:fast-tests / pdump_autotest OK 0.37s
79/120 DPDK:fast-tests / per_lcore_autotest OK 0.28s
80/120 DPDK:fast-tests / pflock_autotest OK 0.28s
81/120 DPDK:fast-tests / pie_autotest OK 0.18s
82/120 DPDK:fast-tests / ring_pmd_autotest OK 0.18s
83/120 DPDK:fast-tests / power_autotest OK 0.18s
84/120 DPDK:fast-tests / power_cpufreq_autotest SKIP 0.15s exit status 77
85/120 DPDK:fast-tests / power_intel_uncore_autotest SKIP 0.19s exit status 77
86/120 DPDK:fast-tests / power_kvm_vm_autotest SKIP 0.15s exit status 77
87/120 DPDK:fast-tests / prefetch_autotest OK 0.19s
88/120 DPDK:fast-tests / ptr_compress_autotest OK 0.18s
89/120 DPDK:fast-tests / rawdev_autotest OK 0.18s
90/120 DPDK:fast-tests / rcu_qsbr_autotest OK 0.28s
91/120 DPDK:fast-tests / reorder_autotest OK 0.32s
92/120 DPDK:fast-tests / rib_autotest OK 3.93s
93/120 DPDK:fast-tests / rib6_autotest OK 3.96s
94/120 DPDK:fast-tests / ring_autotest OK 0.19s
95/120 DPDK:fast-tests / rwlock_test1_autotest OK 0.28s
96/120 DPDK:fast-tests / rwlock_rda_autotest OK 5.18s
97/120 DPDK:fast-tests / rwlock_rds_wrm_autotest OK 5.18s
98/120 DPDK:fast-tests / rwlock_rde_wro_autotest OK 5.18s
99/120 DPDK:fast-tests / sched_autotest OK 0.18s
100/120 DPDK:fast-tests / security_autotest OK 0.15s
101/120 DPDK:fast-tests / seqlock_autotest SKIP 0.19s exit status 77
102/120 DPDK:fast-tests / service_autotest OK 0.28s
103/120 DPDK:fast-tests / soring_autotest OK 0.18s
104/120 DPDK:fast-tests / spinlock_autotest OK 0.19s
105/120 DPDK:fast-tests / stack_autotest OK 0.20s
106/120 DPDK:fast-tests / stack_lf_autotest OK 0.23s
107/120 DPDK:fast-tests / string_autotest OK 0.19s
108/120 DPDK:fast-tests / table_autotest OK 4.92s
109/120 DPDK:fast-tests / tailq_autotest OK 0.18s
110/120 DPDK:fast-tests / telemetry_data_autotest OK 0.18s
111/120 DPDK:fast-tests / telemetry_json_autotest OK 0.18s
112/120 DPDK:fast-tests / thash_autotest OK 0.19s
113/120 DPDK:fast-tests / threads_autotest OK 0.33s
114/120 DPDK:fast-tests / ticketlock_autotest OK 0.19s
115/120 DPDK:fast-tests / timer_autotest OK 2.50s
116/120 DPDK:fast-tests / trace_autotest OK 0.20s
117/120 DPDK:fast-tests / trace_autotest_with_traces OK 0.19s
118/120 DPDK:fast-tests / vdev_autotest OK 0.18s
119/120 DPDK:fast-tests / version_autotest OK 0.18s
120/120 DPDK:fast-tests / telemetry_all SKIP 0.01s exit status 77
Ok: 109
Expected Fail: 0
Fail: 1
Unexpected Pass: 0
Skipped: 10
Timeout: 0
Full log written to /root/workspace/Generic-Unit-Test-DPDK/dpdk/build/meson-logs/testlog.txt
Test log output from the failed test eal_flags_misc_autotest:
Sorry, we were not able to find the logs for this test.
Download the log output from the CI site for this test run.
==== End log output ====
Fedora Linux 41
Kernel: 5.15
Compiler: gcc gcc (GCC) 14.3.1 20250523 (Red Hat 14.3.1-1)
CentOS Stream 9
Kernel: 5.15
Compiler: gcc gcc (GCC) 11.5.0 20240719 (Red Hat 11.5.0-11)
Fedora Linux 40
Kernel: 5.15
Compiler: clang gcc (GCC) 14.2.1 20240912 (Red Hat 14.2.1-3)
CentOS Stream 10
Kernel: 5.15
Compiler: gcc gcc (GCC) 14.2.1 20250110 (Red Hat 14.2.1-8)
Fedora Linux 42
Kernel: 5.15
Compiler: gcc gcc (GCC) 15.2.1 20250808 (Red Hat 15.2.1-1)
Debian GNU/Linux 12
Kernel: 5.15
Compiler: gcc gcc (Debian 12.2.0-14+deb12u1) 12.2.0
Red Hat Enterprise Linux 9.5
Kernel: 5.15
Compiler: gcc gcc (GCC) 11.5.0 20240719 (Red Hat 11.5.0-2)
Red Hat Enterprise Linux 8.10
Kernel: 5.15
Compiler: gcc gcc (GCC) 8.5.0 20210514 (Red Hat 8.5.0-22)
Ubuntu 22.04
Kernel: 5.15
Compiler: gcc gcc (Ubuntu 11.4.0-1ubuntu1~22.04) 11.4.0
Ubuntu 20.04
Kernel: 5.15
Compiler: gcc gcc (Ubuntu 9.4.0-1ubuntu1~20.04.2) 9.4.0
Windows Server 2022
Kernel: 10.0.20348.2031
Compiler: clang 15.0.7, gcc 14.1.0 (MinGW), and MSVC VS 19.39.33521
Ubuntu 24.04
Kernel: 5.15
Compiler: gcc gcc (Ubuntu 13.3.0-6ubuntu2~24.04) 13.3.0
To view detailed results, visit:
https://lab.dpdk.org/results/dashboard/patchsets/34386/
UNH-IOL DPDK Community Lab
To manage your email subscriptions, visit:
https://lab.dpdk.org/results/dashboard/preferences/subscriptions/
^ permalink raw reply [flat|nested] 29+ messages in thread
* |SUCCESS| pw158111-158112 [PATCH] [2/2] ethdev: support hide zero wh
[not found] <20251025094239.4915-3-fengchengwen@huawei.com>
` (17 preceding siblings ...)
2025-10-25 10:48 ` |FAILURE| " dpdklab
@ 2025-10-25 10:57 ` dpdklab
2025-10-25 11:03 ` |WARNING| " dpdklab
` (9 subsequent siblings)
28 siblings, 0 replies; 29+ messages in thread
From: dpdklab @ 2025-10-25 10:57 UTC (permalink / raw)
To: Test Report; +Cc: dpdk-test-reports, Stephen Hemminger
Test-Label: iol-intel-Functional
Test-Status: SUCCESS
http://dpdk.org/patch/158112
_Functional Testing PASS_
Submitter: Chengwen Feng <fengchengwen@huawei.com>
Date: Saturday, October 25 2025 09:42:39
DPDK git baseline: Repo:dpdk-next-net
Branch: master
CommitID:9021d763e846b75743f0a596e4b2995713e6cd4c
158111-158112 --> functional testing pass
Upstream job id: Template-DTS-Pipeline#251336
Test environment and result as below:
Ubuntu 24.04
Kernel: 6.8
Compiler: gcc gcc (Ubuntu 13.3.0-6ubuntu2~24.04) 13.3.0
NIC: Intel E810 (Arm Grace Server) 100000 Mbps
Aggregate Results by Test Suite
+------------+--------+
| Test Suite | Result |
+============+========+
| blocklist | PASS |
+------------+--------+
| uni_pkt | PASS |
+------------+--------+
Ubuntu 24.04 LTS
Kernel: 6.8.0-44-generic
Compiler: gcc 13.2.0
NIC: Intel Corporation Ethernet Controller XL710 for 40GbE QSFP+ 40 Mbps
Aggregate Results by Test Suite
+--------------------+--------+
| Test Suite | Result |
+====================+========+
| blocklist | PASS |
+--------------------+--------+
| uni_pkt | PASS |
+--------------------+--------+
| promisc_support | PASS |
+--------------------+--------+
| dynamic_queue_conf | PASS |
+--------------------+--------+
| hello_world | PASS |
+--------------------+--------+
| l2fwd | PASS |
+--------------------+--------+
| softnic | PASS |
+--------------------+--------+
Ubuntu 24.04
Kernel: 6.8
Compiler: gcc gcc (Ubuntu 13.3.0-6ubuntu2~24.04) 13.3.0
NIC: Intel Corporation 4xxx Series QAT 0 Mbps
Aggregate Results by Test Suite
+----------------------------+--------+
| Test Suite | Result |
+============================+========+
| crypto_perf_cryptodev_perf | PASS |
+----------------------------+--------+
Ubuntu 22.04
Kernel: 5.15
Compiler: gcc gcc (Ubuntu 11.4.0-1ubuntu1~22.04.2) 11.4.0
NIC: Intel Corporation QAT 8970 0 Mbps
Aggregate Results by Test Suite
+----------------------------+--------+
| Test Suite | Result |
+============================+========+
| crypto_perf_cryptodev_perf | PASS |
+----------------------------+--------+
Ubuntu 20.04
Kernel: 5.4
Compiler: gcc gcc (Ubuntu 9.4.0-1ubuntu1~20.04.1) 9.4.0
NIC: Intel Corporation Ethernet Converged Network Adapter XL710-QDA2 40000 Mbps
Aggregate Results by Test Suite
+-----------------------------+--------+
| Test Suite | Result |
+=============================+========+
| unit_tests_mbuf | PASS |
+-----------------------------+--------+
| vhost_virtio_user_interrupt | PASS |
+-----------------------------+--------+
| virtio_smoke | PASS |
+-----------------------------+--------+
To view detailed results, visit:
https://lab.dpdk.org/results/dashboard/patchsets/34386/
UNH-IOL DPDK Community Lab
To manage your email subscriptions, visit:
https://lab.dpdk.org/results/dashboard/preferences/subscriptions/
^ permalink raw reply [flat|nested] 29+ messages in thread
* |WARNING| pw158111-158112 [PATCH] [2/2] ethdev: support hide zero wh
[not found] <20251025094239.4915-3-fengchengwen@huawei.com>
` (18 preceding siblings ...)
2025-10-25 10:57 ` |SUCCESS| " dpdklab
@ 2025-10-25 11:03 ` dpdklab
2025-10-25 11:27 ` |SUCCESS| pw158112 [PATCH 2/2] ethdev: support hide zero when telemetry regs 0-day Robot
` (8 subsequent siblings)
28 siblings, 0 replies; 29+ messages in thread
From: dpdklab @ 2025-10-25 11:03 UTC (permalink / raw)
To: Test Report; +Cc: dpdk-test-reports, Stephen Hemminger
Test-Label: iol-sample-apps-testing
Test-Status: WARNING
http://dpdk.org/patch/158112
_Testing issues_
Submitter: Chengwen Feng <fengchengwen@huawei.com>
Date: Saturday, October 25 2025 09:42:39
DPDK git baseline: Repo:dpdk-next-net
Branch: master
CommitID:9021d763e846b75743f0a596e4b2995713e6cd4c
158111-158112 --> testing issues
Upstream job id: Template-DTS-Pipeline#251338
Test environment and result as below:
+--------------+----------------------+----------------------+
| Environment | dpdk_fips_validation | compressdev_zlib_pmd |
+==============+======================+======================+
| Ubuntu 20.04 | WARN | SKIPPED |
+--------------+----------------------+----------------------+
| Ubuntu 22.04 | SKIPPED | PASS |
+--------------+----------------------+----------------------+
==== 20 line log output for Ubuntu 20.04 (dpdk_fips_validation): ====
Traceback (most recent call last):
File "/dpdk-ci/tools/acvp/acvp_tool.py", line 368, in <module>
main(
File "/dpdk-ci/tools/acvp/acvp_tool.py", line 314, in main
with open(response_path, 'r') as upload_file:
FileNotFoundError: [Errno 2] No such file or directory: '/root/workspace/ACVP-FIPS-testing/out/hmac-sha-1-answers.rsp'
INFO:root:Using response file...
Traceback (most recent call last):
File "/dpdk-ci/tools/acvp/acvp_tool.py", line 368, in <module>
main(
File "/dpdk-ci/tools/acvp/acvp_tool.py", line 314, in main
with open(response_path, 'r') as upload_file:
FileNotFoundError: [Errno 2] No such file or directory: '/root/workspace/ACVP-FIPS-testing/out/acvp-tdes-cbc-answers.rsp'
INFO:root:Using response file...
Traceback (most recent call last):
File "/dpdk-ci/tools/acvp/acvp_tool.py", line 368, in <module>
main(
File "/dpdk-ci/tools/acvp/acvp_tool.py", line 314, in main
with open(response_path, 'r') as upload_file:
FileNotFoundError: [Errno 2] No such file or directory: '/root/workspace/ACVP-FIPS-testing/out/acvp-aes-ctr-answers.rsp'
==== End log output ====
Ubuntu 20.04
Kernel: 5.15
Compiler: gcc gcc (Ubuntu 9.4.0-1ubuntu1~20.04.2) 9.4.0
Ubuntu 22.04
Kernel: 5.15
Compiler: gcc gcc (Ubuntu 11.4.0-1ubuntu1~22.04.2) 11.4.0
To view detailed results, visit:
https://lab.dpdk.org/results/dashboard/patchsets/34386/
UNH-IOL DPDK Community Lab
To manage your email subscriptions, visit:
https://lab.dpdk.org/results/dashboard/preferences/subscriptions/
^ permalink raw reply [flat|nested] 29+ messages in thread
* |SUCCESS| pw158112 [PATCH 2/2] ethdev: support hide zero when telemetry regs
[not found] <20251025094239.4915-3-fengchengwen@huawei.com>
` (19 preceding siblings ...)
2025-10-25 11:03 ` |WARNING| " dpdklab
@ 2025-10-25 11:27 ` 0-day Robot
2025-10-25 11:27 ` 0-day Robot
` (7 subsequent siblings)
28 siblings, 0 replies; 29+ messages in thread
From: 0-day Robot @ 2025-10-25 11:27 UTC (permalink / raw)
To: test-report; +Cc: robot
From: robot@bytheb.org
Test-Label: github-robot: build
Test-Status: SUCCESS
http://patchwork.dpdk.org/patch/158112/
_github build: passed_
Build URL: https://github.com/ovsrobot/dpdk/actions/runs/18801762256
^ permalink raw reply [flat|nested] 29+ messages in thread
* |SUCCESS| pw158112 [PATCH 2/2] ethdev: support hide zero when telemetry regs
[not found] <20251025094239.4915-3-fengchengwen@huawei.com>
` (20 preceding siblings ...)
2025-10-25 11:27 ` |SUCCESS| pw158112 [PATCH 2/2] ethdev: support hide zero when telemetry regs 0-day Robot
@ 2025-10-25 11:27 ` 0-day Robot
2025-10-26 1:34 ` |WARNING| pw158111-158112 [PATCH] [2/2] ethdev: support hide zero wh dpdklab
` (6 subsequent siblings)
28 siblings, 0 replies; 29+ messages in thread
From: 0-day Robot @ 2025-10-25 11:27 UTC (permalink / raw)
To: test-report; +Cc: robot
From: robot@bytheb.org
Test-Label: github-robot-post
Test-Status: SUCCESS
http://patchwork.dpdk.org/patch/158112/
_github post: success_
HTML Link: https://github.com/ovsrobot/dpdk/pull/242
^ permalink raw reply [flat|nested] 29+ messages in thread
* |WARNING| pw158111-158112 [PATCH] [2/2] ethdev: support hide zero wh
[not found] <20251025094239.4915-3-fengchengwen@huawei.com>
` (21 preceding siblings ...)
2025-10-25 11:27 ` 0-day Robot
@ 2025-10-26 1:34 ` dpdklab
2025-10-26 2:13 ` dpdklab
` (5 subsequent siblings)
28 siblings, 0 replies; 29+ messages in thread
From: dpdklab @ 2025-10-26 1:34 UTC (permalink / raw)
To: Test Report; +Cc: dpdk-test-reports, Stephen Hemminger
Test-Label: iol-compile-amd64-testing
Test-Status: WARNING
http://dpdk.org/patch/158112
_Testing issues_
Submitter: Chengwen Feng <fengchengwen@huawei.com>
Date: Saturday, October 25 2025 09:42:39
DPDK git baseline: Repo:dpdk-next-net
Branch: master
CommitID:9021d763e846b75743f0a596e4b2995713e6cd4c
158111-158112 --> testing issues
Upstream job id: Generic-DPDK-Compile-Meson#437869
Test environment and result as below:
+---------------------+--------------------+-------------------------+-------------------+----------------------+-------------------+------------------+
| Environment | dpdk_meson_compile | dpdk_llvm_clang_compile | dpdk_msvc_compile | dpdk_mingw64_compile | dpdk_compile_spdk | dpdk_compile_ovs |
+=====================+====================+=========================+===================+======================+===================+==================+
| Ubuntu 20.04 | PASS | SKIPPED | SKIPPED | SKIPPED | SKIPPED | SKIPPED |
+---------------------+--------------------+-------------------------+-------------------+----------------------+-------------------+------------------+
| FreeBSD 14.2 | PASS | SKIPPED | SKIPPED | SKIPPED | SKIPPED | SKIPPED |
+---------------------+--------------------+-------------------------+-------------------+----------------------+-------------------+------------------+
| CentOS Stream 9 | PASS | SKIPPED | SKIPPED | SKIPPED | WARN | SKIPPED |
+---------------------+--------------------+-------------------------+-------------------+----------------------+-------------------+------------------+
| CentOS Stream 10 | PASS | SKIPPED | SKIPPED | SKIPPED | SKIPPED | SKIPPED |
+---------------------+--------------------+-------------------------+-------------------+----------------------+-------------------+------------------+
| Debian GNU/Linux 12 | PEND | SKIPPED | SKIPPED | SKIPPED | PEND | SKIPPED |
+---------------------+--------------------+-------------------------+-------------------+----------------------+-------------------+------------------+
| Fedora Linux 42 | PEND | SKIPPED | SKIPPED | SKIPPED | PEND | PEND |
+---------------------+--------------------+-------------------------+-------------------+----------------------+-------------------+------------------+
| Windows Server 2022 | SKIPPED | PASS | PASS | PASS | SKIPPED | SKIPPED |
+---------------------+--------------------+-------------------------+-------------------+----------------------+-------------------+------------------+
==== 20 line log output for CentOS Stream 9 (dpdk_compile_spdk): ====
--- Failed to get log output ---
==== End log output ====
Ubuntu 20.04
Kernel: 4.19
Compiler: gcc gcc (Ubuntu 9.4.0-1ubuntu1~20.04.2) 9.4.0
FreeBSD 14.2
Kernel: 14.2-RELEASE
Compiler: clang 18.1.6
CentOS Stream 9
Kernel: 5.15
Compiler: gcc gcc (GCC) 11.5.0 20240719 (Red Hat 11.5.0-11)
CentOS Stream 10
Kernel: 5.15
Compiler: gcc gcc (GCC) 14.2.1 20250110 (Red Hat 14.2.1-8)
Debian GNU/Linux 12
Kernel: 5.15
Compiler: gcc gcc (Debian 12.2.0-14+deb12u1) 12.2.0
Fedora Linux 42
Kernel: 5.15
Compiler: clang gcc (GCC) 15.2.1 20250808 (Red Hat 15.2.1-1)
Windows Server 2022
Kernel: 10.0.20348.2031
Compiler: clang 15.0.7, gcc 14.1.0 (MinGW), and MSVC VS 19.39.33521
To view detailed results, visit:
https://lab.dpdk.org/results/dashboard/patchsets/34386/
UNH-IOL DPDK Community Lab
To manage your email subscriptions, visit:
https://lab.dpdk.org/results/dashboard/preferences/subscriptions/
^ permalink raw reply [flat|nested] 29+ messages in thread
* |WARNING| pw158111-158112 [PATCH] [2/2] ethdev: support hide zero wh
[not found] <20251025094239.4915-3-fengchengwen@huawei.com>
` (22 preceding siblings ...)
2025-10-26 1:34 ` |WARNING| pw158111-158112 [PATCH] [2/2] ethdev: support hide zero wh dpdklab
@ 2025-10-26 2:13 ` dpdklab
2025-10-26 2:18 ` |PENDING| " dpdklab
` (4 subsequent siblings)
28 siblings, 0 replies; 29+ messages in thread
From: dpdklab @ 2025-10-26 2:13 UTC (permalink / raw)
To: Test Report; +Cc: dpdk-test-reports, Stephen Hemminger
Test-Label: iol-compile-amd64-testing
Test-Status: WARNING
http://dpdk.org/patch/158112
_Testing issues_
Submitter: Chengwen Feng <fengchengwen@huawei.com>
Date: Saturday, October 25 2025 09:42:39
DPDK git baseline: Repo:dpdk-next-net
Branch: master
CommitID:9021d763e846b75743f0a596e4b2995713e6cd4c
158111-158112 --> testing issues
Upstream job id: Generic-DPDK-Compile-Meson#437881
Test environment and result as below:
+-------------------------------+--------------------+-------------------------+-------------------+----------------------+-------------------+------------------+
| Environment | dpdk_meson_compile | dpdk_llvm_clang_compile | dpdk_msvc_compile | dpdk_mingw64_compile | dpdk_compile_spdk | dpdk_compile_ovs |
+===============================+====================+=========================+===================+======================+===================+==================+
| Ubuntu 20.04 | PASS | SKIPPED | SKIPPED | SKIPPED | SKIPPED | SKIPPED |
+-------------------------------+--------------------+-------------------------+-------------------+----------------------+-------------------+------------------+
| FreeBSD 14.2 | PASS | SKIPPED | SKIPPED | SKIPPED | SKIPPED | SKIPPED |
+-------------------------------+--------------------+-------------------------+-------------------+----------------------+-------------------+------------------+
| CentOS Stream 9 | PASS | SKIPPED | SKIPPED | SKIPPED | WARN | SKIPPED |
+-------------------------------+--------------------+-------------------------+-------------------+----------------------+-------------------+------------------+
| CentOS Stream 10 | PASS | SKIPPED | SKIPPED | SKIPPED | SKIPPED | SKIPPED |
+-------------------------------+--------------------+-------------------------+-------------------+----------------------+-------------------+------------------+
| Debian GNU/Linux 12 | PASS | SKIPPED | SKIPPED | SKIPPED | WARN | SKIPPED |
+-------------------------------+--------------------+-------------------------+-------------------+----------------------+-------------------+------------------+
| Fedora Linux 42 | PASS | SKIPPED | SKIPPED | SKIPPED | WARN | PASS |
+-------------------------------+--------------------+-------------------------+-------------------+----------------------+-------------------+------------------+
| openSUSE Leap 15.6 | PASS | SKIPPED | SKIPPED | SKIPPED | SKIPPED | SKIPPED |
+-------------------------------+--------------------+-------------------------+-------------------+----------------------+-------------------+------------------+
| Red Hat Enterprise Linux 8.10 | PASS | SKIPPED | SKIPPED | SKIPPED | SKIPPED | SKIPPED |
+-------------------------------+--------------------+-------------------------+-------------------+----------------------+-------------------+------------------+
| Red Hat Enterprise Linux 9.5 | PASS | SKIPPED | SKIPPED | SKIPPED | SKIPPED | SKIPPED |
+-------------------------------+--------------------+-------------------------+-------------------+----------------------+-------------------+------------------+
| Ubuntu 22.04 | PASS | SKIPPED | SKIPPED | SKIPPED | WARN | SKIPPED |
+-------------------------------+--------------------+-------------------------+-------------------+----------------------+-------------------+------------------+
| Ubuntu 24.04 | PASS | SKIPPED | SKIPPED | SKIPPED | WARN | PASS |
+-------------------------------+--------------------+-------------------------+-------------------+----------------------+-------------------+------------------+
| Alpine Linux 3.22.0 | PASS | SKIPPED | SKIPPED | SKIPPED | SKIPPED | SKIPPED |
+-------------------------------+--------------------+-------------------------+-------------------+----------------------+-------------------+------------------+
| Windows Server 2022 | SKIPPED | PASS | PASS | PASS | SKIPPED | SKIPPED |
+-------------------------------+--------------------+-------------------------+-------------------+----------------------+-------------------+------------------+
==== 20 line log output for Ubuntu 24.04 (dpdk_compile_spdk): ====
--- Failed to get log output ---
==== End log output ====
Ubuntu 20.04
Kernel: 4.19
Compiler: gcc gcc (Ubuntu 9.4.0-1ubuntu1~20.04.2) 9.4.0
FreeBSD 14.2
Kernel: 14.2-RELEASE
Compiler: clang 18.1.6
CentOS Stream 9
Kernel: 5.15
Compiler: gcc gcc (GCC) 11.5.0 20240719 (Red Hat 11.5.0-11)
CentOS Stream 10
Kernel: 5.15
Compiler: gcc gcc (GCC) 14.2.1 20250110 (Red Hat 14.2.1-8)
Debian GNU/Linux 12
Kernel: 5.15
Compiler: gcc gcc (Debian 12.2.0-14+deb12u1) 12.2.0
Fedora Linux 42
Kernel: 5.15
Compiler: clang gcc (GCC) 15.2.1 20250808 (Red Hat 15.2.1-1)
openSUSE Leap 15.6
Kernel: 5.15
Compiler: gcc gcc (SUSE Linux) 7.5.0
Red Hat Enterprise Linux 8.10
Kernel: 5.15
Compiler: gcc gcc (GCC) 8.5.0 20210514 (Red Hat 8.5.0-22)
Red Hat Enterprise Linux 9.5
Kernel: 5.15
Compiler: gcc gcc (GCC) 11.5.0 20240719 (Red Hat 11.5.0-2)
Ubuntu 22.04
Kernel: 5.15
Compiler: gcc gcc (Ubuntu 11.4.0-1ubuntu1~22.04) 11.4.0
Ubuntu 24.04
Kernel: 5.15
Compiler: gcc gcc (Ubuntu 13.3.0-6ubuntu2~24.04) 13.3.0
Alpine Linux 3.22.0
Kernel: 5.15
Compiler: gcc gcc (Alpine 14.2.0) 14.2.0
Windows Server 2022
Kernel: 10.0.20348.2031
Compiler: clang 15.0.7, gcc 14.1.0 (MinGW), and MSVC VS 19.39.33521
To view detailed results, visit:
https://lab.dpdk.org/results/dashboard/patchsets/34386/
UNH-IOL DPDK Community Lab
To manage your email subscriptions, visit:
https://lab.dpdk.org/results/dashboard/preferences/subscriptions/
^ permalink raw reply [flat|nested] 29+ messages in thread
* |PENDING| pw158111-158112 [PATCH] [2/2] ethdev: support hide zero wh
[not found] <20251025094239.4915-3-fengchengwen@huawei.com>
` (23 preceding siblings ...)
2025-10-26 2:13 ` dpdklab
@ 2025-10-26 2:18 ` dpdklab
2025-10-26 3:28 ` |FAILURE| " dpdklab
` (3 subsequent siblings)
28 siblings, 0 replies; 29+ messages in thread
From: dpdklab @ 2025-10-26 2:18 UTC (permalink / raw)
To: Test Report; +Cc: dpdk-test-reports
Test-Label: iol-compile-arm64-testing
Test-Status: PENDING
http://dpdk.org/patch/158112
_Testing pending_
Submitter: Chengwen Feng <fengchengwen@huawei.com>
Date: Saturday, October 25 2025 09:42:39
DPDK git baseline: Repo:dpdk-next-net
Branch: master
CommitID:9021d763e846b75743f0a596e4b2995713e6cd4c
158111-158112 --> testing pending
Upstream job id: Generic-DPDK-Compile-Meson#437883
Test environment and result as below:
+------------------------------+--------------------+
| Environment | dpdk_meson_compile |
+==============================+====================+
| Red Hat Enterprise Linux 9.5 | PEND |
+------------------------------+--------------------+
| Ubuntu 20.04 | PEND |
+------------------------------+--------------------+
Red Hat Enterprise Linux 9.5
Kernel: 5.4
Compiler: gcc gcc (GCC) 11.5.0 20240719 (Red Hat 11.5.0-2)
Ubuntu 20.04
Kernel: 5.15
Compiler: aarch64-linux-gnu-gcc gcc (Ubuntu 9.4.0-1ubuntu1~20.04.2) 9.4.0
To view detailed results, visit:
https://lab.dpdk.org/results/dashboard/patchsets/34386/
UNH-IOL DPDK Community Lab
To manage your email subscriptions, visit:
https://lab.dpdk.org/results/dashboard/preferences/subscriptions/
^ permalink raw reply [flat|nested] 29+ messages in thread
* |FAILURE| pw158111-158112 [PATCH] [2/2] ethdev: support hide zero wh
[not found] <20251025094239.4915-3-fengchengwen@huawei.com>
` (24 preceding siblings ...)
2025-10-26 2:18 ` |PENDING| " dpdklab
@ 2025-10-26 3:28 ` dpdklab
2025-10-26 4:25 ` dpdklab
` (2 subsequent siblings)
28 siblings, 0 replies; 29+ messages in thread
From: dpdklab @ 2025-10-26 3:28 UTC (permalink / raw)
To: Test Report; +Cc: dpdk-test-reports, Stephen Hemminger, Chengwen Feng
Test-Label: iol-compile-arm64-testing
Test-Status: FAILURE
http://dpdk.org/patch/158112
_Testing issues_
Submitter: Chengwen Feng <fengchengwen@huawei.com>
Date: Saturday, October 25 2025 09:42:39
DPDK git baseline: Repo:dpdk-next-net
Branch: master
CommitID:9021d763e846b75743f0a596e4b2995713e6cd4c
158111-158112 --> testing issues
Upstream job id: Generic-DPDK-Compile-Meson#437894
Test environment and result as below:
+------------------------------+--------------------+
| Environment | dpdk_meson_compile |
+==============================+====================+
| Red Hat Enterprise Linux 9.5 | PEND |
+------------------------------+--------------------+
| Ubuntu 20.04 | FAIL |
+------------------------------+--------------------+
| Debian GNU/Linux 12 | PEND |
+------------------------------+--------------------+
| Fedora Linux 42 | PEND |
+------------------------------+--------------------+
| Ubuntu 22.04 | PEND |
+------------------------------+--------------------+
| Ubuntu 24.04 | PEND |
+------------------------------+--------------------+
| CentOS Stream 9 | PEND |
+------------------------------+--------------------+
| CentOS Stream 10 | PEND |
+------------------------------+--------------------+
==== 20 line log output for Ubuntu 20.04 (dpdk_meson_compile): ====
[2076/3786] Generating rte_net_ionic.pmd.c with a custom command
[2077/3786] Compiling C object drivers/librte_net_ionic.a.p/meson-generated_.._rte_net_ionic.pmd.c.o
[2078/3786] Linking static target drivers/librte_net_ionic.a
[2079/3786] Compiling C object drivers/librte_net_ionic.so.26.0.p/meson-generated_.._rte_net_ionic.pmd.c.o
[2080/3786] Generating rte_net_ionic_map with a custom command
[2081/3786] Generating rte_net_ionic.sym_chk with a custom command (wrapped by meson to capture output)
[2082/3786] Compiling C object drivers/net/macb/base/libmacb_base.a.p/generic_phy.c.o
[2083/3786] Compiling C object drivers/net/macb/base/libmacb_base.a.p/macb_uio.c.o
[2084/3786] Compiling C object drivers/libtmp_rte_net_macb.a.p/net_macb_macb_ethdev.c.o
[2085/3786] Linking target drivers/librte_net_ionic.so.26.0
[2086/3786] Linking static target drivers/net/macb/base/libmacb_base.a
[2087/3786] Compiling C object drivers/libtmp_rte_net_macb.a.p/net_macb_macb_rxtx.c.o
[2088/3786] Compiling C object drivers/libtmp_rte_net_macb.a.p/net_macb_macb_rxtx_vec_neon.c.o
FAILED: drivers/libtmp_rte_net_macb.a.p/net_macb_macb_rxtx_vec_neon.c.o
ccache clang -Idrivers/libtmp_rte_net_macb.a.p -Idrivers -I../drivers -Idrivers/net/macb -I../drivers/net/macb -Idrivers/net/macb/base -I../drivers/net/macb/base -Ilib/ethdev -I../lib/ethdev -Ilib/eal/common -I../lib/eal/common -I. -I.. -Iconfig -I../config -Ilib/eal/include -I../lib/eal/include -Ilib/eal/linux/include -I../lib/eal/linux/include -Ilib/eal/arm/include -I../lib/eal/arm/include -I../kernel/linux -Ilib/eal -I../lib/eal -Ilib/kvargs -I../lib/kvargs -Ilib/log -I../lib/log -Ilib/metrics -I../lib/metrics -Ilib/telemetry -I../lib/telemetry -Ilib/argparse -I../lib/argparse -Ilib/net -I../lib/net -Ilib/mbuf -I../lib/mbuf -Ilib/mempool -I../lib/mempool -Ilib/ring -I../lib/ring -Ilib/meter -I../lib/meter -Idrivers/bus/pci -I../drivers/bus/pci -I../drivers/bus/pci/linux -Ilib/pci -I../lib/pci -Idrivers/bus/vdev -I../drivers/bus/vdev -Xclang -fcolor-diagnostics -pipe -D_FILE_OFFSET_BITS=64 -Wall -Winvalid-pch -Wextra -Werror -std=c11 -O3 -include rte_config.h -Wvla -Wcast-qual -Wco
mma -Wdeprecated -Wformat -Wformat-nonliteral -Wformat-security -Wmissing-declarations -Wmissing-prototypes -Wnested-externs -Wold-style-definition -Wpointer-arith -Wsign-compare -Wstrict-prototypes -Wundef -Wwrite-strings -Wno-missing-field-initializers -D_GNU_SOURCE -target aarch64-linux-gnu --sysroot /usr/aarch64-linux-gnu -fPIC -march=armv8-a+crc -DALLOW_EXPERIMENTAL_API -DALLOW_INTERNAL_API -Wno-address-of-packed-member -Wno-comma -DRTE_LOG_DEFAULT_LOGTYPE=pmd.net.macb -DRTE_ANNOTATE_LOCKS -Wthread-safety -MD -MQ drivers/libtmp_rte_net_macb.a.p/net_macb_macb_rxtx_vec_neon.c.o -MF drivers/libtmp_rte_net_macb.a.p/net_macb_macb_rxtx_vec_neon.c.o.d -o drivers/libtmp_rte_net_macb.a.p/net_macb_macb_rxtx_vec_neon.c.o -c ../drivers/net/macb/macb_rxtx_vec_neon.c
../drivers/net/macb/macb_rxtx_vec_neon.c:59:30: error: cast from 'unsigned long volatile (*)[1]' to 'unsigned long *' drops volatile qualifier [-Werror,-Wcast-qual]
vset_lane_u64(*(uint64_t *)(&mbuf.rearm_data), mbuf_initializer, 0);
^
1 error generated.
ninja: build stopped: subcommand failed.
==== End log output ====
Red Hat Enterprise Linux 9.5
Kernel: 5.4
Compiler: gcc gcc (GCC) 11.5.0 20240719 (Red Hat 11.5.0-2)
Ubuntu 20.04
Kernel: 5.15
Compiler: aarch64-linux-gnu-gcc gcc (Ubuntu 9.4.0-1ubuntu1~20.04.2) 9.4.0
Debian GNU/Linux 12
Kernel: 5.4
Compiler: gcc gcc (Debian 12.2.0-14+deb12u1) 12.2.0
Fedora Linux 42
Kernel: 5.4
Compiler: gcc gcc (GCC) 15.2.1 20250808 (Red Hat 15.2.1-1)
Ubuntu 22.04
Kernel: 5.4
Compiler: gcc gcc (Ubuntu 11.4.0-1ubuntu1~22.04) 11.4.0
Ubuntu 24.04
Kernel: 5.4
Compiler: gcc gcc (Ubuntu 13.3.0-6ubuntu2~24.04) 13.3.0
CentOS Stream 9
Kernel: 5.4
Compiler: gcc gcc (GCC) 11.5.0 20240719 (Red Hat 11.5.0-11)
CentOS Stream 10
Kernel: 5.4
Compiler: gcc gcc (GCC) 14.2.1 20250110 (Red Hat 14.2.1-8)
To view detailed results, visit:
https://lab.dpdk.org/results/dashboard/patchsets/34386/
UNH-IOL DPDK Community Lab
To manage your email subscriptions, visit:
https://lab.dpdk.org/results/dashboard/preferences/subscriptions/
^ permalink raw reply [flat|nested] 29+ messages in thread
* |FAILURE| pw158111-158112 [PATCH] [2/2] ethdev: support hide zero wh
[not found] <20251025094239.4915-3-fengchengwen@huawei.com>
` (25 preceding siblings ...)
2025-10-26 3:28 ` |FAILURE| " dpdklab
@ 2025-10-26 4:25 ` dpdklab
2025-10-26 5:18 ` |WARNING| " dpdklab
2025-10-26 7:42 ` |FAILURE| " dpdklab
28 siblings, 0 replies; 29+ messages in thread
From: dpdklab @ 2025-10-26 4:25 UTC (permalink / raw)
To: Test Report; +Cc: dpdk-test-reports, Stephen Hemminger, Chengwen Feng
Test-Label: iol-unit-arm64-testing
Test-Status: FAILURE
http://dpdk.org/patch/158112
_Testing issues_
Submitter: Chengwen Feng <fengchengwen@huawei.com>
Date: Saturday, October 25 2025 09:42:39
DPDK git baseline: Repo:dpdk-next-net
Branch: master
CommitID:9021d763e846b75743f0a596e4b2995713e6cd4c
158111-158112 --> testing issues
Upstream job id: Generic-Unit-Test-DPDK#385382
Test environment and result as below:
+------------------------------+----------------+--------------+---------------------------+------------------------------+
| Environment | dpdk_unit_test | lpm_autotest | cryptodev_sw_zuc_autotest | cryptodev_sw_snow3g_autotest |
+==============================+================+==============+===========================+==============================+
| Fedora Linux 40 | PASS | SKIPPED | SKIPPED | SKIPPED |
+------------------------------+----------------+--------------+---------------------------+------------------------------+
| CentOS Stream 9 | PASS | SKIPPED | SKIPPED | SKIPPED |
+------------------------------+----------------+--------------+---------------------------+------------------------------+
| Fedora Linux 41 | PEND | SKIPPED | SKIPPED | SKIPPED |
+------------------------------+----------------+--------------+---------------------------+------------------------------+
| Fedora Linux 42 | PEND | SKIPPED | SKIPPED | SKIPPED |
+------------------------------+----------------+--------------+---------------------------+------------------------------+
| CentOS Stream 10 | PEND | SKIPPED | SKIPPED | SKIPPED |
+------------------------------+----------------+--------------+---------------------------+------------------------------+
| Ubuntu 22.04 | PEND | SKIPPED | SKIPPED | SKIPPED |
+------------------------------+----------------+--------------+---------------------------+------------------------------+
| Debian GNU/Linux 12 | PEND | SKIPPED | SKIPPED | SKIPPED |
+------------------------------+----------------+--------------+---------------------------+------------------------------+
| Red Hat Enterprise Linux 9.5 | PEND | SKIPPED | SKIPPED | SKIPPED |
+------------------------------+----------------+--------------+---------------------------+------------------------------+
| Ubuntu 20.04 | PEND | PASS | SKIPPED | SKIPPED |
+------------------------------+----------------+--------------+---------------------------+------------------------------+
| Ubuntu 24.04 | PEND | SKIPPED | SKIPPED | SKIPPED |
+------------------------------+----------------+--------------+---------------------------+------------------------------+
| Debian 12 (arm) | SKIPPED | SKIPPED | PEND | PEND |
+------------------------------+----------------+--------------+---------------------------+------------------------------+
Fedora Linux 40
Kernel: 5.4
Compiler: clang gcc (GCC) 14.2.1 20240912 (Red Hat 14.2.1-3)
CentOS Stream 9
Kernel: 5.4
Compiler: gcc gcc (GCC) 11.5.0 20240719 (Red Hat 11.5.0-11)
Fedora Linux 41
Kernel: 5.4
Compiler: gcc gcc (GCC) 14.3.1 20250523 (Red Hat 14.3.1-1)
Fedora Linux 42
Kernel: 5.4
Compiler: gcc gcc (GCC) 15.2.1 20250808 (Red Hat 15.2.1-1)
CentOS Stream 10
Kernel: 5.4
Compiler: gcc gcc (GCC) 14.2.1 20250110 (Red Hat 14.2.1-8)
Ubuntu 22.04
Kernel: 5.15
Compiler: gcc gcc (Ubuntu 11.4.0-1ubuntu1~22.04.2) 11.4.0
Debian GNU/Linux 12
Kernel: 5.4
Compiler: gcc gcc (Debian 12.2.0-14+deb12u1) 12.2.0
Red Hat Enterprise Linux 9.5
Kernel: 5.4
Compiler: gcc gcc (GCC) 11.5.0 20240719 (Red Hat 11.5.0-2)
Ubuntu 20.04
Kernel: 5.4
Compiler: gcc gcc (Ubuntu 9.4.0-1ubuntu1~20.04.2) 9.4.0
Ubuntu 24.04
Kernel: 5.4
Compiler: gcc gcc (Ubuntu 13.3.0-6ubuntu2~24.04) 13.3.0
Debian 12 (arm)
Kernel: Depends on container host
Compiler: gcc (Debian 12.2.0-14) 12.2.0
To view detailed results, visit:
https://lab.dpdk.org/results/dashboard/patchsets/34386/
UNH-IOL DPDK Community Lab
To manage your email subscriptions, visit:
https://lab.dpdk.org/results/dashboard/preferences/subscriptions/
^ permalink raw reply [flat|nested] 29+ messages in thread
* |WARNING| pw158111-158112 [PATCH] [2/2] ethdev: support hide zero wh
[not found] <20251025094239.4915-3-fengchengwen@huawei.com>
` (26 preceding siblings ...)
2025-10-26 4:25 ` dpdklab
@ 2025-10-26 5:18 ` dpdklab
2025-10-26 7:42 ` |FAILURE| " dpdklab
28 siblings, 0 replies; 29+ messages in thread
From: dpdklab @ 2025-10-26 5:18 UTC (permalink / raw)
To: Test Report; +Cc: dpdk-test-reports, Stephen Hemminger
Test-Label: iol-unit-arm64-testing
Test-Status: WARNING
http://dpdk.org/patch/158112
_Testing issues_
Submitter: Chengwen Feng <fengchengwen@huawei.com>
Date: Saturday, October 25 2025 09:42:39
DPDK git baseline: Repo:dpdk-next-net
Branch: master
CommitID:9021d763e846b75743f0a596e4b2995713e6cd4c
158111-158112 --> testing issues
Upstream job id: Generic-Unit-Test-DPDK#385396
Test environment and result as below:
+------------------------------+----------------+--------------+---------------------------+------------------------------+
| Environment | dpdk_unit_test | lpm_autotest | cryptodev_sw_zuc_autotest | cryptodev_sw_snow3g_autotest |
+==============================+================+==============+===========================+==============================+
| Fedora Linux 40 | PASS | SKIPPED | SKIPPED | SKIPPED |
+------------------------------+----------------+--------------+---------------------------+------------------------------+
| CentOS Stream 9 | PASS | SKIPPED | SKIPPED | SKIPPED |
+------------------------------+----------------+--------------+---------------------------+------------------------------+
| Fedora Linux 41 | WARN | SKIPPED | SKIPPED | SKIPPED |
+------------------------------+----------------+--------------+---------------------------+------------------------------+
| Fedora Linux 42 | WARN | SKIPPED | SKIPPED | SKIPPED |
+------------------------------+----------------+--------------+---------------------------+------------------------------+
| CentOS Stream 10 | PASS | SKIPPED | SKIPPED | SKIPPED |
+------------------------------+----------------+--------------+---------------------------+------------------------------+
| Ubuntu 22.04 | PASS | SKIPPED | SKIPPED | SKIPPED |
+------------------------------+----------------+--------------+---------------------------+------------------------------+
| Debian GNU/Linux 12 | PASS | SKIPPED | SKIPPED | SKIPPED |
+------------------------------+----------------+--------------+---------------------------+------------------------------+
| Red Hat Enterprise Linux 9.5 | PASS | SKIPPED | SKIPPED | SKIPPED |
+------------------------------+----------------+--------------+---------------------------+------------------------------+
| Ubuntu 20.04 | PASS | PASS | SKIPPED | SKIPPED |
+------------------------------+----------------+--------------+---------------------------+------------------------------+
| Ubuntu 24.04 | PASS | SKIPPED | SKIPPED | SKIPPED |
+------------------------------+----------------+--------------+---------------------------+------------------------------+
| Debian 12 (arm) | SKIPPED | SKIPPED | PASS | PASS |
+------------------------------+----------------+--------------+---------------------------+------------------------------+
==== 20 line log output for Fedora Linux 42 (dpdk_unit_test): ====
[1327/3817] Compiling C object drivers/libtmp_rte_net_cpfl.a.p/net_intel_cpfl_cpfl_flow_parser.c.o
[1328/3817] Compiling C object drivers/libtmp_rte_net_ionic.a.p/net_ionic_ionic_main.c.o
[1329/3817] Compiling C object drivers/libtmp_rte_net_ionic.a.p/net_ionic_ionic_rx_filter.c.o
[1330/3817] Compiling C object drivers/libtmp_rte_net_ionic.a.p/net_ionic_ionic_lif.c.o
[1331/3817] Compiling C object drivers/libtmp_rte_net_ionic.a.p/net_ionic_ionic_rxtx.c.o
[1332/3817] Compiling C object drivers/libtmp_rte_net_ionic.a.p/net_ionic_ionic_rxtx_simple.c.o
[1333/3817] Compiling C object drivers/libtmp_rte_net_ionic.a.p/net_ionic_ionic_rxtx_sg.c.o
[1334/3817] Compiling C object drivers/libtmp_rte_net_macb.a.p/net_macb_macb_ethdev.c.o
[1335/3817] Compiling C object drivers/libtmp_rte_net_mana.a.p/net_mana_gdma.c.o
[1336/3817] Compiling C object drivers/libtmp_rte_net_macb.a.p/net_macb_macb_rxtx_vec_neon.c.o
FAILED: [code=1] drivers/libtmp_rte_net_macb.a.p/net_macb_macb_rxtx_vec_neon.c.o
clang -Idrivers/libtmp_rte_net_macb.a.p -Idrivers -I../drivers -Idrivers/net/macb -I../drivers/net/macb -Idrivers/net/macb/base -I../drivers/net/macb/base -Ilib/ethdev -I../lib/ethdev -Ilib/eal/common -I../lib/eal/common -I. -I.. -Iconfig -I../config -Ilib/eal/include -I../lib/eal/include -Ilib/eal/linux/include -I../lib/eal/linux/include -Ilib/eal/arm/include -I../lib/eal/arm/include -I../kernel/linux -Ilib/eal -I../lib/eal -Ilib/kvargs -I../lib/kvargs -Ilib/log -I../lib/log -Ilib/metrics -I../lib/metrics -Ilib/telemetry -I../lib/telemetry -Ilib/argparse -I../lib/argparse -Ilib/net -I../lib/net -Ilib/mbuf -I../lib/mbuf -Ilib/mempool -I../lib/mempool -Ilib/ring -I../lib/ring -Ilib/meter -I../lib/meter -Idrivers/bus/pci -I../drivers/bus/pci -I../drivers/bus/pci/linux -Ilib/pci -I../lib/pci -Idrivers/bus/vdev -I../drivers/bus/vdev -Xclang -fcolor-diagnostics -pipe -D_FILE_OFFSET_BITS=64 -Wall -Winvalid-pch -Wextra -Werror -std=c11 -O3 -include rte_config.h -Wvla -Wcast-qual -Wcomma -Wd
eprecated -Wformat -Wformat-nonliteral -Wformat-security -Wmissing-declarations -Wmissing-prototypes -Wnested-externs -Wold-style-definition -Wpointer-arith -Wsign-compare -Wstrict-prototypes -Wundef -Wwrite-strings -Wno-missing-field-initializers -D_GNU_SOURCE -fPIC -march=armv8.1-a+crc+crypto -DALLOW_EXPERIMENTAL_API -DALLOW_INTERNAL_API -Wno-format-truncation -Wno-address-of-packed-member -Wno-comma -DRTE_LOG_DEFAULT_LOGTYPE=pmd.net.macb -DRTE_ANNOTATE_LOCKS -Wthread-safety -MD -MQ drivers/libtmp_rte_net_macb.a.p/net_macb_macb_rxtx_vec_neon.c.o -MF drivers/libtmp_rte_net_macb.a.p/net_macb_macb_rxtx_vec_neon.c.o.d -o drivers/libtmp_rte_net_macb.a.p/net_macb_macb_rxtx_vec_neon.c.o -c ../drivers/net/macb/macb_rxtx_vec_neon.c
../drivers/net/macb/macb_rxtx_vec_neon.c:59:30: error: cast from 'volatile unsigned long (*)[1]' to 'unsigned long *' drops volatile qualifier [-Werror,-Wcast-qual]
59 | vset_lane_u64(*(uint64_t *)(&mbuf.rearm_data), mbuf_initializer, 0);
| ^
1 error generated.
[1337/3817] Compiling C object drivers/libtmp_rte_net_mana.a.p/net_mana_mp.c.o
[1338/3817] Compiling C object drivers/libtmp_rte_net_macb.a.p/net_macb_macb_rxtx.c.o
[1339/3817] Compiling C object drivers/libtmp_rte_net_mana.a.p/net_mana_mana.c.o
ninja: build stopped: subcommand failed.
==== End log output ====
Fedora Linux 40
Kernel: 5.4
Compiler: clang gcc (GCC) 14.2.1 20240912 (Red Hat 14.2.1-3)
CentOS Stream 9
Kernel: 5.4
Compiler: gcc gcc (GCC) 11.5.0 20240719 (Red Hat 11.5.0-11)
Fedora Linux 41
Kernel: 5.4
Compiler: gcc gcc (GCC) 14.3.1 20250523 (Red Hat 14.3.1-1)
Fedora Linux 42
Kernel: 5.4
Compiler: gcc gcc (GCC) 15.2.1 20250808 (Red Hat 15.2.1-1)
CentOS Stream 10
Kernel: 5.4
Compiler: gcc gcc (GCC) 14.2.1 20250110 (Red Hat 14.2.1-8)
Ubuntu 22.04
Kernel: 5.15
Compiler: gcc gcc (Ubuntu 11.4.0-1ubuntu1~22.04.2) 11.4.0
Debian GNU/Linux 12
Kernel: 5.4
Compiler: gcc gcc (Debian 12.2.0-14+deb12u1) 12.2.0
Red Hat Enterprise Linux 9.5
Kernel: 5.4
Compiler: gcc gcc (GCC) 11.5.0 20240719 (Red Hat 11.5.0-2)
Ubuntu 20.04
Kernel: 5.4
Compiler: gcc gcc (Ubuntu 9.4.0-1ubuntu1~20.04.2) 9.4.0
Ubuntu 24.04
Kernel: 5.4
Compiler: gcc gcc (Ubuntu 13.3.0-6ubuntu2~24.04) 13.3.0
Debian 12 (arm)
Kernel: Depends on container host
Compiler: gcc (Debian 12.2.0-14) 12.2.0
To view detailed results, visit:
https://lab.dpdk.org/results/dashboard/patchsets/34386/
UNH-IOL DPDK Community Lab
To manage your email subscriptions, visit:
https://lab.dpdk.org/results/dashboard/preferences/subscriptions/
^ permalink raw reply [flat|nested] 29+ messages in thread
* |FAILURE| pw158111-158112 [PATCH] [2/2] ethdev: support hide zero wh
[not found] <20251025094239.4915-3-fengchengwen@huawei.com>
` (27 preceding siblings ...)
2025-10-26 5:18 ` |WARNING| " dpdklab
@ 2025-10-26 7:42 ` dpdklab
28 siblings, 0 replies; 29+ messages in thread
From: dpdklab @ 2025-10-26 7:42 UTC (permalink / raw)
To: Test Report; +Cc: dpdk-test-reports, Stephen Hemminger, Chengwen Feng
Test-Label: iol-compile-arm64-testing
Test-Status: FAILURE
http://dpdk.org/patch/158112
_Testing issues_
Submitter: Chengwen Feng <fengchengwen@huawei.com>
Date: Saturday, October 25 2025 09:42:39
DPDK git baseline: Repo:dpdk-next-net
Branch: master
CommitID:9021d763e846b75743f0a596e4b2995713e6cd4c
158111-158112 --> testing issues
Upstream job id: Generic-DPDK-Compile-Meson#437893
Test environment and result as below:
+------------------------------+--------------------+
| Environment | dpdk_meson_compile |
+==============================+====================+
| Red Hat Enterprise Linux 9.5 | PASS |
+------------------------------+--------------------+
| Ubuntu 20.04 | PASS |
+------------------------------+--------------------+
| Debian GNU/Linux 12 | PASS |
+------------------------------+--------------------+
| Fedora Linux 42 | FAIL |
+------------------------------+--------------------+
| Ubuntu 22.04 | PASS |
+------------------------------+--------------------+
| Ubuntu 24.04 | PASS |
+------------------------------+--------------------+
| CentOS Stream 9 | PASS |
+------------------------------+--------------------+
| CentOS Stream 10 | PASS |
+------------------------------+--------------------+
==== 20 line log output for Fedora Linux 42 (dpdk_meson_compile): ====
[1495/3849] Compiling C object drivers/libtmp_rte_net_ionic.a.p/net_ionic_ionic_dev_pci.c.o
[1496/3849] Compiling C object drivers/libtmp_rte_net_ionic.a.p/net_ionic_ionic_dev_vdev.c.o
[1497/3849] Compiling C object drivers/libtmp_rte_net_ionic.a.p/net_ionic_ionic_ethdev.c.o
[1498/3849] Compiling C object drivers/libtmp_rte_net_ionic.a.p/net_ionic_ionic_lif.c.o
[1499/3849] Compiling C object drivers/libtmp_rte_net_ionic.a.p/net_ionic_ionic_mac_api.c.o
[1500/3849] Compiling C object drivers/libtmp_rte_net_ionic.a.p/net_ionic_ionic_main.c.o
[1501/3849] Compiling C object drivers/libtmp_rte_net_ionic.a.p/net_ionic_ionic_rx_filter.c.o
[1502/3849] Compiling C object drivers/libtmp_rte_net_ionic.a.p/net_ionic_ionic_rxtx.c.o
[1503/3849] Compiling C object drivers/libtmp_rte_net_ionic.a.p/net_ionic_ionic_rxtx_simple.c.o
[1504/3849] Compiling C object drivers/libtmp_rte_net_ionic.a.p/net_ionic_ionic_rxtx_sg.c.o
[1505/3849] Compiling C object drivers/libtmp_rte_net_macb.a.p/net_macb_macb_ethdev.c.o
[1506/3849] Compiling C object drivers/libtmp_rte_net_macb.a.p/net_macb_macb_rxtx.c.o
[1507/3849] Compiling C object drivers/libtmp_rte_net_macb.a.p/net_macb_macb_rxtx_vec_neon.c.o
FAILED: [code=1] drivers/libtmp_rte_net_macb.a.p/net_macb_macb_rxtx_vec_neon.c.o
clang -Idrivers/libtmp_rte_net_macb.a.p -Idrivers -I../drivers -Idrivers/net/macb -I../drivers/net/macb -Idrivers/net/macb/base -I../drivers/net/macb/base -Ilib/ethdev -I../lib/ethdev -Ilib/eal/common -I../lib/eal/common -I. -I.. -Iconfig -I../config -Ilib/eal/include -I../lib/eal/include -Ilib/eal/linux/include -I../lib/eal/linux/include -Ilib/eal/arm/include -I../lib/eal/arm/include -I../kernel/linux -Ilib/eal -I../lib/eal -Ilib/kvargs -I../lib/kvargs -Ilib/log -I../lib/log -Ilib/metrics -I../lib/metrics -Ilib/telemetry -I../lib/telemetry -Ilib/argparse -I../lib/argparse -Ilib/net -I../lib/net -Ilib/mbuf -I../lib/mbuf -Ilib/mempool -I../lib/mempool -Ilib/ring -I../lib/ring -Ilib/meter -I../lib/meter -Idrivers/bus/pci -I../drivers/bus/pci -I../drivers/bus/pci/linux -Ilib/pci -I../lib/pci -Idrivers/bus/vdev -I../drivers/bus/vdev -Xclang -fcolor-diagnostics -pipe -D_FILE_OFFSET_BITS=64 -Wall -Winvalid-pch -Wextra -Werror -std=c11 -O3 -include rte_config.h -Wvla -Wcast-qual -Wcomma -Wd
eprecated -Wformat -Wformat-nonliteral -Wformat-security -Wmissing-declarations -Wmissing-prototypes -Wnested-externs -Wold-style-definition -Wpointer-arith -Wsign-compare -Wstrict-prototypes -Wundef -Wwrite-strings -Wno-missing-field-initializers -D_GNU_SOURCE -fPIC -march=armv8.1-a+crc+crypto -DALLOW_EXPERIMENTAL_API -DALLOW_INTERNAL_API -Wno-format-truncation -Wno-address-of-packed-member -Wno-comma -DRTE_LOG_DEFAULT_LOGTYPE=pmd.net.macb -DRTE_ANNOTATE_LOCKS -Wthread-safety -MD -MQ drivers/libtmp_rte_net_macb.a.p/net_macb_macb_rxtx_vec_neon.c.o -MF drivers/libtmp_rte_net_macb.a.p/net_macb_macb_rxtx_vec_neon.c.o.d -o drivers/libtmp_rte_net_macb.a.p/net_macb_macb_rxtx_vec_neon.c.o -c ../drivers/net/macb/macb_rxtx_vec_neon.c
../drivers/net/macb/macb_rxtx_vec_neon.c:59:30: error: cast from 'volatile unsigned long (*)[1]' to 'unsigned long *' drops volatile qualifier [-Werror,-Wcast-qual]
59 | vset_lane_u64(*(uint64_t *)(&mbuf.rearm_data), mbuf_initializer, 0);
| ^
1 error generated.
ninja: build stopped: subcommand failed.
==== End log output ====
Red Hat Enterprise Linux 9.5
Kernel: 5.4
Compiler: gcc gcc (GCC) 11.5.0 20240719 (Red Hat 11.5.0-2)
Ubuntu 20.04
Kernel: 5.15
Compiler: aarch64-linux-gnu-gcc gcc (Ubuntu 9.4.0-1ubuntu1~20.04.2) 9.4.0
Debian GNU/Linux 12
Kernel: 5.4
Compiler: gcc gcc (Debian 12.2.0-14+deb12u1) 12.2.0
Fedora Linux 42
Kernel: 5.4
Compiler: gcc gcc (GCC) 15.2.1 20250808 (Red Hat 15.2.1-1)
Ubuntu 22.04
Kernel: 5.4
Compiler: gcc gcc (Ubuntu 11.4.0-1ubuntu1~22.04) 11.4.0
Ubuntu 24.04
Kernel: 5.4
Compiler: gcc gcc (Ubuntu 13.3.0-6ubuntu2~24.04) 13.3.0
CentOS Stream 9
Kernel: 5.4
Compiler: gcc gcc (GCC) 11.5.0 20240719 (Red Hat 11.5.0-11)
CentOS Stream 10
Kernel: 5.4
Compiler: gcc gcc (GCC) 14.2.1 20250110 (Red Hat 14.2.1-8)
To view detailed results, visit:
https://lab.dpdk.org/results/dashboard/patchsets/34386/
UNH-IOL DPDK Community Lab
To manage your email subscriptions, visit:
https://lab.dpdk.org/results/dashboard/preferences/subscriptions/
^ permalink raw reply [flat|nested] 29+ messages in thread
end of thread, other threads:[~2025-10-26 7:42 UTC | newest]
Thread overview: 29+ messages (download: mbox.gz / follow: Atom feed)
-- links below jump to the message on this page --
[not found] <20251025094239.4915-3-fengchengwen@huawei.com>
2025-10-25 9:09 ` |SUCCESS| pw158111-158112 [PATCH 2/2] ethdev: support hide zero when telemetry regs qemudev
2025-10-25 9:14 ` qemudev
2025-10-25 9:43 ` |SUCCESS| pw158112 " checkpatch
2025-10-25 10:12 ` |PENDING| pw158111-158112 [PATCH] [2/2] ethdev: support hide zero wh dpdklab
2025-10-25 10:14 ` |SUCCESS| " dpdklab
2025-10-25 10:17 ` |PENDING| " dpdklab
2025-10-25 10:19 ` |SUCCESS| " dpdklab
2025-10-25 10:21 ` |FAILURE| " dpdklab
2025-10-25 10:24 ` |WARNING| " dpdklab
2025-10-25 10:24 ` dpdklab
2025-10-25 10:31 ` |SUCCESS| " dpdklab
2025-10-25 10:34 ` dpdklab
2025-10-25 10:35 ` dpdklab
2025-10-25 10:36 ` dpdklab
2025-10-25 10:38 ` |PENDING| " dpdklab
2025-10-25 10:39 ` |SUCCESS| " dpdklab
2025-10-25 10:42 ` dpdklab
2025-10-25 10:48 ` |FAILURE| " dpdklab
2025-10-25 10:57 ` |SUCCESS| " dpdklab
2025-10-25 11:03 ` |WARNING| " dpdklab
2025-10-25 11:27 ` |SUCCESS| pw158112 [PATCH 2/2] ethdev: support hide zero when telemetry regs 0-day Robot
2025-10-25 11:27 ` 0-day Robot
2025-10-26 1:34 ` |WARNING| pw158111-158112 [PATCH] [2/2] ethdev: support hide zero wh dpdklab
2025-10-26 2:13 ` dpdklab
2025-10-26 2:18 ` |PENDING| " dpdklab
2025-10-26 3:28 ` |FAILURE| " dpdklab
2025-10-26 4:25 ` dpdklab
2025-10-26 5:18 ` |WARNING| " dpdklab
2025-10-26 7:42 ` |FAILURE| " dpdklab
This is a public inbox, see mirroring instructions
for how to clone and mirror all data and code used for this inbox;
as well as URLs for NNTP newsgroup(s).