From mboxrd@z Thu Jan 1 00:00:00 1970 Return-Path: Received: from mails.dpdk.org (mails.dpdk.org [217.70.189.124]) by inbox.dpdk.org (Postfix) with ESMTP id A48B9489DE for ; Sun, 26 Oct 2025 08:42:19 +0100 (CET) Received: from mails.dpdk.org (localhost [127.0.0.1]) by mails.dpdk.org (Postfix) with ESMTP id 7FF894003C; Sun, 26 Oct 2025 08:42:19 +0100 (CET) Received: from mail-io1-f99.google.com (mail-io1-f99.google.com [209.85.166.99]) by mails.dpdk.org (Postfix) with ESMTP id 35B5C4003C for ; Sun, 26 Oct 2025 08:42:18 +0100 (CET) Received: by mail-io1-f99.google.com with SMTP id ca18e2360f4ac-940dbb1e343so219593039f.0 for ; Sun, 26 Oct 2025 00:42:18 -0700 (PDT) DKIM-Signature: v=1; a=rsa-sha256; c=relaxed/relaxed; d=iol.unh.edu; s=unh-iol; t=1761464537; x=1762069337; darn=dpdk.org; h=references:in-reply-to:cc:to:from:subject:message-id:date:from:to :cc:subject:date:message-id:reply-to; bh=IF4WoY3kl2OpJEaPUOlj8//PPI2bVNIcUWfYT/G+xxo=; b=ekOOakY4MZLaavFywWEHNXCd4qtrNVZG9BGj5vh9ZIOy9Jimp2aZTT8OZP8r+l6Ke1 H1Xoa5jR74ejbHHdtu3WIFp26RjnIlXVArqswHYX/bCSD2raomLIp7ylLquZRf8ES/W3 3RKKTY0APsFY6mw3y8QSS/fBfmCjKCmPrhBo0= X-Google-DKIM-Signature: v=1; a=rsa-sha256; c=relaxed/relaxed; d=1e100.net; s=20230601; t=1761464537; x=1762069337; h=references:in-reply-to:cc:to:from:subject:message-id:date :x-gm-message-state:from:to:cc:subject:date:message-id:reply-to; bh=IF4WoY3kl2OpJEaPUOlj8//PPI2bVNIcUWfYT/G+xxo=; b=G3YUCaVV6I742V/rZNRtOPE+9TaiHCyUfcUbs0B+3JZRV0au5UlPy313EJzis69QzP 0jb4gMA0i1J/tw3+jcg0+QqaP2f7sKe5nHvApsJHDo3Trp2KPna8k5oyZMBe/HpQv07U DHf0kwymPpa03Wv4IvuU5lKAc+ZmotGZEvFTfgeJyvAoKMqlpdh7XtteGdnC0UACmCSf RYoGm5IN4EzjT9qtOESKyCwqyN9zQlWkGoRNsvS9N0WaSOXnmAab/b6Mk7BXTNBqZxtJ +/VogASChj4o5SDaNMEAvdZPOE/vUF/TVhbpZuWFmk3hvNgVKLHICMxYlRRB/Mj7OhOS xaxQ== X-Gm-Message-State: AOJu0YyJGCBuAgir5wwMLWsJeEIdqamef4DBRlu73Nf5gGn9JzTq3K3c 3HB5YY1d/0+Aekj7ZQZ6GQYmIBHj+BarUjOJqig3H5FZRYWhKi5hEwqiFnogZCflYjj4u+/XKV9 AEcFZeEct+q0KoX7iL2KFPRF7NVQ3kVbNh4D6YOeY5Q08XFglmEB9AiS5kGfI X-Gm-Gg: ASbGncsubifR8XGE8OY/R9NWxWpI5HWoxxcy9LZq+dPKfqcbOPshQDy+pwGOyz/XxZx 8Aqt3EiWn0huj35g4Or81qN68Samyrz4inKOq1crmdYUGqpeZaM/mKAqqkz/2aPLsWfnGtWI9M+ 4gCbnoHIu6HyEsMFpbmR8Ow/R75ZJDWwESsQuV+qenorag/aGru3aj0PmLQtljXh/rsMkbzwr8U EuDpKEg+UzHYPAzYGxQ4D5YtEkrqMIVaUprvU4/LELKmOCU6RRV80tLORh+AHoQlXPlv9aI4jiY qBPAs85DCh5c/ZH8XXomqxI/BstPbezAvYBjTUWhEX9RVBt+8yEBwY12/v7INg1lh+HAgAYCipH YPaB/4bQP X-Google-Smtp-Source: AGHT+IGvTIkh5nO0bRdPQdKNWkrQD7w35Lu8Q7KjPQrH0SmLdzIF8G+WwVelgd3RGcXS52kRhUcjco3RQNRg X-Received: by 2002:a05:6e02:1786:b0:430:bf84:e94c with SMTP id e9e14a558f8ab-431eb67c444mr84648545ab.13.1761464537392; Sun, 26 Oct 2025 00:42:17 -0700 (PDT) Received: from postal.iol.unh.edu (postal.iol.unh.edu. [2606:4100:3880:1234::84]) by smtp-relay.gmail.com with ESMTPS id 8926c6da1cb9f-5aea9d3e7dcsm353130173.28.2025.10.26.00.42.16 (version=TLS1_2 cipher=ECDHE-ECDSA-AES128-GCM-SHA256 bits=128/128); Sun, 26 Oct 2025 00:42:17 -0700 (PDT) X-Relaying-Domain: iol.unh.edu Date: Sun, 26 Oct 2025 00:42:17 -0700 (PDT) Message-ID: <68fdd0d9.050a0220.375806.0d2eSMTPIN_ADDED_MISSING@mx.google.com> Received: from [172.21.0.3] (unknown [172.18.0.240]) by postal.iol.unh.edu (Postfix) with ESMTP id C38996051830; Sun, 26 Oct 2025 03:42:15 -0400 (EDT) Subject: |FAILURE| pw158111-158112 [PATCH] [2/2] ethdev: support hide zero wh From: dpdklab@iol.unh.edu To: Test Report Cc: dpdk-test-reports@iol.unh.edu, Stephen Hemminger , Chengwen Feng In-Reply-To: <20251025094239.4915-3-fengchengwen@huawei.com> References: <20251025094239.4915-3-fengchengwen@huawei.com> Content-Type: text/plain X-BeenThere: test-report@dpdk.org X-Mailman-Version: 2.1.29 Precedence: list List-Id: automatic DPDK test reports List-Unsubscribe: , List-Archive: List-Post: List-Help: List-Subscribe: , Errors-To: test-report-bounces@dpdk.org Test-Label: iol-compile-arm64-testing Test-Status: FAILURE http://dpdk.org/patch/158112 _Testing issues_ Submitter: Chengwen Feng Date: Saturday, October 25 2025 09:42:39 DPDK git baseline: Repo:dpdk-next-net Branch: master CommitID:9021d763e846b75743f0a596e4b2995713e6cd4c 158111-158112 --> testing issues Upstream job id: Generic-DPDK-Compile-Meson#437893 Test environment and result as below: +------------------------------+--------------------+ | Environment | dpdk_meson_compile | +==============================+====================+ | Red Hat Enterprise Linux 9.5 | PASS | +------------------------------+--------------------+ | Ubuntu 20.04 | PASS | +------------------------------+--------------------+ | Debian GNU/Linux 12 | PASS | +------------------------------+--------------------+ | Fedora Linux 42 | FAIL | +------------------------------+--------------------+ | Ubuntu 22.04 | PASS | +------------------------------+--------------------+ | Ubuntu 24.04 | PASS | +------------------------------+--------------------+ | CentOS Stream 9 | PASS | +------------------------------+--------------------+ | CentOS Stream 10 | PASS | +------------------------------+--------------------+ ==== 20 line log output for Fedora Linux 42 (dpdk_meson_compile): ==== [1495/3849] Compiling C object drivers/libtmp_rte_net_ionic.a.p/net_ionic_ionic_dev_pci.c.o [1496/3849] Compiling C object drivers/libtmp_rte_net_ionic.a.p/net_ionic_ionic_dev_vdev.c.o [1497/3849] Compiling C object drivers/libtmp_rte_net_ionic.a.p/net_ionic_ionic_ethdev.c.o [1498/3849] Compiling C object drivers/libtmp_rte_net_ionic.a.p/net_ionic_ionic_lif.c.o [1499/3849] Compiling C object drivers/libtmp_rte_net_ionic.a.p/net_ionic_ionic_mac_api.c.o [1500/3849] Compiling C object drivers/libtmp_rte_net_ionic.a.p/net_ionic_ionic_main.c.o [1501/3849] Compiling C object drivers/libtmp_rte_net_ionic.a.p/net_ionic_ionic_rx_filter.c.o [1502/3849] Compiling C object drivers/libtmp_rte_net_ionic.a.p/net_ionic_ionic_rxtx.c.o [1503/3849] Compiling C object drivers/libtmp_rte_net_ionic.a.p/net_ionic_ionic_rxtx_simple.c.o [1504/3849] Compiling C object drivers/libtmp_rte_net_ionic.a.p/net_ionic_ionic_rxtx_sg.c.o [1505/3849] Compiling C object drivers/libtmp_rte_net_macb.a.p/net_macb_macb_ethdev.c.o [1506/3849] Compiling C object drivers/libtmp_rte_net_macb.a.p/net_macb_macb_rxtx.c.o [1507/3849] Compiling C object drivers/libtmp_rte_net_macb.a.p/net_macb_macb_rxtx_vec_neon.c.o FAILED: [code=1] drivers/libtmp_rte_net_macb.a.p/net_macb_macb_rxtx_vec_neon.c.o clang -Idrivers/libtmp_rte_net_macb.a.p -Idrivers -I../drivers -Idrivers/net/macb -I../drivers/net/macb -Idrivers/net/macb/base -I../drivers/net/macb/base -Ilib/ethdev -I../lib/ethdev -Ilib/eal/common -I../lib/eal/common -I. -I.. -Iconfig -I../config -Ilib/eal/include -I../lib/eal/include -Ilib/eal/linux/include -I../lib/eal/linux/include -Ilib/eal/arm/include -I../lib/eal/arm/include -I../kernel/linux -Ilib/eal -I../lib/eal -Ilib/kvargs -I../lib/kvargs -Ilib/log -I../lib/log -Ilib/metrics -I../lib/metrics -Ilib/telemetry -I../lib/telemetry -Ilib/argparse -I../lib/argparse -Ilib/net -I../lib/net -Ilib/mbuf -I../lib/mbuf -Ilib/mempool -I../lib/mempool -Ilib/ring -I../lib/ring -Ilib/meter -I../lib/meter -Idrivers/bus/pci -I../drivers/bus/pci -I../drivers/bus/pci/linux -Ilib/pci -I../lib/pci -Idrivers/bus/vdev -I../drivers/bus/vdev -Xclang -fcolor-diagnostics -pipe -D_FILE_OFFSET_BITS=64 -Wall -Winvalid-pch -Wextra -Werror -std=c11 -O3 -include rte_config.h -Wvla -Wcast-qual -Wcomma -Wd eprecated -Wformat -Wformat-nonliteral -Wformat-security -Wmissing-declarations -Wmissing-prototypes -Wnested-externs -Wold-style-definition -Wpointer-arith -Wsign-compare -Wstrict-prototypes -Wundef -Wwrite-strings -Wno-missing-field-initializers -D_GNU_SOURCE -fPIC -march=armv8.1-a+crc+crypto -DALLOW_EXPERIMENTAL_API -DALLOW_INTERNAL_API -Wno-format-truncation -Wno-address-of-packed-member -Wno-comma -DRTE_LOG_DEFAULT_LOGTYPE=pmd.net.macb -DRTE_ANNOTATE_LOCKS -Wthread-safety -MD -MQ drivers/libtmp_rte_net_macb.a.p/net_macb_macb_rxtx_vec_neon.c.o -MF drivers/libtmp_rte_net_macb.a.p/net_macb_macb_rxtx_vec_neon.c.o.d -o drivers/libtmp_rte_net_macb.a.p/net_macb_macb_rxtx_vec_neon.c.o -c ../drivers/net/macb/macb_rxtx_vec_neon.c ../drivers/net/macb/macb_rxtx_vec_neon.c:59:30: error: cast from 'volatile unsigned long (*)[1]' to 'unsigned long *' drops volatile qualifier [-Werror,-Wcast-qual] 59 | vset_lane_u64(*(uint64_t *)(&mbuf.rearm_data), mbuf_initializer, 0); | ^ 1 error generated. ninja: build stopped: subcommand failed. ==== End log output ==== Red Hat Enterprise Linux 9.5 Kernel: 5.4 Compiler: gcc gcc (GCC) 11.5.0 20240719 (Red Hat 11.5.0-2) Ubuntu 20.04 Kernel: 5.15 Compiler: aarch64-linux-gnu-gcc gcc (Ubuntu 9.4.0-1ubuntu1~20.04.2) 9.4.0 Debian GNU/Linux 12 Kernel: 5.4 Compiler: gcc gcc (Debian 12.2.0-14+deb12u1) 12.2.0 Fedora Linux 42 Kernel: 5.4 Compiler: gcc gcc (GCC) 15.2.1 20250808 (Red Hat 15.2.1-1) Ubuntu 22.04 Kernel: 5.4 Compiler: gcc gcc (Ubuntu 11.4.0-1ubuntu1~22.04) 11.4.0 Ubuntu 24.04 Kernel: 5.4 Compiler: gcc gcc (Ubuntu 13.3.0-6ubuntu2~24.04) 13.3.0 CentOS Stream 9 Kernel: 5.4 Compiler: gcc gcc (GCC) 11.5.0 20240719 (Red Hat 11.5.0-11) CentOS Stream 10 Kernel: 5.4 Compiler: gcc gcc (GCC) 14.2.1 20250110 (Red Hat 14.2.1-8) To view detailed results, visit: https://lab.dpdk.org/results/dashboard/patchsets/34386/ UNH-IOL DPDK Community Lab To manage your email subscriptions, visit: https://lab.dpdk.org/results/dashboard/preferences/subscriptions/