From mboxrd@z Thu Jan 1 00:00:00 1970 Return-Path: Received: from mails.dpdk.org (mails.dpdk.org [217.70.189.124]) by inbox.dpdk.org (Postfix) with ESMTP id F332F489E0 for ; Sun, 26 Oct 2025 10:46:37 +0100 (CET) Received: from mails.dpdk.org (localhost [127.0.0.1]) by mails.dpdk.org (Postfix) with ESMTP id D1BE24003C; Sun, 26 Oct 2025 10:46:37 +0100 (CET) Received: from mail-qv1-f100.google.com (mail-qv1-f100.google.com [209.85.219.100]) by mails.dpdk.org (Postfix) with ESMTP id 492B24003C for ; Sun, 26 Oct 2025 10:46:36 +0100 (CET) Received: by mail-qv1-f100.google.com with SMTP id 6a1803df08f44-87c13813464so47932906d6.1 for ; Sun, 26 Oct 2025 02:46:36 -0700 (PDT) DKIM-Signature: v=1; a=rsa-sha256; c=relaxed/relaxed; d=iol.unh.edu; s=unh-iol; t=1761471995; x=1762076795; darn=dpdk.org; h=cc:to:from:subject:message-id:date:from:to:cc:subject:date :message-id:reply-to; bh=D9rKAUPT5xlW84086vKPKE3Z6SBaGHKOgn41KFgarZs=; b=PRDCpWeGqZYGNp8fbanlKWXk/BDOrJ5+I+QFKGyOT5NUDDQrRHgisNpoiCF/6zpIwI ycij42lM21UklfZhy2XCMA2EOK77ulfK22nOqD1QBB87ZkHiPTuTSzRx631y6iz0IA+o +DMkGfk0lZlGEf4KN4fYSvI9BjLwX3w6Wvqyk= X-Google-DKIM-Signature: v=1; a=rsa-sha256; c=relaxed/relaxed; d=1e100.net; s=20230601; t=1761471995; x=1762076795; h=cc:to:from:subject:message-id:date:x-gm-message-state:from:to:cc :subject:date:message-id:reply-to; bh=D9rKAUPT5xlW84086vKPKE3Z6SBaGHKOgn41KFgarZs=; b=FGJzG60f3C2CQHliwVekUNgKVtYpsz+KMB4Et87JZXF/tz2RABvq5PjJLLnoz72F+r w6LjcHc6KA3Qm/9zP7IMYk4g5u81hvHNvtVsEinaqDdkslyyfrmUmlZVkgzPOLy7QAlx hZaBBfTkiSV9rbirP7rPzQSW+grdkejYLeDoR9IKV2DnAUQTpiDli5pyG3rXcz4m5htc JpnVRpmVsR8YWFsOBTpeTJG9V+UtaksA+c6EsXzf6Ws2BEkZUy6S0atHOBXUVtwvxO9c ZHW93jc41JSRie+bIBX07jXMCc/8vp79V+cDGLk0nV0TvdzcLryRkKfBqX3y1uGTxyuD BoFQ== X-Gm-Message-State: AOJu0YyvzGukzRdJ8eohiLR/t7orRMrjdV3kqdsUaY8NTvV38VzZ9/fZ NnT8MqbzWVkkr1JU5V/sgNsC9QuaxcorhLJKpKvPYKp5oOJ8aEX/YmQBWjoEvcigVXSTEDwiMI3 JXvSsWg3kOu7sfOeMFCMiwTHVpxueksdFzRfv X-Gm-Gg: ASbGncu653jZUw7iNt44poUMhZclN0HtnYLGuc1p06NX6nf1sT/jEasyuqp6ltHUe/r iJDx8JGy3hZs7OcHNNMar1ChvkErpBGhhfODbt1LoWX1VAAUtPNAE3fTHZy1TiNRYdu/bv2bSr8 kyqjiv2oHp47KYdnKEZRK2dGJP2qv6IobpXvS95yDnU+bWDjFeKvQIuwfIfQouRgvlsbv30UUT1 QrRQmNQrkokz+PiXCxbbGHVlFvyyPqVUa//hS1f7FFNvekpmcmd9UxGL30c7eQdZI7pOB1TBsvd w/XFLnoL43T7vzMxSZYPz4m/GQa/9EwNGgZmeO8OFcqna3QSwoZEzzn/lsTp438fOj14tOvCGny USQ1H0IZ/YzjOpOBhx674Gzf+ptDjEEY= X-Google-Smtp-Source: AGHT+IFvfP/1WzyVsYF4KEDji4wRyiVPf2k5gzRYHYfPzC9Gelt6wf4mFyST1o3iobG8pqhLw4+m83faqGzi X-Received: by 2002:a05:6214:d62:b0:78f:1312:2d94 with SMTP id 6a1803df08f44-87c20652e98mr410148816d6.56.1761471995562; Sun, 26 Oct 2025 02:46:35 -0700 (PDT) Received: from postal.iol.unh.edu (postal.iol.unh.edu. [132.177.123.84]) by smtp-relay.gmail.com with ESMTPS id 6a1803df08f44-87fc49dbba7sm4346886d6.34.2025.10.26.02.46.35 (version=TLS1_2 cipher=ECDHE-ECDSA-AES128-GCM-SHA256 bits=128/128); Sun, 26 Oct 2025 02:46:35 -0700 (PDT) X-Relaying-Domain: iol.unh.edu Date: Sun, 26 Oct 2025 02:46:35 -0700 (PDT) Message-ID: <68fdedfb.050a0220.315307.43bfSMTPIN_ADDED_MISSING@mx.google.com> Received: from [172.21.0.2] (unknown [172.18.0.240]) by postal.iol.unh.edu (Postfix) with ESMTP id D216B6051830; Sun, 26 Oct 2025 05:46:34 -0400 (EDT) Subject: |FAILURE| [GIT MASTER] 62f583c49bf67dd4d6733ece14e55fe6839e66d1 From: dpdklab@iol.unh.edu To: Test Report Cc: dpdk-test-reports@iol.unh.edu, Xueming Li , Christian Ehrhardt , Kevin Traynor , Luca Boccassi Content-Type: text/plain X-BeenThere: test-report@dpdk.org X-Mailman-Version: 2.1.29 Precedence: list List-Id: automatic DPDK test reports List-Unsubscribe: , List-Archive: List-Post: List-Help: List-Subscribe: , Errors-To: test-report-bounces@dpdk.org _Testing issues_ Branch: tags/v23.11 62f583c49bf67dd4d6733ece14e55fe6839e66d1 --> testing issues Upstream job id: Generic-DPDK-Compile-Meson#437864 Test environment and result as below: +------------------------------+--------------------+ | Environment | dpdk_meson_compile | +==============================+====================+ | Red Hat Enterprise Linux 9.5 | PASS | +------------------------------+--------------------+ | Ubuntu 20.04 | PASS | +------------------------------+--------------------+ | Debian GNU/Linux 12 | PASS | +------------------------------+--------------------+ | Fedora Linux 42 | PASS | +------------------------------+--------------------+ | Ubuntu 22.04 | PASS | +------------------------------+--------------------+ | Ubuntu 24.04 | PASS | +------------------------------+--------------------+ | CentOS Stream 9 | PASS | +------------------------------+--------------------+ | CentOS Stream 10 | PASS | +------------------------------+--------------------+ Red Hat Enterprise Linux 9.5 Kernel: 5.4 Compiler: gcc gcc (GCC) 11.5.0 20240719 (Red Hat 11.5.0-2) Ubuntu 20.04 Kernel: 5.15 Compiler: aarch64-linux-gnu-gcc gcc (Ubuntu 9.4.0-1ubuntu1~20.04.2) 9.4.0 Debian GNU/Linux 12 Kernel: 5.4 Compiler: gcc gcc (Debian 12.2.0-14+deb12u1) 12.2.0 Fedora Linux 42 Kernel: 5.4 Compiler: gcc gcc (GCC) 15.2.1 20250808 (Red Hat 15.2.1-1) Ubuntu 22.04 Kernel: 5.4 Compiler: gcc gcc (Ubuntu 11.4.0-1ubuntu1~22.04) 11.4.0 Ubuntu 24.04 Kernel: 5.4 Compiler: gcc gcc (Ubuntu 13.3.0-6ubuntu2~24.04) 13.3.0 CentOS Stream 9 Kernel: 5.4 Compiler: gcc gcc (GCC) 11.5.0 20240719 (Red Hat 11.5.0-11) CentOS Stream 10 Kernel: 5.4 Compiler: gcc gcc (GCC) 14.2.1 20250110 (Red Hat 14.2.1-8) To view detailed results, visit: https://lab.dpdk.org/results/dashboard/tarballs/35343/ UNH-IOL DPDK Community Lab To manage your email subscriptions, visit: https://lab.dpdk.org/results/dashboard/preferences/subscriptions/