From mboxrd@z Thu Jan 1 00:00:00 1970 Return-Path: Received: from mails.dpdk.org (mails.dpdk.org [217.70.189.124]) by inbox.dpdk.org (Postfix) with ESMTP id 357F0489E1 for ; Sun, 26 Oct 2025 12:37:50 +0100 (CET) Received: from mails.dpdk.org (localhost [127.0.0.1]) by mails.dpdk.org (Postfix) with ESMTP id 0D9384003C; Sun, 26 Oct 2025 12:37:50 +0100 (CET) Received: from mail-io1-f97.google.com (mail-io1-f97.google.com [209.85.166.97]) by mails.dpdk.org (Postfix) with ESMTP id 9493C4003C for ; Sun, 26 Oct 2025 12:37:48 +0100 (CET) Received: by mail-io1-f97.google.com with SMTP id ca18e2360f4ac-938bf212b72so155060339f.1 for ; Sun, 26 Oct 2025 04:37:48 -0700 (PDT) DKIM-Signature: v=1; a=rsa-sha256; c=relaxed/relaxed; d=iol.unh.edu; s=unh-iol; t=1761478668; x=1762083468; darn=dpdk.org; h=cc:to:from:subject:message-id:date:from:to:cc:subject:date :message-id:reply-to; bh=+TWqBOXrcCdvF0qym9LZeYfmJ+zjNgPssy653ZSnGJU=; b=bBfXtoaaXR0eoOPXbzvw9WTBce1nyVmxXt7hzEh6AbeYArQ04+jGorHTN9O9ESFe+w MO+gf6QU2x46EivIeuPt+ey6lwhHo074yXUK5N/PJDR/dlyK7Sq42XeQlRF5p+Ps0zUz by3ypFTStptoAoMLlNGwCFeWz+uaasGoHne9w= X-Google-DKIM-Signature: v=1; a=rsa-sha256; c=relaxed/relaxed; d=1e100.net; s=20230601; t=1761478668; x=1762083468; h=cc:to:from:subject:message-id:date:x-gm-message-state:from:to:cc :subject:date:message-id:reply-to; bh=+TWqBOXrcCdvF0qym9LZeYfmJ+zjNgPssy653ZSnGJU=; b=dLSSs64ffWr9jqeLToWJz6uC5X1op192JVjM2qBCPSLwFSRb2oW71kxAaeCagQsI3d P7YWwT9tUe7lVbsn8YkqDuwQIKu37FBu+FzjXGjIRxa/OrUuFAtPdBoHCvtD+gKLCsCY IN8xO+X36sfED4UJx7v+XuMcEiMCKdzpZgDt1zMlcA5PpRpK3D7WbreEtnB6UNmWoj1X B9g40ZMkun+lTpmA/Gm/ylmIOBoRZgK75ll3BHE4JphwxGNgjxMNCUCV/nnbw903bRms NfBe3PstVqi/tVntpvaU5klXMM+ErPz1/TNqApRgEZ+YMv2cDOktYH4v6WQM5xbAt+0F vBVA== X-Gm-Message-State: AOJu0YytrtfyhXhp3Sga89TjjQmWFtlJ9bIpZM2esLmbkSxZQaZQ7BL9 bWQy5C2Sgr3A7Yb9zJWbJkPmzngreAE5lzGUtSve9NZav2gZrgJP6fc3yaTBNVT8YN0hlO3A4a8 dg5BlNdzgY5TN7FklYTELCqbHtW0DCt/f+vRg+nspNgQyv8yxYYi+ X-Gm-Gg: ASbGncvQHmzH9lqHkCaHklY8USRcpOpd1UAEK2EVf2nyKOEgu9Hgug2CPC3M0L4hhLw wBXU+2AdUUMscX3uBPEKT476YUvKp/kOFc/qSD7ZxV/3Uke8c4nYee1uCNvoTzM53f8tTlgcJ4+ 9TxKHFZ0qmsID9kTC3zq4KQzDrLeroSnTFbtE7G8PXsplRCwidxDCrUzXvdqYwbiqE8YAQ3BRa6 7cN/Hun3m42XxcazxhkDzQUw/baQcFjQWYaFqHe5wvuBLzqJ/lI21OEG0WdFH+PeY8NWTT3JaVN iTKa+Kxxirs5fqdp4BUnEEQfOjwgOfZpAD7E0E8fswNwrFfaQNFs68PnY5TqNQBCehGUw1cy0Uf IOJE9gAiM X-Google-Smtp-Source: AGHT+IEuJzk1AbpCHKbT2S5F0nq9kAkUSGdede/gB2MUryGzVB/1qD8iNOKeeQGQZLtUSbRmZWaJx1Slr/IT X-Received: by 2002:a05:6e02:3e04:b0:425:8744:de7d with SMTP id e9e14a558f8ab-430c5292336mr451329725ab.30.1761478667803; Sun, 26 Oct 2025 04:37:47 -0700 (PDT) Received: from postal.iol.unh.edu (postal.iol.unh.edu. [2606:4100:3880:1234::84]) by smtp-relay.gmail.com with ESMTPS id e9e14a558f8ab-431f67ea715sm4493565ab.5.2025.10.26.04.37.47 (version=TLS1_2 cipher=ECDHE-ECDSA-AES128-GCM-SHA256 bits=128/128); Sun, 26 Oct 2025 04:37:47 -0700 (PDT) X-Relaying-Domain: iol.unh.edu Date: Sun, 26 Oct 2025 04:37:47 -0700 (PDT) Message-ID: <68fe080b.050a0220.1990d2.4912SMTPIN_ADDED_MISSING@mx.google.com> Received: from [172.21.0.2] (unknown [172.18.0.240]) by postal.iol.unh.edu (Postfix) with ESMTP id 4874460003E8; Sun, 26 Oct 2025 07:37:47 -0400 (EDT) Subject: |FAILURE| [GIT MASTER] 62f583c49bf67dd4d6733ece14e55fe6839e66d1 From: dpdklab@iol.unh.edu To: Test Report Cc: dpdk-test-reports@iol.unh.edu, Xueming Li , Christian Ehrhardt , Kevin Traynor , Luca Boccassi Content-Type: text/plain X-BeenThere: test-report@dpdk.org X-Mailman-Version: 2.1.29 Precedence: list List-Id: automatic DPDK test reports List-Unsubscribe: , List-Archive: List-Post: List-Help: List-Subscribe: , Errors-To: test-report-bounces@dpdk.org _Testing issues_ Branch: tags/v23.11 62f583c49bf67dd4d6733ece14e55fe6839e66d1 --> testing issues Upstream job id: Generic-DPDK-Compile-Meson#437968 Test environment and result as below: +------------------------------+--------------------+ | Environment | dpdk_meson_compile | +==============================+====================+ | Red Hat Enterprise Linux 9.5 | PASS | +------------------------------+--------------------+ | Ubuntu 20.04 | PASS | +------------------------------+--------------------+ | Debian GNU/Linux 12 | PASS | +------------------------------+--------------------+ | Fedora Linux 42 | PASS | +------------------------------+--------------------+ | Ubuntu 22.04 | PASS | +------------------------------+--------------------+ | Ubuntu 24.04 | PASS | +------------------------------+--------------------+ | CentOS Stream 9 | PASS | +------------------------------+--------------------+ | CentOS Stream 10 | PASS | +------------------------------+--------------------+ Red Hat Enterprise Linux 9.5 Kernel: 5.4 Compiler: gcc gcc (GCC) 11.5.0 20240719 (Red Hat 11.5.0-2) Ubuntu 20.04 Kernel: 5.15 Compiler: aarch64-linux-gnu-gcc gcc (Ubuntu 9.4.0-1ubuntu1~20.04.2) 9.4.0 Debian GNU/Linux 12 Kernel: 5.4 Compiler: gcc gcc (Debian 12.2.0-14+deb12u1) 12.2.0 Fedora Linux 42 Kernel: 5.4 Compiler: gcc gcc (GCC) 15.2.1 20250808 (Red Hat 15.2.1-1) Ubuntu 22.04 Kernel: 5.4 Compiler: gcc gcc (Ubuntu 11.4.0-1ubuntu1~22.04) 11.4.0 Ubuntu 24.04 Kernel: 5.4 Compiler: gcc gcc (Ubuntu 13.3.0-6ubuntu2~24.04) 13.3.0 CentOS Stream 9 Kernel: 5.4 Compiler: gcc gcc (GCC) 11.5.0 20240719 (Red Hat 11.5.0-11) CentOS Stream 10 Kernel: 5.4 Compiler: gcc gcc (GCC) 14.2.1 20250110 (Red Hat 14.2.1-8) To view detailed results, visit: https://lab.dpdk.org/results/dashboard/tarballs/35348/ UNH-IOL DPDK Community Lab To manage your email subscriptions, visit: https://lab.dpdk.org/results/dashboard/preferences/subscriptions/