From mboxrd@z Thu Jan 1 00:00:00 1970 Return-Path: Received: from mails.dpdk.org (mails.dpdk.org [217.70.189.124]) by inbox.dpdk.org (Postfix) with ESMTP id 8099A489F9 for ; Mon, 27 Oct 2025 04:52:21 +0100 (CET) Received: from mails.dpdk.org (localhost [127.0.0.1]) by mails.dpdk.org (Postfix) with ESMTP id 5F78B4003C; Mon, 27 Oct 2025 04:52:21 +0100 (CET) Received: from mail-qv1-f97.google.com (mail-qv1-f97.google.com [209.85.219.97]) by mails.dpdk.org (Postfix) with ESMTP id 9D5C54003C for ; Mon, 27 Oct 2025 04:52:20 +0100 (CET) Received: by mail-qv1-f97.google.com with SMTP id 6a1803df08f44-87c20106cbeso62870256d6.1 for ; Sun, 26 Oct 2025 20:52:20 -0700 (PDT) DKIM-Signature: v=1; a=rsa-sha256; c=relaxed/relaxed; d=iol.unh.edu; s=unh-iol; t=1761537140; x=1762141940; darn=dpdk.org; h=references:in-reply-to:cc:to:from:subject:message-id:date:from:to :cc:subject:date:message-id:reply-to; bh=I/m997d8MLd1rWF1m0d1OrYXnSycQkbHGvRH2P8S7qU=; b=IgOd0RBFjG11F0LM97PYmcmuoRAIR97WG3uWJt/GQUhbru9lgUQIUBQe/JfDwk7vJR zKbX5tlRzij28n5IusXTGTIlSf19pTscMkGSWZsLTrLX89D7rcPwRBxrII6l+XUm6bAE UYz+U/WsABANA2GcVYdm8jHMcCVHjl8JN0P+E= X-Google-DKIM-Signature: v=1; a=rsa-sha256; c=relaxed/relaxed; d=1e100.net; s=20230601; t=1761537140; x=1762141940; h=references:in-reply-to:cc:to:from:subject:message-id:date :x-gm-message-state:from:to:cc:subject:date:message-id:reply-to; bh=I/m997d8MLd1rWF1m0d1OrYXnSycQkbHGvRH2P8S7qU=; b=OWigw9kHUmJeT6q8yK6EcW2kR6Cn/FeK/tJELP7tIqAg+XP9grZjB7lQY/dq/yiXM2 Wdjgvo1BlxerQ73iLrnfNksNOZVG/qD3N1ZNO6t75MUv6mS7o39H8qiJa+pKWm86s+ym FtmY3K8l0Ynt/mmpfOSj/dPfb9iChUGoo0LfJFxHex9rnrQjZsic6uwqdVygCTLU5t2I xAYzd+qxqNxPw7ipo28r9KzS0Xos0h+mFwAgjg7Lquy3uhmuMEodJHOYv1qgGGKMGYfC KsgQhtzgNw4QO+7pBy8dXFNzIdfW0CxIUmRBq5pvrZQVTW/0Busr8K+aqCDRGlEClc5j Cvzg== X-Gm-Message-State: AOJu0YwCXsIywSrISSe5ij6y8cX7omlD6YbN1vlhMCCh7Vfffqdo+O0h QHwqN8dCNXupVzDqYofGQJ6zUdFbqzcnQHs5uCFurcaLf4UQKr90cJOM3rClR8VgrVNoQJ7Z6dE ofj6WyXhXIsN7ymNs/lZB2OYLVYMjxdrLy2VTetXRnRPU X-Gm-Gg: ASbGnctqiZU9YpivvMXOsfJMnAHbWwHR7dscusmaUM5kxrhKG5Jkm2vnBFFJVsbMH+G nWaa8C4Dd3B4YOLHb4njJgaadWsx5hCZZHg4Kyke1uLFc/CARZVQvo+5vagexVAYpgSDi9Ey9Dg xRSZyB6JVqjKqvVlWPW+Qyf3b2LNegeEOwAuKRbbEGptiRlVtMv+nwHrjPna9aWzpTENLsrYe4G 1yBy/FKCQjkQzB2kDai/Lsm0ug77/3FaGmpvjUh7Cf1IZFuhTFRmzM7ELX7/K4Ys98aRoTf8v7D 6wz5z9M3mwgsMlyN2jLjwwxCre7CuqShVxu5jQX1SjW4/KwnRxHhwfX3jDC4dJj1lAFfuKdQHpC sr5mh+bK188uuhmRG6Gqoyq0uymGdNA0= X-Google-Smtp-Source: AGHT+IGLfEHy30elgLXIMr6vxxAXI/OrmISDY1CNUnSHyJ2HTnzVx67eMe75S+GurK/XwxhOmxBwGRfFXA+r X-Received: by 2002:a05:6214:130b:b0:87d:f2e9:262d with SMTP id 6a1803df08f44-87fb634f7a4mr120232606d6.11.1761537139946; Sun, 26 Oct 2025 20:52:19 -0700 (PDT) Received: from postal.iol.unh.edu (postal.iol.unh.edu. [132.177.123.84]) by smtp-relay.gmail.com with ESMTPS id 6a1803df08f44-87fc494a261sm6109166d6.16.2025.10.26.20.52.19 (version=TLS1_2 cipher=ECDHE-ECDSA-AES128-GCM-SHA256 bits=128/128); Sun, 26 Oct 2025 20:52:19 -0700 (PDT) X-Relaying-Domain: iol.unh.edu Date: Sun, 26 Oct 2025 20:52:19 -0700 (PDT) Message-ID: <68feec73.050a0220.2bc07.b368SMTPIN_ADDED_MISSING@mx.google.com> Received: from [172.21.0.4] (unknown [172.18.0.240]) by postal.iol.unh.edu (Postfix) with ESMTP id A38A06051830; Sun, 26 Oct 2025 23:52:19 -0400 (EDT) Subject: |FAILURE| pw158113-158130 [PATCH] [19/19] net/txgbe: remove unsuppor From: dpdklab@iol.unh.edu To: Test Report Cc: dpdk-test-reports@iol.unh.edu, Stephen Hemminger , Jiawen Wu In-Reply-To: <20251027031542.10512-20-jiawenwu@trustnetic.com> References: <20251027031542.10512-20-jiawenwu@trustnetic.com> Content-Type: text/plain X-BeenThere: test-report@dpdk.org X-Mailman-Version: 2.1.29 Precedence: list List-Id: automatic DPDK test reports List-Unsubscribe: , List-Archive: List-Post: List-Help: List-Subscribe: , Errors-To: test-report-bounces@dpdk.org Test-Label: iol-compile-amd64-testing Test-Status: FAILURE http://dpdk.org/patch/158130 _Testing issues_ Submitter: Jiawen Wu Date: Monday, October 27 2025 03:15:42 DPDK git baseline: Repo:dpdk-next-net Branch: master CommitID:9670fb84b607e9292648e6b66e50e74adea05774 158113-158130 --> testing issues Upstream job id: Generic-DPDK-Compile-Meson#438004 Test environment and result as below: +-------------------------------+--------------------+-------------------------+------------------+-------------------+-------------------+----------------------+ | Environment | dpdk_meson_compile | dpdk_llvm_clang_compile | dpdk_compile_ovs | dpdk_compile_spdk | dpdk_msvc_compile | dpdk_mingw64_compile | +===============================+====================+=========================+==================+===================+===================+======================+ | Ubuntu 24.04 | PEND | SKIPPED | PEND | PEND | SKIPPED | SKIPPED | +-------------------------------+--------------------+-------------------------+------------------+-------------------+-------------------+----------------------+ | CentOS Stream 10 | PASS | SKIPPED | SKIPPED | SKIPPED | SKIPPED | SKIPPED | +-------------------------------+--------------------+-------------------------+------------------+-------------------+-------------------+----------------------+ | Ubuntu 20.04 | PASS | SKIPPED | SKIPPED | SKIPPED | SKIPPED | SKIPPED | +-------------------------------+--------------------+-------------------------+------------------+-------------------+-------------------+----------------------+ | Fedora Linux 42 | PEND | SKIPPED | PEND | PEND | SKIPPED | SKIPPED | +-------------------------------+--------------------+-------------------------+------------------+-------------------+-------------------+----------------------+ | CentOS Stream 9 | PEND | SKIPPED | SKIPPED | PEND | SKIPPED | SKIPPED | +-------------------------------+--------------------+-------------------------+------------------+-------------------+-------------------+----------------------+ | Red Hat Enterprise Linux 8.10 | PASS | SKIPPED | SKIPPED | SKIPPED | SKIPPED | SKIPPED | +-------------------------------+--------------------+-------------------------+------------------+-------------------+-------------------+----------------------+ | openSUSE Leap 15.6 | PASS | SKIPPED | SKIPPED | SKIPPED | SKIPPED | SKIPPED | +-------------------------------+--------------------+-------------------------+------------------+-------------------+-------------------+----------------------+ | Debian GNU/Linux 12 | PEND | SKIPPED | SKIPPED | PEND | SKIPPED | SKIPPED | +-------------------------------+--------------------+-------------------------+------------------+-------------------+-------------------+----------------------+ | Red Hat Enterprise Linux 9.5 | PASS | SKIPPED | SKIPPED | SKIPPED | SKIPPED | SKIPPED | +-------------------------------+--------------------+-------------------------+------------------+-------------------+-------------------+----------------------+ | Ubuntu 22.04 | PASS | SKIPPED | SKIPPED | WARN | SKIPPED | SKIPPED | +-------------------------------+--------------------+-------------------------+------------------+-------------------+-------------------+----------------------+ | Alpine Linux 3.22.0 | PASS | SKIPPED | SKIPPED | SKIPPED | SKIPPED | SKIPPED | +-------------------------------+--------------------+-------------------------+------------------+-------------------+-------------------+----------------------+ | FreeBSD 14.2 | PASS | SKIPPED | SKIPPED | SKIPPED | SKIPPED | SKIPPED | +-------------------------------+--------------------+-------------------------+------------------+-------------------+-------------------+----------------------+ | Windows Server 2022 | SKIPPED | PASS | SKIPPED | SKIPPED | PEND | PEND | +-------------------------------+--------------------+-------------------------+------------------+-------------------+-------------------+----------------------+ ==== 20 line log output for Ubuntu 22.04 (dpdk_compile_spdk): ==== --- Failed to get log output --- ==== End log output ==== Ubuntu 24.04 Kernel: 5.15 Compiler: gcc gcc (Ubuntu 13.3.0-6ubuntu2~24.04) 13.3.0 CentOS Stream 10 Kernel: 5.15 Compiler: gcc gcc (GCC) 14.2.1 20250110 (Red Hat 14.2.1-8) Ubuntu 20.04 Kernel: 4.19 Compiler: gcc gcc (Ubuntu 9.4.0-1ubuntu1~20.04.2) 9.4.0 Fedora Linux 42 Kernel: 5.15 Compiler: clang gcc (GCC) 15.2.1 20250808 (Red Hat 15.2.1-1) CentOS Stream 9 Kernel: 5.15 Compiler: gcc gcc (GCC) 11.5.0 20240719 (Red Hat 11.5.0-11) Red Hat Enterprise Linux 8.10 Kernel: 5.15 Compiler: gcc gcc (GCC) 8.5.0 20210514 (Red Hat 8.5.0-22) openSUSE Leap 15.6 Kernel: 5.15 Compiler: gcc gcc (SUSE Linux) 7.5.0 Debian GNU/Linux 12 Kernel: 5.15 Compiler: gcc gcc (Debian 12.2.0-14+deb12u1) 12.2.0 Red Hat Enterprise Linux 9.5 Kernel: 5.15 Compiler: gcc gcc (GCC) 11.5.0 20240719 (Red Hat 11.5.0-2) Ubuntu 22.04 Kernel: 5.15 Compiler: gcc gcc (Ubuntu 11.4.0-1ubuntu1~22.04) 11.4.0 Alpine Linux 3.22.0 Kernel: 5.15 Compiler: gcc gcc (Alpine 14.2.0) 14.2.0 FreeBSD 14.2 Kernel: 14.2-RELEASE Compiler: clang 18.1.6 Windows Server 2022 Kernel: 10.0.20348.2031 Compiler: clang 15.0.7, gcc 14.1.0 (MinGW), and MSVC VS 19.39.33521 To view detailed results, visit: https://lab.dpdk.org/results/dashboard/patchsets/34387/ UNH-IOL DPDK Community Lab To manage your email subscriptions, visit: https://lab.dpdk.org/results/dashboard/preferences/subscriptions/