From mboxrd@z Thu Jan 1 00:00:00 1970 Return-Path: Received: from mails.dpdk.org (mails.dpdk.org [217.70.189.124]) by inbox.dpdk.org (Postfix) with ESMTP id 88576489F9 for ; Mon, 27 Oct 2025 04:52:38 +0100 (CET) Received: from mails.dpdk.org (localhost [127.0.0.1]) by mails.dpdk.org (Postfix) with ESMTP id 808524003C; Mon, 27 Oct 2025 04:52:38 +0100 (CET) Received: from mail-io1-f97.google.com (mail-io1-f97.google.com [209.85.166.97]) by mails.dpdk.org (Postfix) with ESMTP id AB4DA4026F for ; Mon, 27 Oct 2025 04:52:36 +0100 (CET) Received: by mail-io1-f97.google.com with SMTP id ca18e2360f4ac-94359aa7f60so221109139f.0 for ; Sun, 26 Oct 2025 20:52:36 -0700 (PDT) DKIM-Signature: v=1; a=rsa-sha256; c=relaxed/relaxed; d=iol.unh.edu; s=unh-iol; t=1761537156; x=1762141956; darn=dpdk.org; h=references:in-reply-to:cc:to:from:subject:message-id:date:from:to :cc:subject:date:message-id:reply-to; bh=+sW0kdbTkmgNAcfPnYsSWTHOR7aJkYACQUN/U6nOshM=; b=PYTRCxPWgA/6bM0cnnU1kkWlqRKJxu6nQMKNxpDStNkXgl+NKV0xdxr4zjmiT575lG TUks3HczaSBFT8c549THpq8CbGaOFJQ2J1O6+vW/2vkKoD4rXH7cb5W5AzZNEB8/v75r XOhs3iVb4QJ8jb76RW4Urq9yX8UW59E7AMfM8= X-Google-DKIM-Signature: v=1; a=rsa-sha256; c=relaxed/relaxed; d=1e100.net; s=20230601; t=1761537156; x=1762141956; h=references:in-reply-to:cc:to:from:subject:message-id:date :x-gm-message-state:from:to:cc:subject:date:message-id:reply-to; bh=+sW0kdbTkmgNAcfPnYsSWTHOR7aJkYACQUN/U6nOshM=; b=Y55CDt95fjfSrXpf5C7HOfHfu3CaniU+0VMkxmRMDUuRNkxLYhERJj7p6y/OK5hpPB i0JiUECM0GvuAQakou56OpdJZz4pxF+VwgXss8ZHYfopwSl4AEKyWgrrGkehLN3KZ4N4 kkTqAlOviO7EIvQzewevTTIgEDCN/y0VVSm6mUm72zDVqp0VZmwndyGqLfWv2TzolDCW EkFffhOufLDeuk+TX0xqPJz4pDR8gU7DXf87Uo97JwQ+Z1FlmUDvQYeqRmZw4uSsQkIs CXnTUleB8+eAE877gSTzZpvOye9vLzPKdbM94Ki6n4a5/N+9918m3qF6XP0TRudlo6S7 hojg== X-Gm-Message-State: AOJu0Yzyod4fuT1ozkKeTBHnz6iMg2J1Xv8bUbOFyKy2UEogJGR8cp/+ yYZMc/U9XPocWVjaTOkGVBlRpYm168NSjCehQKu8Uc7wv3r9nfdrCPOJTySEM/kahPTSgLH7YB8 04FPqZz5DqK7s8Ubbeqc90vFgyCFDsE9mYZP3CuG+o9TX X-Gm-Gg: ASbGncvsk0nikmizwy//LntrtNd1YN+T3TWPKyt8lxNkiqH+X1VfSU4gjdO+FI0UaIV 4N7fkaX3/GtZQUUzeZuD0CkoHQEIGh7w7LfPz6dFUzoDhAW29yiuGDvZHRF8FPltYWi7IzAeLl0 HRtLGHFcGrxqNbr49DZ/QwmDCpQqoJ4TXnhFVeaGaRdYIMB78fVgbhk+N2AaY8tXGO0ac8Afeb9 rIgbo9oAb5fX6iFVEQEI64yovvYJ5YmtO0oPa5DZGNiMnpjDhNs4zP4/AKcvK5I6bGjocGNXeob E/w2BhnEZhhUVEEk0zropG0dfi08FC5+vYp9jJwPGLVtWQvMFwKC9ucn0ZqqA46QKgMHuotQRre HBW6gQjJ9B7i23ZGS4QfRb3Ru5tZ5Cjk= X-Google-Smtp-Source: AGHT+IGG/aT/ey9XaylzcKLq1+fpvhSMj0CJlq/vkmyGSS6IfToWXFXqv9oosahVw02z15WhscEEhHE+Lo3L X-Received: by 2002:a05:6602:6425:b0:940:d7cb:13b2 with SMTP id ca18e2360f4ac-940d7cb1a56mr3604804539f.0.1761537155984; Sun, 26 Oct 2025 20:52:35 -0700 (PDT) Received: from postal.iol.unh.edu (postal.iol.unh.edu. [132.177.123.84]) by smtp-relay.gmail.com with ESMTPS id 8926c6da1cb9f-5aea9e35bcfsm515913173.34.2025.10.26.20.52.35 (version=TLS1_2 cipher=ECDHE-ECDSA-AES128-GCM-SHA256 bits=128/128); Sun, 26 Oct 2025 20:52:35 -0700 (PDT) X-Relaying-Domain: iol.unh.edu Date: Sun, 26 Oct 2025 20:52:35 -0700 (PDT) Message-ID: <68feec83.050a0220.183575.719cSMTPIN_ADDED_MISSING@mx.google.com> Received: from [172.21.0.2] (unknown [172.18.0.240]) by postal.iol.unh.edu (Postfix) with ESMTP id 8C6106051830; Sun, 26 Oct 2025 23:52:35 -0400 (EDT) Subject: |FAILURE| pw158113-158130 [PATCH] [19/19] net/txgbe: remove unsuppor From: dpdklab@iol.unh.edu To: Test Report Cc: dpdk-test-reports@iol.unh.edu, Stephen Hemminger , Jiawen Wu In-Reply-To: <20251027031542.10512-20-jiawenwu@trustnetic.com> References: <20251027031542.10512-20-jiawenwu@trustnetic.com> Content-Type: text/plain X-BeenThere: test-report@dpdk.org X-Mailman-Version: 2.1.29 Precedence: list List-Id: automatic DPDK test reports List-Unsubscribe: , List-Archive: List-Post: List-Help: List-Subscribe: , Errors-To: test-report-bounces@dpdk.org Test-Label: iol-compile-amd64-testing Test-Status: FAILURE http://dpdk.org/patch/158130 _Testing issues_ Submitter: Jiawen Wu Date: Monday, October 27 2025 03:15:42 DPDK git baseline: Repo:dpdk-next-net Branch: master CommitID:9670fb84b607e9292648e6b66e50e74adea05774 158113-158130 --> testing issues Upstream job id: Generic-DPDK-Compile-Meson#438007 Test environment and result as below: +-------------------------------+--------------------+-------------------------+------------------+-------------------+-------------------+----------------------+ | Environment | dpdk_meson_compile | dpdk_llvm_clang_compile | dpdk_compile_ovs | dpdk_compile_spdk | dpdk_msvc_compile | dpdk_mingw64_compile | +===============================+====================+=========================+==================+===================+===================+======================+ | Ubuntu 24.04 | PEND | SKIPPED | PEND | PEND | SKIPPED | SKIPPED | +-------------------------------+--------------------+-------------------------+------------------+-------------------+-------------------+----------------------+ | CentOS Stream 10 | PASS | SKIPPED | SKIPPED | SKIPPED | SKIPPED | SKIPPED | +-------------------------------+--------------------+-------------------------+------------------+-------------------+-------------------+----------------------+ | Ubuntu 20.04 | PASS | SKIPPED | SKIPPED | SKIPPED | SKIPPED | SKIPPED | +-------------------------------+--------------------+-------------------------+------------------+-------------------+-------------------+----------------------+ | Fedora Linux 42 | PEND | SKIPPED | PEND | PEND | SKIPPED | SKIPPED | +-------------------------------+--------------------+-------------------------+------------------+-------------------+-------------------+----------------------+ | CentOS Stream 9 | PEND | SKIPPED | SKIPPED | PEND | SKIPPED | SKIPPED | +-------------------------------+--------------------+-------------------------+------------------+-------------------+-------------------+----------------------+ | Red Hat Enterprise Linux 8.10 | PASS | SKIPPED | SKIPPED | SKIPPED | SKIPPED | SKIPPED | +-------------------------------+--------------------+-------------------------+------------------+-------------------+-------------------+----------------------+ | openSUSE Leap 15.6 | PASS | SKIPPED | SKIPPED | SKIPPED | SKIPPED | SKIPPED | +-------------------------------+--------------------+-------------------------+------------------+-------------------+-------------------+----------------------+ | Debian GNU/Linux 12 | PEND | SKIPPED | SKIPPED | PEND | SKIPPED | SKIPPED | +-------------------------------+--------------------+-------------------------+------------------+-------------------+-------------------+----------------------+ | Red Hat Enterprise Linux 9.5 | PASS | SKIPPED | SKIPPED | SKIPPED | SKIPPED | SKIPPED | +-------------------------------+--------------------+-------------------------+------------------+-------------------+-------------------+----------------------+ | Ubuntu 22.04 | PASS | SKIPPED | SKIPPED | WARN | SKIPPED | SKIPPED | +-------------------------------+--------------------+-------------------------+------------------+-------------------+-------------------+----------------------+ | Alpine Linux 3.22.0 | PASS | SKIPPED | SKIPPED | SKIPPED | SKIPPED | SKIPPED | +-------------------------------+--------------------+-------------------------+------------------+-------------------+-------------------+----------------------+ | FreeBSD 14.2 | PASS | SKIPPED | SKIPPED | SKIPPED | SKIPPED | SKIPPED | +-------------------------------+--------------------+-------------------------+------------------+-------------------+-------------------+----------------------+ | Windows Server 2022 | SKIPPED | PASS | SKIPPED | SKIPPED | PEND | PEND | +-------------------------------+--------------------+-------------------------+------------------+-------------------+-------------------+----------------------+ ==== 20 line log output for Ubuntu 22.04 (dpdk_compile_spdk): ==== --- Failed to get log output --- ==== End log output ==== Ubuntu 24.04 Kernel: 5.15 Compiler: gcc gcc (Ubuntu 13.3.0-6ubuntu2~24.04) 13.3.0 CentOS Stream 10 Kernel: 5.15 Compiler: gcc gcc (GCC) 14.2.1 20250110 (Red Hat 14.2.1-8) Ubuntu 20.04 Kernel: 4.19 Compiler: gcc gcc (Ubuntu 9.4.0-1ubuntu1~20.04.2) 9.4.0 Fedora Linux 42 Kernel: 5.15 Compiler: clang gcc (GCC) 15.2.1 20250808 (Red Hat 15.2.1-1) CentOS Stream 9 Kernel: 5.15 Compiler: gcc gcc (GCC) 11.5.0 20240719 (Red Hat 11.5.0-11) Red Hat Enterprise Linux 8.10 Kernel: 5.15 Compiler: gcc gcc (GCC) 8.5.0 20210514 (Red Hat 8.5.0-22) openSUSE Leap 15.6 Kernel: 5.15 Compiler: gcc gcc (SUSE Linux) 7.5.0 Debian GNU/Linux 12 Kernel: 5.15 Compiler: gcc gcc (Debian 12.2.0-14+deb12u1) 12.2.0 Red Hat Enterprise Linux 9.5 Kernel: 5.15 Compiler: gcc gcc (GCC) 11.5.0 20240719 (Red Hat 11.5.0-2) Ubuntu 22.04 Kernel: 5.15 Compiler: gcc gcc (Ubuntu 11.4.0-1ubuntu1~22.04) 11.4.0 Alpine Linux 3.22.0 Kernel: 5.15 Compiler: gcc gcc (Alpine 14.2.0) 14.2.0 FreeBSD 14.2 Kernel: 14.2-RELEASE Compiler: clang 18.1.6 Windows Server 2022 Kernel: 10.0.20348.2031 Compiler: clang 15.0.7, gcc 14.1.0 (MinGW), and MSVC VS 19.39.33521 To view detailed results, visit: https://lab.dpdk.org/results/dashboard/patchsets/34387/ UNH-IOL DPDK Community Lab To manage your email subscriptions, visit: https://lab.dpdk.org/results/dashboard/preferences/subscriptions/