From mboxrd@z Thu Jan 1 00:00:00 1970 Return-Path: Received: from mails.dpdk.org (mails.dpdk.org [217.70.189.124]) by inbox.dpdk.org (Postfix) with ESMTP id 7DA50489FB for ; Mon, 27 Oct 2025 05:57:38 +0100 (CET) Received: from mails.dpdk.org (localhost [127.0.0.1]) by mails.dpdk.org (Postfix) with ESMTP id 5B05B4003C; Mon, 27 Oct 2025 05:57:38 +0100 (CET) Received: from mail-io1-f99.google.com (mail-io1-f99.google.com [209.85.166.99]) by mails.dpdk.org (Postfix) with ESMTP id 499E34003C for ; Mon, 27 Oct 2025 05:57:37 +0100 (CET) Received: by mail-io1-f99.google.com with SMTP id ca18e2360f4ac-92c781fd73aso433692139f.1 for ; Sun, 26 Oct 2025 21:57:37 -0700 (PDT) DKIM-Signature: v=1; a=rsa-sha256; c=relaxed/relaxed; d=iol.unh.edu; s=unh-iol; t=1761541056; x=1762145856; darn=dpdk.org; h=cc:to:from:subject:message-id:date:from:to:cc:subject:date :message-id:reply-to; bh=A+qzkB75GimFhIW9LGKQ3I0SwSi+dWaNXfN4zsrWOyw=; b=d7ZTCnqyI//5caf8q+kfO+0JTSn6jF9rDW99aU4hfaSxuqUPIYvRtlw0iZnOlXcgWt eBGk+MxtjVUI7JMsYKHJuDsAx5nelgNUT3byy/9eBH0kAkOkMalOROWd6v1rBTVh7e+M L6CidDeZmE26UIpn1n5Xf7lRFMHtMPWlomlTk= X-Google-DKIM-Signature: v=1; a=rsa-sha256; c=relaxed/relaxed; d=1e100.net; s=20230601; t=1761541056; x=1762145856; h=cc:to:from:subject:message-id:date:x-gm-message-state:from:to:cc :subject:date:message-id:reply-to; bh=A+qzkB75GimFhIW9LGKQ3I0SwSi+dWaNXfN4zsrWOyw=; b=AJ0/jXqvAfF2+yUFhfFECugsmtQ+mHL96RZg1XMIV9+Iu8DqtUwbazXF46tw+/njqU 4vbprJN2VQBBdkwvuUZyvfy2HMoCJwuqUTv7k8YwIkmXjxnB06eWLFN72SDY1JNldPwp 9jrswb1+Y6ejqNJDDAyKAKHX88YaVL0xGul1BPrUbSfKVX1jr66pfyk7knpTvulevISY pm855VVoGR+Y0P8PwsNbBmzz49/Gz4GgbBZDVZXRtEfV4jsj+7wfy4jaTAPY33mVUe9D 0Vv3uYWkZWfBH/JG7o2jsxnbfE0CWPeph2yeJiTD9nFZn4XbSufGW3sUr+AmGXv3fR2u rSew== X-Gm-Message-State: AOJu0Yw3JkFcx157DEpZfIC2mIoIfZe23txq8pOc7Oh6SBw4aIjZpEZp a0UGxz80Zp7eV6dlfzeh/uFwHVA3BsRdcxtQgqgcE6buHUvaBUeCjVQDAEReKMTdWRwR4OR8JDs hkLd7/ZUKGsjPmZwx49hw8LeQcbLqi4NwYUAopMJurFvTfG3NZ4AB X-Gm-Gg: ASbGncsDKgowzRPSeIl1Lx/z6kO+R8G+BtsbEWR+u3I9mgpbqx5fDgRMFaTR53w/oom +Am2IWI8LHJkZE4brvNsNXA7q9CL8RnRGRb1lRYguELpwej5pUQcn9JqDlZcr23hP/cD0cqvw+/ 2Wk01DZ8SniC8XGfTUyDUkCDPopRuOuowlkfpQj8LG8gP+38pP7Ikgl+ZmtSNw4wt3u+JIfZ0RK sKbm8H4/nNI4Vl+LniZruYWzzOGSLo2X1iK1acmVdlQv7VdHPT27oSeTKY51B+lSZG+bKT7tthV b2suos3Lk9DgyWzrx2aFPRxJQBTQ7Qanzkw4Ledq6MolGOYT4M5ffZuDxRd37wMGHkteXzBmuvA A9VCOIdrY X-Google-Smtp-Source: AGHT+IHTZQgEBridQxY1aLstXop3WhLxnHT8KEhZSOlkIn+GXvpvcIZ3F/lJJKd/kdtvIluP0IAuFFSn489G X-Received: by 2002:a05:6602:2d82:b0:943:edb3:ce65 with SMTP id ca18e2360f4ac-943edb3d13cmr899980939f.15.1761541052252; Sun, 26 Oct 2025 21:57:32 -0700 (PDT) Received: from postal.iol.unh.edu (postal.iol.unh.edu. [2606:4100:3880:1234::84]) by smtp-relay.gmail.com with ESMTPS id ca18e2360f4ac-94359d5eeafsm38036339f.0.2025.10.26.21.57.32 (version=TLS1_2 cipher=ECDHE-ECDSA-AES128-GCM-SHA256 bits=128/128); Sun, 26 Oct 2025 21:57:32 -0700 (PDT) X-Relaying-Domain: iol.unh.edu Date: Sun, 26 Oct 2025 21:57:32 -0700 (PDT) Message-ID: <68fefbbc.050a0220.54796.1217SMTPIN_ADDED_MISSING@mx.google.com> Received: from [172.21.0.2] (unknown [172.18.0.240]) by postal.iol.unh.edu (Postfix) with ESMTP id CBAE760003E8; Mon, 27 Oct 2025 00:57:31 -0400 (EDT) Subject: |FAILURE| [GIT MASTER] 3b43ce3f4a54468e7ef65760c2fd7b4d6ee6d9fc From: dpdklab@iol.unh.edu To: Test Report Cc: dpdk-test-reports@iol.unh.edu, Xueming Li , Christian Ehrhardt , Kevin Traynor , Luca Boccassi Content-Type: text/plain X-BeenThere: test-report@dpdk.org X-Mailman-Version: 2.1.29 Precedence: list List-Id: automatic DPDK test reports List-Unsubscribe: , List-Archive: List-Post: List-Help: List-Subscribe: , Errors-To: test-report-bounces@dpdk.org _Testing issues_ Branch: tags/v22.11 3b43ce3f4a54468e7ef65760c2fd7b4d6ee6d9fc --> testing issues Upstream job id: Generic-Unit-Test-DPDK#385541 Test environment and result as below: +-----------------+---------------------------+--------------+------------------------------+----------------+ | Environment | cryptodev_sw_zuc_autotest | lpm_autotest | cryptodev_sw_snow3g_autotest | dpdk_unit_test | +=================+===========================+==============+==============================+================+ | Debian 12 (arm) | PASS | SKIPPED | PASS | SKIPPED | +-----------------+---------------------------+--------------+------------------------------+----------------+ | Ubuntu 20.04 | SKIPPED | FAIL | SKIPPED | SKIPPED | +-----------------+---------------------------+--------------+------------------------------+----------------+ | Ubuntu 22.04 | SKIPPED | SKIPPED | SKIPPED | PEND | +-----------------+---------------------------+--------------+------------------------------+----------------+ ==== 20 line log output for Ubuntu 20.04 (lpm_autotest): ==== [671/690] Compiling C object 'app/test/3062f5d@@dpdk-test@exe/test_threads.c.o'. [672/690] Compiling C object 'app/test/3062f5d@@dpdk-test@exe/test_thash_perf.c.o'. [673/690] Compiling C object 'app/test/3062f5d@@dpdk-test@exe/test_thash.c.o'. [674/690] Compiling C object 'app/test/3062f5d@@dpdk-test@exe/test_timer.c.o'. [675/690] Compiling C object 'app/test/3062f5d@@dpdk-test@exe/test_timer_perf.c.o'. [676/690] Compiling C object 'app/test/3062f5d@@dpdk-test@exe/test_timer_racecond.c.o'. [677/690] Compiling C object 'app/test/3062f5d@@dpdk-test@exe/test_timer_secondary.c.o'. [678/690] Compiling C object 'app/test/3062f5d@@dpdk-test@exe/test_trace_register.c.o'. [679/690] Compiling C object 'app/test/3062f5d@@dpdk-test@exe/test_ticketlock.c.o'. [680/690] Compiling C object 'app/test/3062f5d@@dpdk-test@exe/test_trace.c.o'. [681/690] Compiling C object 'app/test/3062f5d@@dpdk-test@exe/test_version.c.o'. [682/690] Compiling C object 'app/test/3062f5d@@dpdk-test@exe/test_ring.c.o'. [683/690] Compiling C object 'app/test/3062f5d@@dpdk-test@exe/test_telemetry_json.c.o'. [684/690] Compiling C object 'app/test/3062f5d@@dpdk-test@exe/test_telemetry_data.c.o'. [685/690] Compiling C object 'app/test/3062f5d@@dpdk-test@exe/test_pcapng.c.o'. [686/690] Compiling C object 'app/test/3062f5d@@dpdk-test@exe/virtual_pmd.c.o'. [687/690] Compiling C object 'app/test/3062f5d@@dpdk-test@exe/test_bpf.c.o'. [688/690] Compiling C object 'app/test/3062f5d@@dpdk-test@exe/test_compressdev.c.o'. [689/690] Compiling C object 'app/test/3062f5d@@dpdk-test@exe/test_trace_perf.c.o'. [690/690] Linking target app/test/dpdk-test. ==== End log output ==== Debian 12 (arm) Kernel: Depends on container host Compiler: gcc (Debian 12.2.0-14) 12.2.0 Ubuntu 20.04 Kernel: 5.4 Compiler: gcc gcc (Ubuntu 9.4.0-1ubuntu1~20.04.2) 9.4.0 Ubuntu 22.04 Kernel: 5.15 Compiler: gcc gcc (Ubuntu 11.4.0-1ubuntu1~22.04.2) 11.4.0 To view detailed results, visit: https://lab.dpdk.org/results/dashboard/tarballs/35351/ UNH-IOL DPDK Community Lab To manage your email subscriptions, visit: https://lab.dpdk.org/results/dashboard/preferences/subscriptions/