From mboxrd@z Thu Jan 1 00:00:00 1970 Return-Path: Received: from mails.dpdk.org (mails.dpdk.org [217.70.189.124]) by inbox.dpdk.org (Postfix) with ESMTP id B0A0E489FC for ; Mon, 27 Oct 2025 06:11:15 +0100 (CET) Received: from mails.dpdk.org (localhost [127.0.0.1]) by mails.dpdk.org (Postfix) with ESMTP id 920BC4003C; Mon, 27 Oct 2025 06:11:15 +0100 (CET) Received: from mail-il1-f225.google.com (mail-il1-f225.google.com [209.85.166.225]) by mails.dpdk.org (Postfix) with ESMTP id 3BB9B4003C for ; Mon, 27 Oct 2025 06:11:14 +0100 (CET) Received: by mail-il1-f225.google.com with SMTP id e9e14a558f8ab-430c97cbe0eso43485815ab.2 for ; Sun, 26 Oct 2025 22:11:14 -0700 (PDT) DKIM-Signature: v=1; a=rsa-sha256; c=relaxed/relaxed; d=iol.unh.edu; s=unh-iol; t=1761541873; x=1762146673; darn=dpdk.org; h=cc:to:from:subject:message-id:date:from:to:cc:subject:date :message-id:reply-to; bh=T3qBU27BbhqfuyZyl8OXX+ZIdn3ag9OEetNo/BZmWdM=; b=HUp2YlCYC8V3dlnunCSvUEU8Hc8oGRxlGxQW82WnstiIL/GxhEF2YMOenmKPi0KbdR KbPV8yNNvm1Hl73AQF94WKa/P+skUzsjW5Oau0sL0TrP5gcZQVMETgzOoPa8TOUX44kV bkRNs3g9Nf/drsPAxvbqcdXpI5980JciZRwNI= X-Google-DKIM-Signature: v=1; a=rsa-sha256; c=relaxed/relaxed; d=1e100.net; s=20230601; t=1761541873; x=1762146673; h=cc:to:from:subject:message-id:date:x-gm-message-state:from:to:cc :subject:date:message-id:reply-to; bh=T3qBU27BbhqfuyZyl8OXX+ZIdn3ag9OEetNo/BZmWdM=; b=MHAJoB10DWUIfZh1N/vYBB5UcEJLmCgMaRZQxQGenkS27zKCUvdVwmRQoW0x6HEKoU zDKYD3qPX21Ve1lxQnNw42spyHdkvu4kRY28J+PtfZx4ME2r1L2/mMNSjMoHuo3IKPwE X+Z/F/I4ZkT64BRQB81pnTPnNxlK4oY3jIRPLUUR/WFwNVOTfuXP+UoHRXY9gJ+vUC6Q Z8u2HsZX4YAbgGDn9eENPH1qx5pIJCcfigaNV13WYzp5XFRvAmePrGrf0Wq12SSRwzMY abyd9c6xrTzdqsv/PWXnsdxkYg9KOYyxHq71l+BPLoBgEoLLaJv+Ii0R1trSA0qk1E1N JLrQ== X-Gm-Message-State: AOJu0YyL3x9AdWSoCY5stSzY/AapRGpCGfCMNe3f9YBzA5DN+6McscV2 JrTQuUmhm3bmOAMWd/bIRTtdO6StFWmPUMfsZujXSqxkLq95IQWGt3hMyG0b5NTp3dLYy9zyxfA 8Nqb5gS0aA6jIZ2aln6D74NPjnpvSM3B7vqWysnbT8evwCtfsW+dX X-Gm-Gg: ASbGncu0rvbf2B5I+kn/xbOb0g8EZsbRFeU9GwAY+P9d/ioj4pfmJrJ+uQjox05uJP0 aZdcv/wvoBp/eCIEcUJKFwDNcjnAtWy2Sd6F+bJ30PdTUWvw1y71cXQbJqDVSdsXMx7hUFBCpcl ff97vayP9fgdYlUvi2N78cBN6+Lfmn8CAI/26KTB2ugEIvkWwavEMFucUnJx7i0ujHEbQ53f1Qd QxGtsVNoBR0lmfN3JfU4NcamESToh9UVZIRZ3VlNWRl7Iw7rtLlFk4X3sZ6Oz/Md7i0m4k/txI4 dYQpQLzgNVgpw0x9CTescZ1IfzCMP3SPg7UZEnkYr8VHnmyie7jrHHdFCphvftu++C8VGBfPkZv tJSEc/9bP X-Google-Smtp-Source: AGHT+IFqZ+eMePN5KwxvghOnsHPeEMGNS7zUiMSAA3NF/Av++89wrN5eQEygkhGo3ev+zFE0LO8FY9O692YK X-Received: by 2002:a05:6e02:318e:b0:430:ab29:e75b with SMTP id e9e14a558f8ab-431dc1e275emr184971565ab.17.1761541873566; Sun, 26 Oct 2025 22:11:13 -0700 (PDT) Received: from postal.iol.unh.edu (postal.iol.unh.edu. [2606:4100:3880:1234::84]) by smtp-relay.gmail.com with ESMTPS id 8926c6da1cb9f-5aea7be3031sm527532173.10.2025.10.26.22.11.13 (version=TLS1_2 cipher=ECDHE-ECDSA-AES128-GCM-SHA256 bits=128/128); Sun, 26 Oct 2025 22:11:13 -0700 (PDT) X-Relaying-Domain: iol.unh.edu Date: Sun, 26 Oct 2025 22:11:13 -0700 (PDT) Message-ID: <68fefef1.050a0220.17ab9a.7d0dSMTPIN_ADDED_MISSING@mx.google.com> Received: from [172.21.0.2] (unknown [172.18.0.240]) by postal.iol.unh.edu (Postfix) with ESMTP id 0B5D66051830; Mon, 27 Oct 2025 01:11:13 -0400 (EDT) Subject: |FAILURE| [GIT MASTER] 3b43ce3f4a54468e7ef65760c2fd7b4d6ee6d9fc From: dpdklab@iol.unh.edu To: Test Report Cc: dpdk-test-reports@iol.unh.edu, Xueming Li , Christian Ehrhardt , Kevin Traynor , Luca Boccassi Content-Type: text/plain X-BeenThere: test-report@dpdk.org X-Mailman-Version: 2.1.29 Precedence: list List-Id: automatic DPDK test reports List-Unsubscribe: , List-Archive: List-Post: List-Help: List-Subscribe: , Errors-To: test-report-bounces@dpdk.org _Testing issues_ Branch: tags/v22.11 3b43ce3f4a54468e7ef65760c2fd7b4d6ee6d9fc --> testing issues Upstream job id: Aarch32-Unit-Test#7983 Test environment and result as below: +-----------------+---------------------------+--------------+------------------------------+----------------+ | Environment | cryptodev_sw_zuc_autotest | lpm_autotest | cryptodev_sw_snow3g_autotest | dpdk_unit_test | +=================+===========================+==============+==============================+================+ | Debian 12 (arm) | PASS | SKIPPED | PASS | SKIPPED | +-----------------+---------------------------+--------------+------------------------------+----------------+ | Ubuntu 20.04 | SKIPPED | FAIL | SKIPPED | SKIPPED | +-----------------+---------------------------+--------------+------------------------------+----------------+ | Ubuntu 22.04 | SKIPPED | SKIPPED | SKIPPED | PASS | +-----------------+---------------------------+--------------+------------------------------+----------------+ ==== 20 line log output for Ubuntu 20.04 (lpm_autotest): ==== [671/690] Compiling C object 'app/test/3062f5d@@dpdk-test@exe/test_threads.c.o'. [672/690] Compiling C object 'app/test/3062f5d@@dpdk-test@exe/test_thash_perf.c.o'. [673/690] Compiling C object 'app/test/3062f5d@@dpdk-test@exe/test_thash.c.o'. [674/690] Compiling C object 'app/test/3062f5d@@dpdk-test@exe/test_timer.c.o'. [675/690] Compiling C object 'app/test/3062f5d@@dpdk-test@exe/test_timer_perf.c.o'. [676/690] Compiling C object 'app/test/3062f5d@@dpdk-test@exe/test_timer_racecond.c.o'. [677/690] Compiling C object 'app/test/3062f5d@@dpdk-test@exe/test_timer_secondary.c.o'. [678/690] Compiling C object 'app/test/3062f5d@@dpdk-test@exe/test_trace_register.c.o'. [679/690] Compiling C object 'app/test/3062f5d@@dpdk-test@exe/test_ticketlock.c.o'. [680/690] Compiling C object 'app/test/3062f5d@@dpdk-test@exe/test_trace.c.o'. [681/690] Compiling C object 'app/test/3062f5d@@dpdk-test@exe/test_version.c.o'. [682/690] Compiling C object 'app/test/3062f5d@@dpdk-test@exe/test_ring.c.o'. [683/690] Compiling C object 'app/test/3062f5d@@dpdk-test@exe/test_telemetry_json.c.o'. [684/690] Compiling C object 'app/test/3062f5d@@dpdk-test@exe/test_telemetry_data.c.o'. [685/690] Compiling C object 'app/test/3062f5d@@dpdk-test@exe/test_pcapng.c.o'. [686/690] Compiling C object 'app/test/3062f5d@@dpdk-test@exe/virtual_pmd.c.o'. [687/690] Compiling C object 'app/test/3062f5d@@dpdk-test@exe/test_bpf.c.o'. [688/690] Compiling C object 'app/test/3062f5d@@dpdk-test@exe/test_compressdev.c.o'. [689/690] Compiling C object 'app/test/3062f5d@@dpdk-test@exe/test_trace_perf.c.o'. [690/690] Linking target app/test/dpdk-test. ==== End log output ==== Debian 12 (arm) Kernel: Depends on container host Compiler: gcc (Debian 12.2.0-14) 12.2.0 Ubuntu 20.04 Kernel: 5.4 Compiler: gcc gcc (Ubuntu 9.4.0-1ubuntu1~20.04.2) 9.4.0 Ubuntu 22.04 Kernel: 5.15 Compiler: gcc gcc (Ubuntu 11.4.0-1ubuntu1~22.04.2) 11.4.0 To view detailed results, visit: https://lab.dpdk.org/results/dashboard/tarballs/35351/ UNH-IOL DPDK Community Lab To manage your email subscriptions, visit: https://lab.dpdk.org/results/dashboard/preferences/subscriptions/