From mboxrd@z Thu Jan 1 00:00:00 1970 Return-Path: Received: from mails.dpdk.org (mails.dpdk.org [217.70.189.124]) by inbox.dpdk.org (Postfix) with ESMTP id 7F665489FE for ; Mon, 27 Oct 2025 07:45:56 +0100 (CET) Received: from mails.dpdk.org (localhost [127.0.0.1]) by mails.dpdk.org (Postfix) with ESMTP id 5E7E74003C; Mon, 27 Oct 2025 07:45:56 +0100 (CET) Received: from mail-yw1-f227.google.com (mail-yw1-f227.google.com [209.85.128.227]) by mails.dpdk.org (Postfix) with ESMTP id D64004003C for ; Mon, 27 Oct 2025 07:45:55 +0100 (CET) Received: by mail-yw1-f227.google.com with SMTP id 00721157ae682-783fa3aa35cso51537317b3.3 for ; Sun, 26 Oct 2025 23:45:55 -0700 (PDT) DKIM-Signature: v=1; a=rsa-sha256; c=relaxed/relaxed; d=iol.unh.edu; s=unh-iol; t=1761547555; x=1762152355; darn=dpdk.org; h=cc:to:from:subject:message-id:date:from:to:cc:subject:date :message-id:reply-to; bh=K7BQ2FRr4HPZWkVcd2UFGf8FM5PL1A8IzOZgxGjVKP0=; b=XT6tnqwCeWjM8Oj2BM0/lrvzFnxkWP+RND6+umS2hCjxkUKHKs2fYpKU0iDZtHVYBG Jaw/8hzVbjDOG2ZQ2x5wUHHRGEyXzgiUAMOL8heGoUBCEHrLsAo0LiyaP5p1kJQbTUPb CUhlb8LTI0exq5CjuSAdrbha+bWKWHihjXpq4= X-Google-DKIM-Signature: v=1; a=rsa-sha256; c=relaxed/relaxed; d=1e100.net; s=20230601; t=1761547555; x=1762152355; h=cc:to:from:subject:message-id:date:x-gm-message-state:from:to:cc :subject:date:message-id:reply-to; bh=K7BQ2FRr4HPZWkVcd2UFGf8FM5PL1A8IzOZgxGjVKP0=; b=CBBOw1ZeNi61CSauHucU1vwKFn+N5IRWF+chfzBTL1//KxV6knoNyuaziKOAT6mdxz 1hCzT4EC2pIMJiOdflkXcjqbIvvtkFyBw8wLZR+H/rQrEoE9W7vEswS4KyA6vk+xsbeo RFcJgay/8D1wPgcQ4Tx6ObjOrhjw/FMa6emoa1Xn6gEHNk2xJO07i6pLLfNkwjt58Zqt B8OdTzwS0ONbqPv2mQrGuUUJn98UpaXiJKiFeD+/f0Dr8itr+XLqDHBDYO4f2XcAOgZW /IBoEVut8qEW8AtB+2Vlzeg/zAtDZcLuoVb4+bgvZe70RF7BM+H/0/EsZ6QRKgjUz2hl HQsQ== X-Gm-Message-State: AOJu0YzV9C7IXlf0UL5Lc9/rP8o6o13npsXkM52P1K13HTVy49BSSYS5 pAQgQ9Q3iETg2dHWcoVARhcMwk+D1rt+Q+/SYlcZ/I2uFmzaMLKH8UQWnXvxsPks1GGQARPw6kJ ralSyfqUYHobR8dQw+Jyzr29MHt9lSy1PhS1NMWxnGgz346Ls0L2y X-Gm-Gg: ASbGncsaPe1mY7jUUuvG8FYLIZpUfNf5XLhNM8iX0VetLvfB9YxnDt6gK/iV0S++xLU D9a5X/hU8kzjJyJAtUb2B/a5sdWq/oIRDGXhZ+Q8FG+Sp0scxAXpe6q5Njf2YXhatuWp2slwpHd CJi6LdFJgA5fEjp8iDk/mSM9tpn4Q+otioi/UsAis0PYO7lzx+p1zRhnHWiW0lvr9achpGmbGhx L4ahijETN8CTOJBqZWKfm2f+5tYjILwcmgCCG0Jk3mF15axnmgPv6/JwwvvXDbR684mVdviNSpr 6Cukqp6tUI5dXltL8NyJ5UV5j8iNcZnE6qwDvkO2t6djDLKygcfyq72gomebk9VpqtWGeQhmVA9 MorZSLTIy X-Google-Smtp-Source: AGHT+IGXrtrOOyZW2A5rUZ+KmghGWHw76WgZmutF+6IHyXJi9YWpR03DX+k4HrlODf/DDFbgqsvxR8LVG87D X-Received: by 2002:a05:690c:6e90:b0:784:a1a6:9ef2 with SMTP id 00721157ae682-785cda7ba8dmr150521217b3.28.1761547555146; Sun, 26 Oct 2025 23:45:55 -0700 (PDT) Received: from postal.iol.unh.edu (postal.iol.unh.edu. [2606:4100:3880:1234::84]) by smtp-relay.gmail.com with ESMTPS id 00721157ae682-785ed1438b9sm5327667b3.5.2025.10.26.23.45.55 (version=TLS1_2 cipher=ECDHE-ECDSA-AES128-GCM-SHA256 bits=128/128); Sun, 26 Oct 2025 23:45:55 -0700 (PDT) X-Relaying-Domain: iol.unh.edu Date: Sun, 26 Oct 2025 23:45:55 -0700 (PDT) Message-ID: <68ff1523.050a0220.275626.929bSMTPIN_ADDED_MISSING@mx.google.com> Received: from [172.21.0.2] (unknown [172.18.0.240]) by postal.iol.unh.edu (Postfix) with ESMTP id D89CA6051830; Mon, 27 Oct 2025 02:45:54 -0400 (EDT) Subject: |FAILURE| [GIT MASTER] 62f583c49bf67dd4d6733ece14e55fe6839e66d1 From: dpdklab@iol.unh.edu To: Test Report Cc: dpdk-test-reports@iol.unh.edu, Xueming Li , Christian Ehrhardt , Kevin Traynor , Luca Boccassi Content-Type: text/plain X-BeenThere: test-report@dpdk.org X-Mailman-Version: 2.1.29 Precedence: list List-Id: automatic DPDK test reports List-Unsubscribe: , List-Archive: List-Post: List-Help: List-Subscribe: , Errors-To: test-report-bounces@dpdk.org _Testing issues_ Branch: tags/v23.11 62f583c49bf67dd4d6733ece14e55fe6839e66d1 --> testing issues Upstream job id: Generic-Unit-Test-DPDK#385603 Test environment and result as below: +-------------------------------+----------------+ | Environment | dpdk_unit_test | +===============================+================+ | CentOS Stream 9 | PASS | +-------------------------------+----------------+ | CentOS Stream 10 | PASS | +-------------------------------+----------------+ | Debian GNU/Linux 12 | PASS | +-------------------------------+----------------+ | Fedora Linux 40 | PASS | +-------------------------------+----------------+ | Red Hat Enterprise Linux 8.10 | PASS | +-------------------------------+----------------+ | Fedora Linux 41 | PASS | +-------------------------------+----------------+ | Fedora Linux 42 | PASS | +-------------------------------+----------------+ | Ubuntu 24.04 | PASS | +-------------------------------+----------------+ | Ubuntu 20.04 | PASS | +-------------------------------+----------------+ | Ubuntu 22.04 | PASS | +-------------------------------+----------------+ | Red Hat Enterprise Linux 9.5 | PASS | +-------------------------------+----------------+ | Windows Server 2022 | FAIL | +-------------------------------+----------------+ ==== Unit test summary for Windows Server 2022 (dpdk_unit_test): ==== Failed to get the unit test results. Displaying the unit test results is not supported for some environments, such as our aarch32 testing, where meson is not used to run the tests. Download the logs available on our CI site. ==== End log output ==== CentOS Stream 9 Kernel: 5.15 Compiler: gcc gcc (GCC) 11.5.0 20240719 (Red Hat 11.5.0-11) CentOS Stream 10 Kernel: 5.15 Compiler: gcc gcc (GCC) 14.2.1 20250110 (Red Hat 14.2.1-8) Debian GNU/Linux 12 Kernel: 5.15 Compiler: gcc gcc (Debian 12.2.0-14+deb12u1) 12.2.0 Fedora Linux 40 Kernel: 5.15 Compiler: gcc gcc (GCC) 14.2.1 20240912 (Red Hat 14.2.1-3) Red Hat Enterprise Linux 8.10 Kernel: 5.15 Compiler: gcc gcc (GCC) 8.5.0 20210514 (Red Hat 8.5.0-22) Fedora Linux 41 Kernel: 5.15 Compiler: gcc gcc (GCC) 14.3.1 20250523 (Red Hat 14.3.1-1) Fedora Linux 42 Kernel: 5.15 Compiler: gcc gcc (GCC) 15.2.1 20250808 (Red Hat 15.2.1-1) Ubuntu 24.04 Kernel: 5.15 Compiler: gcc gcc (Ubuntu 13.3.0-6ubuntu2~24.04) 13.3.0 Ubuntu 20.04 Kernel: 5.15 Compiler: gcc gcc (Ubuntu 9.4.0-1ubuntu1~20.04.2) 9.4.0 Ubuntu 22.04 Kernel: 5.15 Compiler: gcc gcc (Ubuntu 11.4.0-1ubuntu1~22.04) 11.4.0 Red Hat Enterprise Linux 9.5 Kernel: 5.15 Compiler: gcc gcc (GCC) 11.5.0 20240719 (Red Hat 11.5.0-2) Windows Server 2022 Kernel: 10.0.20348.2031 Compiler: clang 15.0.7, gcc 14.1.0 (MinGW), and MSVC VS 19.39.33521 To view detailed results, visit: https://lab.dpdk.org/results/dashboard/tarballs/35353/ UNH-IOL DPDK Community Lab To manage your email subscriptions, visit: https://lab.dpdk.org/results/dashboard/preferences/subscriptions/