From mboxrd@z Thu Jan 1 00:00:00 1970 Return-Path: Received: from mails.dpdk.org (mails.dpdk.org [217.70.189.124]) by inbox.dpdk.org (Postfix) with ESMTP id D5819489EF for ; Mon, 27 Oct 2025 18:11:04 +0100 (CET) Received: from mails.dpdk.org (localhost [127.0.0.1]) by mails.dpdk.org (Postfix) with ESMTP id CEA0A4021E; Mon, 27 Oct 2025 18:11:04 +0100 (CET) Received: from mail-io1-f99.google.com (mail-io1-f99.google.com [209.85.166.99]) by mails.dpdk.org (Postfix) with ESMTP id 59DE84021E for ; Mon, 27 Oct 2025 18:11:04 +0100 (CET) Received: by mail-io1-f99.google.com with SMTP id ca18e2360f4ac-940dbb1e343so275396839f.0 for ; Mon, 27 Oct 2025 10:11:04 -0700 (PDT) DKIM-Signature: v=1; a=rsa-sha256; c=relaxed/relaxed; d=iol.unh.edu; s=unh-iol; t=1761585063; x=1762189863; darn=dpdk.org; h=references:in-reply-to:cc:to:from:subject:message-id:date:from:to :cc:subject:date:message-id:reply-to; bh=XXWINdm9MRa61OqRypy6BOujh9oRQVeKP077ho0l9ec=; b=eg0IBr/O4d6gJPt2Ewu96RedmhmzIsE02npYyCoy14ake6e4VdMpsbTJN6CFWCUgQk F2DUeD5WhId5pdO+A3fDKJaDUUDzT/KNrnHXWuI62p3opzFnHItvw97DsDsZYW2ioTu6 lMBN6S2JFfyKw1Y44Gm3epFuwx5tuRp11HmEw= X-Google-DKIM-Signature: v=1; a=rsa-sha256; c=relaxed/relaxed; d=1e100.net; s=20230601; t=1761585063; x=1762189863; h=references:in-reply-to:cc:to:from:subject:message-id:date :x-gm-message-state:from:to:cc:subject:date:message-id:reply-to; bh=XXWINdm9MRa61OqRypy6BOujh9oRQVeKP077ho0l9ec=; b=SHPu+ntfLEGSGpyQqfEmr+u23f4tMXB7WnsUgZ2AT2p8tnIoRBsHmJoW6Rhj7RWVNf 6dt5uSIPoLFvLEZBDUABEcNMsFvNBoPaLJRoabVpk2Gk+YJsiDalxVwtjtx2e/mwuhmd e5xSzDlgFe6YzkEwQBF5S2oefeIdQJ7MZPdbHFPK38aKc+FCMe1HOsISuI6w+t0z9Msy Yu7Gjxc91ZNnUa2Pbo9q7wY2nnp3dlJ/DBz0c9T+pJZ/r0HnIp5wUJkpU0/jpTm/R/HB 33RegZKKh4/lCqndCXL7IloPZfNYkB4tGxyAO++ejbiRXHoWdKnVndnVgj2YxxPIyqkw nTNA== X-Gm-Message-State: AOJu0YyDSH6kdZ8oO00UXAiUh8gOd1UG0hZt6f+hpmSw0ryvENlRoLWM EUtR5dk+mjpmDnZBBU4SRON2gCnbgNkWsX3zOslsN91vvWqS5g5fqLOFWrRxMwzgDDzhYR2xGHo ev9JYj3ISc5i/duKfwBWmEQIuipx5SE306rBp2EcEhhLR83/D5QPz58a1x6Nz X-Gm-Gg: ASbGncswflqA2qJGQcyYrpPMf0FeAhvZ9VprJvh1+eQruCQrIvg9GpabDw2YoK2UjyC K5nE8mtliAUdLLI5MGSXQKUuCh40o8BQ1ghvDINAGM2BwswDQMXGoqEg6K66lDdY+qLRvyGPcNV DxvWFRXUDp9d/0vblNqNVlm9dM74nHBssz/ZByNpf2/Gwy6xnHxJmAp4RhobY0PfWzmYluWbRix yDjb0OVJrSj/Qtxip6JNOq5P/07nO7tswxXu7cx6lj9UZtDT4pNi9u0WmHbo6VwSS4bYG83xk/G gYAVrRhztWDxKAsiaRWEYPJ/p3deuE0aH7VaSawDGIz8wg63nh8WFOuC6F3zJMDWtzRCMA83S8F x2fsFXzNf X-Google-Smtp-Source: AGHT+IHTz6LYqtVhgXZOG0IHbJIu8FEnHfFbWrgMLGQG27Zxr9irXb3zaAUWjopAhIoUZkJCqdx4nnKUaIpd X-Received: by 2002:a05:6e02:1886:b0:430:e5a4:6f26 with SMTP id e9e14a558f8ab-432103bc903mr3787655ab.6.1761585063510; Mon, 27 Oct 2025 10:11:03 -0700 (PDT) Received: from postal.iol.unh.edu (postal.iol.unh.edu. [2606:4100:3880:1234::84]) by smtp-relay.gmail.com with ESMTPS id 8926c6da1cb9f-5aea9e331ddsm628418173.30.2025.10.27.10.11.03 (version=TLS1_2 cipher=ECDHE-ECDSA-AES128-GCM-SHA256 bits=128/128); Mon, 27 Oct 2025 10:11:03 -0700 (PDT) X-Relaying-Domain: iol.unh.edu Date: Mon, 27 Oct 2025 10:11:03 -0700 (PDT) Message-ID: <68ffa7a7.050a0220.106549.c4fbSMTPIN_ADDED_MISSING@mx.google.com> Received: from [172.21.0.3] (unknown [172.18.0.240]) by postal.iol.unh.edu (Postfix) with ESMTP id CCE086051830; Mon, 27 Oct 2025 13:11:02 -0400 (EDT) Subject: |FAILURE| pw158111-158112 [PATCH] [2/2] ethdev: support hide zero wh From: dpdklab@iol.unh.edu To: Test Report Cc: dpdk-test-reports@iol.unh.edu, Stephen Hemminger , Chengwen Feng In-Reply-To: <20251025094239.4915-3-fengchengwen@huawei.com> References: <20251025094239.4915-3-fengchengwen@huawei.com> Content-Type: text/plain X-BeenThere: test-report@dpdk.org X-Mailman-Version: 2.1.29 Precedence: list List-Id: automatic DPDK test reports List-Unsubscribe: , List-Archive: List-Post: List-Help: List-Subscribe: , Errors-To: test-report-bounces@dpdk.org Test-Label: iol-unit-arm64-testing Test-Status: FAILURE http://dpdk.org/patch/158112 _Testing issues RETEST #1_ Submitter: Chengwen Feng Date: Saturday, October 25 2025 09:42:39 DPDK git baseline: Repo:dpdk-next-net Branch: master CommitID:9021d763e846b75743f0a596e4b2995713e6cd4c 158111-158112 --> testing issues Upstream job id: Generic-Unit-Test-DPDK#385660 Test environment and result as below: +------------------------------+----------------+--------------+---------------------------+------------------------------+ | Environment | dpdk_unit_test | lpm_autotest | cryptodev_sw_zuc_autotest | cryptodev_sw_snow3g_autotest | +==============================+================+==============+===========================+==============================+ | Fedora Linux 40 | PASS | SKIPPED | SKIPPED | SKIPPED | +------------------------------+----------------+--------------+---------------------------+------------------------------+ | CentOS Stream 9 | PASS | SKIPPED | SKIPPED | SKIPPED | +------------------------------+----------------+--------------+---------------------------+------------------------------+ | Fedora Linux 41 | PEND | SKIPPED | SKIPPED | SKIPPED | +------------------------------+----------------+--------------+---------------------------+------------------------------+ | Fedora Linux 42 | PEND | SKIPPED | SKIPPED | SKIPPED | +------------------------------+----------------+--------------+---------------------------+------------------------------+ | CentOS Stream 10 | PEND | SKIPPED | SKIPPED | SKIPPED | +------------------------------+----------------+--------------+---------------------------+------------------------------+ | Ubuntu 22.04 | PEND | SKIPPED | SKIPPED | SKIPPED | +------------------------------+----------------+--------------+---------------------------+------------------------------+ | Debian GNU/Linux 12 | PEND | SKIPPED | SKIPPED | SKIPPED | +------------------------------+----------------+--------------+---------------------------+------------------------------+ | Red Hat Enterprise Linux 9.5 | PASS | SKIPPED | SKIPPED | SKIPPED | +------------------------------+----------------+--------------+---------------------------+------------------------------+ | Ubuntu 20.04 | PEND | PASS | SKIPPED | SKIPPED | +------------------------------+----------------+--------------+---------------------------+------------------------------+ | Ubuntu 24.04 | PEND | SKIPPED | SKIPPED | SKIPPED | +------------------------------+----------------+--------------+---------------------------+------------------------------+ | Debian 12 (arm) | SKIPPED | SKIPPED | PASS | PASS | +------------------------------+----------------+--------------+---------------------------+------------------------------+ Fedora Linux 40 Kernel: 5.4 Compiler: clang gcc (GCC) 14.2.1 20240912 (Red Hat 14.2.1-3) CentOS Stream 9 Kernel: 5.4 Compiler: gcc gcc (GCC) 11.5.0 20240719 (Red Hat 11.5.0-11) Fedora Linux 41 Kernel: 5.4 Compiler: gcc gcc (GCC) 14.3.1 20250523 (Red Hat 14.3.1-1) Fedora Linux 42 Kernel: 5.4 Compiler: gcc gcc (GCC) 15.2.1 20250808 (Red Hat 15.2.1-1) CentOS Stream 10 Kernel: 5.4 Compiler: gcc gcc (GCC) 14.2.1 20250110 (Red Hat 14.2.1-8) Ubuntu 22.04 Kernel: 5.15 Compiler: gcc gcc (Ubuntu 11.4.0-1ubuntu1~22.04.2) 11.4.0 Debian GNU/Linux 12 Kernel: 5.4 Compiler: gcc gcc (Debian 12.2.0-14+deb12u1) 12.2.0 Red Hat Enterprise Linux 9.5 Kernel: 5.4 Compiler: gcc gcc (GCC) 11.5.0 20240719 (Red Hat 11.5.0-2) Ubuntu 20.04 Kernel: 5.4 Compiler: gcc gcc (Ubuntu 9.4.0-1ubuntu1~20.04.2) 9.4.0 Ubuntu 24.04 Kernel: 5.4 Compiler: gcc gcc (Ubuntu 13.3.0-6ubuntu2~24.04) 13.3.0 Debian 12 (arm) Kernel: Depends on container host Compiler: gcc (Debian 12.2.0-14) 12.2.0 To view detailed results, visit: https://lab.dpdk.org/results/dashboard/patchsets/34386/ UNH-IOL DPDK Community Lab To manage your email subscriptions, visit: https://lab.dpdk.org/results/dashboard/preferences/subscriptions/