From mboxrd@z Thu Jan 1 00:00:00 1970 Return-Path: Received: from mails.dpdk.org (mails.dpdk.org [217.70.189.124]) by inbox.dpdk.org (Postfix) with ESMTP id C1ACB489EF for ; Mon, 27 Oct 2025 18:40:56 +0100 (CET) Received: from mails.dpdk.org (localhost [127.0.0.1]) by mails.dpdk.org (Postfix) with ESMTP id 8EA0A4021E; Mon, 27 Oct 2025 18:40:56 +0100 (CET) Received: from mail-il1-f228.google.com (mail-il1-f228.google.com [209.85.166.228]) by mails.dpdk.org (Postfix) with ESMTP id A1D124021E for ; Mon, 27 Oct 2025 18:40:54 +0100 (CET) Received: by mail-il1-f228.google.com with SMTP id e9e14a558f8ab-430aeaffeaeso20875715ab.3 for ; Mon, 27 Oct 2025 10:40:54 -0700 (PDT) DKIM-Signature: v=1; a=rsa-sha256; c=relaxed/relaxed; d=iol.unh.edu; s=unh-iol; t=1761586854; x=1762191654; darn=dpdk.org; h=references:in-reply-to:cc:to:from:subject:message-id:date:from:to :cc:subject:date:message-id:reply-to; bh=hJ4vi9gIyOZmKTlTpXR8scHl94jNwMFulh+iErNH2ow=; b=Q1cMJ6UtZXKOyeKfW0IXwigveuXVUReI4Akck75S0rVUksJECchp6hJy6Ild6Yq0ye C6KB/xfyWt7O52Lt1Ks3kmQUuRBIf41kvXJE3qyxdsuBidfbbcTdfEE9ztpS2yJMkz2R 0wW4eBqa8cTMLsaoDa2jlS03gMxJmio+Jm5C8= X-Google-DKIM-Signature: v=1; a=rsa-sha256; c=relaxed/relaxed; d=1e100.net; s=20230601; t=1761586854; x=1762191654; h=references:in-reply-to:cc:to:from:subject:message-id:date :x-gm-message-state:from:to:cc:subject:date:message-id:reply-to; bh=hJ4vi9gIyOZmKTlTpXR8scHl94jNwMFulh+iErNH2ow=; b=Ge2Fz/OfMwMmekzyBlTUTyBw99CyNZrzkN6cMUBfshhPOs1lNibWKYTd4vWUegD5Xz //NB/TLSAT0bSnmxxX+diEzAvJpQNUeSj/jAwaTvM+pW/7i9hH4Ky8TJmwQvXi5CXvmm XZIIBDjknZh0xPog6es4hfPtlmLylG81cVzOOlAxBdHc7F7XdUtjJwNMCP+V8v9y9t1+ 2uzbz5wdHLde7cMESuVmwfHzYj/QryQR87PsACdgDriGcRDimFF3x++Z2XQQzvixJ4ZO 9n3Q4xy4ODtmxSRg2Bhu+ivo3MoTbN2KWHOK2mYFOMMqQWEnPlkDiWgY7CnTvrMRdNOX p5FQ== X-Gm-Message-State: AOJu0Ywl+hEr/ogTYGhoDInzsWxf4AyigZ4+BbeqOEXlENJPIpG41GMs nsYfPSgFG6o2vBTEDTIVnp6ngb5W48DR4lVfFxjzpTR+BNaQ0DFbs2Z/XllfrQDRcmuIyLSnPkD RvFb64VaRoxwO5rM7mcjRoJP6sm5m/EUSKbHVNL+YxrWmqtxbpogcZiXwAN72 X-Gm-Gg: ASbGncuIFP/cRU8to88AW0zdga6q3v7iEX0GlgGo+oLKBLjb3CUJM214cMkOx8Y47OR +IBpst4NVN9PjZm+zyQvyIc5FYpn9MgM5coe5rXg4AlnQTRR7TzwOc6lXslo4n3rdghpfKM+kAA mx0d/0Zp3a+S3wpIGvTe2LBZ3amGGaJljBMrN1teT0SjiglDST/z0B8ky5G74Kkrvzfiy1vwRQC +osiydS66VS742Rif/uUkXzpH312cMeemieiLZjwhgWkTYQdE+DaGkRkdgjk6gFEjFa4vu5/P3g 2Jlqvu/4hnESraTr7nfYYCKUHamUq26BwB7uiNjnvRROLelddkgPoTMOgwOlJZyT2ZPGhPlLoTI 9U2bCmzZi X-Google-Smtp-Source: AGHT+IE4NlhK7fwCsLrVEeVn8EORXe3LJmf+CwF7+brtN2g84j3BGJwnTTrbo+t9Zl879vJhU1UKPs+Q8B+I X-Received: by 2002:a05:6e02:144f:b0:430:a66b:4ec1 with SMTP id e9e14a558f8ab-4320f79b2b0mr12964895ab.23.1761586853890; Mon, 27 Oct 2025 10:40:53 -0700 (PDT) Received: from postal.iol.unh.edu (postal.iol.unh.edu. [2606:4100:3880:1234::84]) by smtp-relay.gmail.com with ESMTPS id e9e14a558f8ab-431f6899fc8sm8046645ab.26.2025.10.27.10.40.53 (version=TLS1_2 cipher=ECDHE-ECDSA-AES128-GCM-SHA256 bits=128/128); Mon, 27 Oct 2025 10:40:53 -0700 (PDT) X-Relaying-Domain: iol.unh.edu Date: Mon, 27 Oct 2025 10:40:53 -0700 (PDT) Message-ID: <68ffaea5.050a0220.3a8e7a.3e65SMTPIN_ADDED_MISSING@mx.google.com> Received: from [172.21.0.2] (unknown [172.18.0.240]) by postal.iol.unh.edu (Postfix) with ESMTP id 74CDC604D420; Mon, 27 Oct 2025 13:40:53 -0400 (EDT) Subject: |WARNING| pw158111-158112 [PATCH] [2/2] ethdev: support hide zero wh From: dpdklab@iol.unh.edu To: Test Report Cc: dpdk-test-reports@iol.unh.edu, Stephen Hemminger In-Reply-To: <20251025094239.4915-3-fengchengwen@huawei.com> References: <20251025094239.4915-3-fengchengwen@huawei.com> Content-Type: text/plain X-BeenThere: test-report@dpdk.org X-Mailman-Version: 2.1.29 Precedence: list List-Id: automatic DPDK test reports List-Unsubscribe: , List-Archive: List-Post: List-Help: List-Subscribe: , Errors-To: test-report-bounces@dpdk.org Test-Label: iol-unit-arm64-testing Test-Status: WARNING http://dpdk.org/patch/158112 _Testing issues RETEST #1_ Submitter: Chengwen Feng Date: Saturday, October 25 2025 09:42:39 DPDK git baseline: Repo:dpdk-next-net Branch: master CommitID:9021d763e846b75743f0a596e4b2995713e6cd4c 158111-158112 --> testing issues Upstream job id: Generic-Unit-Test-DPDK#385664 Test environment and result as below: +------------------------------+----------------+--------------+---------------------------+------------------------------+ | Environment | dpdk_unit_test | lpm_autotest | cryptodev_sw_zuc_autotest | cryptodev_sw_snow3g_autotest | +==============================+================+==============+===========================+==============================+ | Fedora Linux 40 | PASS | SKIPPED | SKIPPED | SKIPPED | +------------------------------+----------------+--------------+---------------------------+------------------------------+ | CentOS Stream 9 | PASS | SKIPPED | SKIPPED | SKIPPED | +------------------------------+----------------+--------------+---------------------------+------------------------------+ | Fedora Linux 41 | WARN | SKIPPED | SKIPPED | SKIPPED | +------------------------------+----------------+--------------+---------------------------+------------------------------+ | Fedora Linux 42 | WARN | SKIPPED | SKIPPED | SKIPPED | +------------------------------+----------------+--------------+---------------------------+------------------------------+ | CentOS Stream 10 | PASS | SKIPPED | SKIPPED | SKIPPED | +------------------------------+----------------+--------------+---------------------------+------------------------------+ | Ubuntu 22.04 | PASS | SKIPPED | SKIPPED | SKIPPED | +------------------------------+----------------+--------------+---------------------------+------------------------------+ | Debian GNU/Linux 12 | PASS | SKIPPED | SKIPPED | SKIPPED | +------------------------------+----------------+--------------+---------------------------+------------------------------+ | Red Hat Enterprise Linux 9.5 | PASS | SKIPPED | SKIPPED | SKIPPED | +------------------------------+----------------+--------------+---------------------------+------------------------------+ | Ubuntu 20.04 | PASS | PASS | SKIPPED | SKIPPED | +------------------------------+----------------+--------------+---------------------------+------------------------------+ | Ubuntu 24.04 | PASS | SKIPPED | SKIPPED | SKIPPED | +------------------------------+----------------+--------------+---------------------------+------------------------------+ | Debian 12 (arm) | SKIPPED | SKIPPED | PASS | PASS | +------------------------------+----------------+--------------+---------------------------+------------------------------+ ==== 20 line log output for Fedora Linux 42 (dpdk_unit_test): ==== [1327/3817] Compiling C object drivers/libtmp_rte_net_ionic.a.p/net_ionic_ionic_ethdev.c.o [1328/3817] Compiling C object drivers/libtmp_rte_net_ionic.a.p/net_ionic_ionic_rx_filter.c.o [1329/3817] Compiling C object drivers/libtmp_rte_net_ionic.a.p/net_ionic_ionic_main.c.o [1330/3817] Compiling C object drivers/libtmp_rte_net_ionic.a.p/net_ionic_ionic_lif.c.o [1331/3817] Compiling C object drivers/libtmp_rte_net_ionic.a.p/net_ionic_ionic_rxtx.c.o [1332/3817] Compiling C object drivers/libtmp_rte_net_ionic.a.p/net_ionic_ionic_rxtx_simple.c.o [1333/3817] Compiling C object drivers/libtmp_rte_net_ionic.a.p/net_ionic_ionic_rxtx_sg.c.o [1334/3817] Compiling C object drivers/libtmp_rte_net_macb.a.p/net_macb_macb_ethdev.c.o [1335/3817] Compiling C object drivers/libtmp_rte_net_mana.a.p/net_mana_gdma.c.o [1336/3817] Compiling C object drivers/libtmp_rte_net_macb.a.p/net_macb_macb_rxtx_vec_neon.c.o FAILED: [code=1] drivers/libtmp_rte_net_macb.a.p/net_macb_macb_rxtx_vec_neon.c.o clang -Idrivers/libtmp_rte_net_macb.a.p -Idrivers -I../drivers -Idrivers/net/macb -I../drivers/net/macb -Idrivers/net/macb/base -I../drivers/net/macb/base -Ilib/ethdev -I../lib/ethdev -Ilib/eal/common -I../lib/eal/common -I. -I.. -Iconfig -I../config -Ilib/eal/include -I../lib/eal/include -Ilib/eal/linux/include -I../lib/eal/linux/include -Ilib/eal/arm/include -I../lib/eal/arm/include -I../kernel/linux -Ilib/eal -I../lib/eal -Ilib/kvargs -I../lib/kvargs -Ilib/log -I../lib/log -Ilib/metrics -I../lib/metrics -Ilib/telemetry -I../lib/telemetry -Ilib/argparse -I../lib/argparse -Ilib/net -I../lib/net -Ilib/mbuf -I../lib/mbuf -Ilib/mempool -I../lib/mempool -Ilib/ring -I../lib/ring -Ilib/meter -I../lib/meter -Idrivers/bus/pci -I../drivers/bus/pci -I../drivers/bus/pci/linux -Ilib/pci -I../lib/pci -Idrivers/bus/vdev -I../drivers/bus/vdev -Xclang -fcolor-diagnostics -pipe -D_FILE_OFFSET_BITS=64 -Wall -Winvalid-pch -Wextra -Werror -std=c11 -O3 -include rte_config.h -Wvla -Wcast-qual -Wcomma -Wd eprecated -Wformat -Wformat-nonliteral -Wformat-security -Wmissing-declarations -Wmissing-prototypes -Wnested-externs -Wold-style-definition -Wpointer-arith -Wsign-compare -Wstrict-prototypes -Wundef -Wwrite-strings -Wno-missing-field-initializers -D_GNU_SOURCE -fPIC -march=armv8.1-a+crc+crypto -DALLOW_EXPERIMENTAL_API -DALLOW_INTERNAL_API -Wno-format-truncation -Wno-address-of-packed-member -Wno-comma -DRTE_LOG_DEFAULT_LOGTYPE=pmd.net.macb -DRTE_ANNOTATE_LOCKS -Wthread-safety -MD -MQ drivers/libtmp_rte_net_macb.a.p/net_macb_macb_rxtx_vec_neon.c.o -MF drivers/libtmp_rte_net_macb.a.p/net_macb_macb_rxtx_vec_neon.c.o.d -o drivers/libtmp_rte_net_macb.a.p/net_macb_macb_rxtx_vec_neon.c.o -c ../drivers/net/macb/macb_rxtx_vec_neon.c ../drivers/net/macb/macb_rxtx_vec_neon.c:59:30: error: cast from 'volatile unsigned long (*)[1]' to 'unsigned long *' drops volatile qualifier [-Werror,-Wcast-qual] 59 | vset_lane_u64(*(uint64_t *)(&mbuf.rearm_data), mbuf_initializer, 0); | ^ 1 error generated. [1337/3817] Compiling C object drivers/libtmp_rte_net_mana.a.p/net_mana_mp.c.o [1338/3817] Compiling C object drivers/libtmp_rte_net_mana.a.p/net_mana_mana.c.o [1339/3817] Compiling C object drivers/libtmp_rte_net_macb.a.p/net_macb_macb_rxtx.c.o ninja: build stopped: subcommand failed. ==== End log output ==== Fedora Linux 40 Kernel: 5.4 Compiler: clang gcc (GCC) 14.2.1 20240912 (Red Hat 14.2.1-3) CentOS Stream 9 Kernel: 5.4 Compiler: gcc gcc (GCC) 11.5.0 20240719 (Red Hat 11.5.0-11) Fedora Linux 41 Kernel: 5.4 Compiler: gcc gcc (GCC) 14.3.1 20250523 (Red Hat 14.3.1-1) Fedora Linux 42 Kernel: 5.4 Compiler: gcc gcc (GCC) 15.2.1 20250808 (Red Hat 15.2.1-1) CentOS Stream 10 Kernel: 5.4 Compiler: gcc gcc (GCC) 14.2.1 20250110 (Red Hat 14.2.1-8) Ubuntu 22.04 Kernel: 5.15 Compiler: gcc gcc (Ubuntu 11.4.0-1ubuntu1~22.04.2) 11.4.0 Debian GNU/Linux 12 Kernel: 5.4 Compiler: gcc gcc (Debian 12.2.0-14+deb12u1) 12.2.0 Red Hat Enterprise Linux 9.5 Kernel: 5.4 Compiler: gcc gcc (GCC) 11.5.0 20240719 (Red Hat 11.5.0-2) Ubuntu 20.04 Kernel: 5.4 Compiler: gcc gcc (Ubuntu 9.4.0-1ubuntu1~20.04.2) 9.4.0 Ubuntu 24.04 Kernel: 5.4 Compiler: gcc gcc (Ubuntu 13.3.0-6ubuntu2~24.04) 13.3.0 Debian 12 (arm) Kernel: Depends on container host Compiler: gcc (Debian 12.2.0-14) 12.2.0 To view detailed results, visit: https://lab.dpdk.org/results/dashboard/patchsets/34386/ UNH-IOL DPDK Community Lab To manage your email subscriptions, visit: https://lab.dpdk.org/results/dashboard/preferences/subscriptions/