From mboxrd@z Thu Jan 1 00:00:00 1970 Return-Path: Received: from mails.dpdk.org (mails.dpdk.org [217.70.189.124]) by inbox.dpdk.org (Postfix) with ESMTP id 52E64489F6 for ; Tue, 28 Oct 2025 00:02:08 +0100 (CET) Received: from mails.dpdk.org (localhost [127.0.0.1]) by mails.dpdk.org (Postfix) with ESMTP id 4F6C74021E; Tue, 28 Oct 2025 00:02:08 +0100 (CET) Received: from mail-pg1-f228.google.com (mail-pg1-f228.google.com [209.85.215.228]) by mails.dpdk.org (Postfix) with ESMTP id EB39D4021E for ; Tue, 28 Oct 2025 00:02:07 +0100 (CET) Received: by mail-pg1-f228.google.com with SMTP id 41be03b00d2f7-b6ceba7c97eso4913485a12.0 for ; Mon, 27 Oct 2025 16:02:07 -0700 (PDT) DKIM-Signature: v=1; a=rsa-sha256; c=relaxed/relaxed; d=iol.unh.edu; s=unh-iol; t=1761606127; x=1762210927; darn=dpdk.org; h=references:in-reply-to:cc:to:from:subject:message-id:date:from:to :cc:subject:date:message-id:reply-to; bh=iEZaakrHQhHTBujDTK2GZ4o+7NWbnnVyuD4qIQX9ZNg=; b=gQX4v+5FO22ihdaY2+b9BUNKdty4N+XQ9JRFHc4rP6zYNTEa5hV3XtNUF4fdfGxkPA GhQnQUzGT4cTJvMg87N2CQS8gtD0PiT8jT6briuYxSUqOJ6rjYgNxFr1ihco2/1Lx911 63ZTq7p+JbgBC2MP7hcVGj/m6SZ+Y+nIQohpU= X-Google-DKIM-Signature: v=1; a=rsa-sha256; c=relaxed/relaxed; d=1e100.net; s=20230601; t=1761606127; x=1762210927; h=references:in-reply-to:cc:to:from:subject:message-id:date :x-gm-message-state:from:to:cc:subject:date:message-id:reply-to; bh=iEZaakrHQhHTBujDTK2GZ4o+7NWbnnVyuD4qIQX9ZNg=; b=Z4PFq40Gm3+zAKs4hnsNwRz6nd9wvKckIAaVHJI3sqiancaxDcPBrojHfvgGv6/KC4 dbe2a9z4dXg2ZRhxBD6R9Kbue9/zvRRj1TOoKlzvWkP4djDd7fbeO7HThiXlA0wcyXw5 xcZc/2Lonjb4CB8uPbJyn/KH8NrFmu2WhXE7b40XKMmHxc7yC+EyyP2seZuffpvEYFr5 ylw5N5MSFxlkcl99QuX3GlsjPi2IqnD2fCtv1CcROeiXi0uPEzhTFh4s57hCMdHWrYua gwgRed/UBq7fbC/u/yxrdTS+6M74R18X7F8kftsCmnh9t0o2xURaQlC3ZxYJy+hwrmCj z36g== X-Gm-Message-State: AOJu0YxDc66Hx5975NbJUC2jSQMQggW8D+/Pyw6VKCFTD9Y0NlceFqRM l5tFjb0w+PIZXQTMldytdLx091hNa7EC9JM6P/unj3TWF1KZo5pX8asDGJzBYTkAb6bY6THPav1 5ABrHoovTL3x3LeESuEtfmRXAzlcBsgO2NipUMO0Ttu2J X-Gm-Gg: ASbGnctbAdozQg6V+jeK+P/McjxpBQxjF9deo6VuOimKx9hEjR6/KE6fUNAup+KN+5Z IDabZyYQZ1N++tjgeMNuwNX/Yjbg/x8PPlQ9SGzJopJNCNA1PGWqfGtdgmvJz0WYJFyxZix7u+J 5cpdWeSU2oWbuYGAZNPtoKqKW4ph7DSH7rbBVGhbQIbPMtjf1KBDdTObszT4B+fYifFAzzcWWln ReEtFmb14+YfixUmnHIQS7TIZOVwzBCPMWwvWnFRRxIhEV6gQ69gs6/91SmR8FN1Wip7+tJXMvL k9YDYmJmI99Iy+6EmReB1sQhpAdsYTGVrInkHZWNgvdpeaDzJBzCU7xHBtARFJ77k4ah3XfVCYK kY1nOCXz5aliXRsmb606dMB1mRyy0Vrw= X-Google-Smtp-Source: AGHT+IHitirpUaS8hP2JO5sFb2EUZV7B4jyB5/7YvodkrLD2o682rjKfFEFU+IsRsQiwXrXhIWgRxBFUSKJt X-Received: by 2002:a17:902:e5cc:b0:290:cd73:33f1 with SMTP id d9443c01a7336-294cb65b9d4mr22564645ad.59.1761606126777; Mon, 27 Oct 2025 16:02:06 -0700 (PDT) Received: from postal.iol.unh.edu (postal.iol.unh.edu. [132.177.123.84]) by smtp-relay.gmail.com with ESMTPS id 98e67ed59e1d1-34029a27defsm53750a91.1.2025.10.27.16.02.06 (version=TLS1_2 cipher=ECDHE-ECDSA-AES128-GCM-SHA256 bits=128/128); Mon, 27 Oct 2025 16:02:06 -0700 (PDT) X-Relaying-Domain: iol.unh.edu Date: Mon, 27 Oct 2025 16:02:06 -0700 (PDT) Message-ID: <68fff9ee.170a0220.26004c.2cdeSMTPIN_ADDED_MISSING@mx.google.com> Received: from [172.21.0.3] (unknown [172.18.0.240]) by postal.iol.unh.edu (Postfix) with ESMTP id 11E9D6051830; Mon, 27 Oct 2025 19:02:06 -0400 (EDT) Subject: |FAILURE| pw158164-158166 [PATCH] [v3,3/3] net/tap: detect namespace From: dpdklab@iol.unh.edu To: Test Report Cc: dpdk-test-reports@iol.unh.edu, Stephen Hemminger , Robin Jarry In-Reply-To: <20251027221622.494080-8-rjarry@redhat.com> References: <20251027221622.494080-8-rjarry@redhat.com> Content-Type: text/plain X-BeenThere: test-report@dpdk.org X-Mailman-Version: 2.1.29 Precedence: list List-Id: automatic DPDK test reports List-Unsubscribe: , List-Archive: List-Post: List-Help: List-Subscribe: , Errors-To: test-report-bounces@dpdk.org Test-Label: iol-compile-amd64-testing Test-Status: FAILURE http://dpdk.org/patch/158166 _Testing issues_ Submitter: Robin Jarry Date: Monday, October 27 2025 22:16:25 DPDK git baseline: Repo:dpdk-next-net Branch: master CommitID:11a6a4b1f19140ac3a57ace844be3cba00c39eaa 158164-158166 --> testing issues Upstream job id: Generic-DPDK-Compile-Meson#438159 Test environment and result as below: +-------------------------------+--------------------+-------------------+------------------+-------------------+-------------------------+ | Environment | dpdk_meson_compile | dpdk_compile_spdk | dpdk_compile_ovs | dpdk_msvc_compile | dpdk_llvm_clang_compile | +===============================+====================+===================+==================+===================+=========================+ | CentOS Stream 9 | PEND | PEND | SKIPPED | SKIPPED | SKIPPED | +-------------------------------+--------------------+-------------------+------------------+-------------------+-------------------------+ | Debian GNU/Linux 12 | PEND | PEND | SKIPPED | SKIPPED | SKIPPED | +-------------------------------+--------------------+-------------------+------------------+-------------------+-------------------------+ | Ubuntu 20.04 | PASS | SKIPPED | SKIPPED | SKIPPED | SKIPPED | +-------------------------------+--------------------+-------------------+------------------+-------------------+-------------------------+ | Red Hat Enterprise Linux 8.10 | PASS | SKIPPED | SKIPPED | SKIPPED | SKIPPED | +-------------------------------+--------------------+-------------------+------------------+-------------------+-------------------------+ | CentOS Stream 10 | PASS | SKIPPED | SKIPPED | SKIPPED | SKIPPED | +-------------------------------+--------------------+-------------------+------------------+-------------------+-------------------------+ | Fedora Linux 42 | PEND | PEND | PEND | SKIPPED | SKIPPED | +-------------------------------+--------------------+-------------------+------------------+-------------------+-------------------------+ | Ubuntu 24.04 | PEND | PEND | PEND | SKIPPED | SKIPPED | +-------------------------------+--------------------+-------------------+------------------+-------------------+-------------------------+ | openSUSE Leap 15.6 | PASS | SKIPPED | SKIPPED | SKIPPED | SKIPPED | +-------------------------------+--------------------+-------------------+------------------+-------------------+-------------------------+ | Red Hat Enterprise Linux 9.5 | PASS | SKIPPED | SKIPPED | SKIPPED | SKIPPED | +-------------------------------+--------------------+-------------------+------------------+-------------------+-------------------------+ | FreeBSD 14.2 | PASS | SKIPPED | SKIPPED | SKIPPED | SKIPPED | +-------------------------------+--------------------+-------------------+------------------+-------------------+-------------------------+ | Ubuntu 22.04 | PASS | WARN | SKIPPED | SKIPPED | SKIPPED | +-------------------------------+--------------------+-------------------+------------------+-------------------+-------------------------+ | Alpine Linux 3.22.0 | PASS | SKIPPED | SKIPPED | SKIPPED | SKIPPED | +-------------------------------+--------------------+-------------------+------------------+-------------------+-------------------------+ | Windows Server 2022 | SKIPPED | SKIPPED | SKIPPED | PEND | PEND | +-------------------------------+--------------------+-------------------+------------------+-------------------+-------------------------+ ==== 20 line log output for Ubuntu 22.04 (dpdk_compile_spdk): ==== --- Failed to get log output --- ==== End log output ==== CentOS Stream 9 Kernel: 5.15 Compiler: gcc gcc (GCC) 11.5.0 20240719 (Red Hat 11.5.0-11) Debian GNU/Linux 12 Kernel: 5.15 Compiler: gcc gcc (Debian 12.2.0-14+deb12u1) 12.2.0 Ubuntu 20.04 Kernel: 4.19 Compiler: gcc gcc (Ubuntu 9.4.0-1ubuntu1~20.04.2) 9.4.0 Red Hat Enterprise Linux 8.10 Kernel: 5.15 Compiler: gcc gcc (GCC) 8.5.0 20210514 (Red Hat 8.5.0-22) CentOS Stream 10 Kernel: 5.15 Compiler: gcc gcc (GCC) 14.2.1 20250110 (Red Hat 14.2.1-8) Fedora Linux 42 Kernel: 5.15 Compiler: gcc gcc (GCC) 15.2.1 20250808 (Red Hat 15.2.1-1) Ubuntu 24.04 Kernel: 5.15 Compiler: gcc gcc (Ubuntu 13.3.0-6ubuntu2~24.04) 13.3.0 openSUSE Leap 15.6 Kernel: 5.15 Compiler: gcc gcc (SUSE Linux) 7.5.0 Red Hat Enterprise Linux 9.5 Kernel: 5.15 Compiler: gcc gcc (GCC) 11.5.0 20240719 (Red Hat 11.5.0-2) FreeBSD 14.2 Kernel: 14.2-RELEASE Compiler: clang 18.1.6 Ubuntu 22.04 Kernel: 5.15 Compiler: gcc gcc (Ubuntu 11.4.0-1ubuntu1~22.04) 11.4.0 Alpine Linux 3.22.0 Kernel: 5.15 Compiler: gcc gcc (Alpine 14.2.0) 14.2.0 Windows Server 2022 Kernel: 10.0.20348.2031 Compiler: clang 15.0.7, gcc 14.1.0 (MinGW), and MSVC VS 19.39.33521 To view detailed results, visit: https://lab.dpdk.org/results/dashboard/patchsets/34389/ UNH-IOL DPDK Community Lab To manage your email subscriptions, visit: https://lab.dpdk.org/results/dashboard/preferences/subscriptions/