From: dpdklab@iol.unh.edu
To: Test Report <test-report@dpdk.org>
Cc: dpdk-test-reports@iol.unh.edu,
Stephen Hemminger <stephen@networkplumber.org>
Subject: |WARNING| pw158164-158166 [PATCH] [v3,3/3] net/tap: detect namespace
Date: Mon, 27 Oct 2025 16:25:11 -0700 (PDT) [thread overview]
Message-ID: <68ffff57.050a0220.33aba7.7889SMTPIN_ADDED_MISSING@mx.google.com> (raw)
In-Reply-To: <20251027221622.494080-8-rjarry@redhat.com>
Test-Label: iol-sample-apps-testing
Test-Status: WARNING
http://dpdk.org/patch/158166
_Testing issues_
Submitter: Robin Jarry <rjarry@redhat.com>
Date: Monday, October 27 2025 22:16:25
DPDK git baseline: Repo:dpdk-next-net
Branch: master
CommitID:11a6a4b1f19140ac3a57ace844be3cba00c39eaa
158164-158166 --> testing issues
Upstream job id: Template-DTS-Pipeline#251492
Test environment and result as below:
+--------------+----------------------+----------------------+
| Environment | dpdk_fips_validation | compressdev_zlib_pmd |
+==============+======================+======================+
| Ubuntu 20.04 | WARN | SKIPPED |
+--------------+----------------------+----------------------+
| Ubuntu 22.04 | SKIPPED | PASS |
+--------------+----------------------+----------------------+
==== 20 line log output for Ubuntu 20.04 (dpdk_fips_validation): ====
Traceback (most recent call last):
File "/dpdk-ci/tools/acvp/acvp_tool.py", line 368, in <module>
main(
File "/dpdk-ci/tools/acvp/acvp_tool.py", line 314, in main
with open(response_path, 'r') as upload_file:
FileNotFoundError: [Errno 2] No such file or directory: '/root/workspace/ACVP-FIPS-testing/out/hmac-sha-1-answers.rsp'
INFO:root:Using response file...
Traceback (most recent call last):
File "/dpdk-ci/tools/acvp/acvp_tool.py", line 368, in <module>
main(
File "/dpdk-ci/tools/acvp/acvp_tool.py", line 314, in main
with open(response_path, 'r') as upload_file:
FileNotFoundError: [Errno 2] No such file or directory: '/root/workspace/ACVP-FIPS-testing/out/acvp-tdes-cbc-answers.rsp'
INFO:root:Using response file...
Traceback (most recent call last):
File "/dpdk-ci/tools/acvp/acvp_tool.py", line 368, in <module>
main(
File "/dpdk-ci/tools/acvp/acvp_tool.py", line 314, in main
with open(response_path, 'r') as upload_file:
FileNotFoundError: [Errno 2] No such file or directory: '/root/workspace/ACVP-FIPS-testing/out/acvp-aes-ctr-answers.rsp'
==== End log output ====
Ubuntu 20.04
Kernel: 5.15
Compiler: gcc gcc (Ubuntu 9.4.0-1ubuntu1~20.04.2) 9.4.0
Ubuntu 22.04
Kernel: 5.15
Compiler: gcc gcc (Ubuntu 11.4.0-1ubuntu1~22.04.2) 11.4.0
To view detailed results, visit:
https://lab.dpdk.org/results/dashboard/patchsets/34389/
UNH-IOL DPDK Community Lab
To manage your email subscriptions, visit:
https://lab.dpdk.org/results/dashboard/preferences/subscriptions/
next prev parent reply other threads:[~2025-10-27 23:25 UTC|newest]
Thread overview: 27+ messages / expand[flat|nested] mbox.gz Atom feed top
[not found] <20251027221622.494080-8-rjarry@redhat.com>
2025-10-27 21:44 ` |SUCCESS| pw158164-158166 [PATCH dpdk v3 3/3] net/tap: detect namespace change qemudev
2025-10-27 21:49 ` qemudev
2025-10-27 22:17 ` |SUCCESS| pw158166 " checkpatch
2025-10-27 22:42 ` |PENDING| pw158164-158166 [PATCH] [v3,3/3] net/tap: detect namespace dpdklab
2025-10-27 22:44 ` dpdklab
2025-10-27 22:44 ` dpdklab
2025-10-27 22:44 ` |SUCCESS| " dpdklab
2025-10-27 22:49 ` dpdklab
2025-10-27 22:50 ` |PENDING| " dpdklab
2025-10-27 22:53 ` dpdklab
2025-10-27 23:01 ` |SUCCESS| " dpdklab
2025-10-27 23:02 ` |FAILURE| " dpdklab
2025-10-27 23:04 ` |SUCCESS| " dpdklab
2025-10-27 23:06 ` dpdklab
2025-10-27 23:06 ` dpdklab
2025-10-27 23:07 ` |WARNING| " dpdklab
2025-10-27 23:18 ` |SUCCESS| " dpdklab
2025-10-27 23:25 ` dpdklab [this message]
2025-10-27 23:25 ` dpdklab
2025-10-27 23:30 ` |WARNING| " dpdklab
2025-10-27 23:36 ` |SUCCESS| pw158166 [PATCH dpdk v3 3/3] net/tap: detect namespace change 0-day Robot
2025-10-27 23:36 ` 0-day Robot
2025-10-27 23:38 ` |SUCCESS| pw158164-158166 [PATCH] [v3,3/3] net/tap: detect namespace dpdklab
2025-10-27 23:39 ` |WARNING| " dpdklab
2025-10-27 23:43 ` |SUCCESS| " dpdklab
2025-10-28 0:01 ` dpdklab
2025-10-28 2:10 ` dpdklab
Reply instructions:
You may reply publicly to this message via plain-text email
using any one of the following methods:
* Save the following mbox file, import it into your mail client,
and reply-to-all from there: mbox
Avoid top-posting and favor interleaved quoting:
https://en.wikipedia.org/wiki/Posting_style#Interleaved_style
* Reply using the --to, --cc, and --in-reply-to
switches of git-send-email(1):
git send-email \
--in-reply-to=68ffff57.050a0220.33aba7.7889SMTPIN_ADDED_MISSING@mx.google.com \
--to=dpdklab@iol.unh.edu \
--cc=dpdk-test-reports@iol.unh.edu \
--cc=stephen@networkplumber.org \
--cc=test-report@dpdk.org \
/path/to/YOUR_REPLY
https://kernel.org/pub/software/scm/git/docs/git-send-email.html
* If your mail client supports setting the In-Reply-To header
via mailto: links, try the mailto: link
Be sure your reply has a Subject: header at the top and a blank line
before the message body.
This is a public inbox, see mirroring instructions
for how to clone and mirror all data and code used for this inbox;
as well as URLs for NNTP newsgroup(s).