From mboxrd@z Thu Jan 1 00:00:00 1970 Return-Path: Received: from mails.dpdk.org (mails.dpdk.org [217.70.189.124]) by inbox.dpdk.org (Postfix) with ESMTP id 47B9A489F4 for ; Tue, 28 Oct 2025 05:52:08 +0100 (CET) Received: from mails.dpdk.org (localhost [127.0.0.1]) by mails.dpdk.org (Postfix) with ESMTP id 296E74021E; Tue, 28 Oct 2025 05:52:08 +0100 (CET) Received: from mail-io1-f97.google.com (mail-io1-f97.google.com [209.85.166.97]) by mails.dpdk.org (Postfix) with ESMTP id 406BF4021E for ; Tue, 28 Oct 2025 05:52:07 +0100 (CET) Received: by mail-io1-f97.google.com with SMTP id ca18e2360f4ac-9444425cedcso329485439f.1 for ; Mon, 27 Oct 2025 21:52:07 -0700 (PDT) DKIM-Signature: v=1; a=rsa-sha256; c=relaxed/relaxed; d=iol.unh.edu; s=unh-iol; t=1761627126; x=1762231926; darn=dpdk.org; h=cc:to:from:subject:message-id:date:from:to:cc:subject:date :message-id:reply-to; bh=QXL7LkT4MaxaYnHOl/C990w2em8HAOoau9j8gQjyH78=; b=UFkViE4CSWlTffah8E5z8j/XZS+X/Vlk8qgD/RM61tAhg4oi7UnrEHfl9bccCHQQH3 7GYNou6Rc5PTWm3IKUCRXA6qMQSwuDsqy09XI7jk8d9Hss3VMTgmORh8DvO1dKFQ1d/o tcPPjDUpVmmoEi77TTAlM6SuC9G94AhIJ6wao= X-Google-DKIM-Signature: v=1; a=rsa-sha256; c=relaxed/relaxed; d=1e100.net; s=20230601; t=1761627126; x=1762231926; h=cc:to:from:subject:message-id:date:x-gm-message-state:from:to:cc :subject:date:message-id:reply-to; bh=QXL7LkT4MaxaYnHOl/C990w2em8HAOoau9j8gQjyH78=; b=JdGQBOEDwjOyfUw7DKjNbMYTU+f5P5ooEq6m6IwmZEnnEfu1slvz0Y/BWiw2zU280k O9Nu9SrnliRcvCUhOeNlUw8y7IJS5nmfxQ0+mduHiLk91Uz4frvFdDmxjwwfvsZK9iW7 7lcV5TE5MnXxvi9s8dNnu82Td7wtJlFI9HrMvpduz996lTvwG/CgXfu/hJXM67KiGqWj ly4GpHunNL03dDYLT+/S8s4OahmNVwBMvv8qi9NpVBcswxRPdIoxHz2jHVEmIJY4Ub1I ZALRb/LQzhNkibB/x7w4CfHPfadALrF8B7n1ZwIgvnKjWTLiIOlP4KFpcggLw01UYfcu lcKg== X-Gm-Message-State: AOJu0Yw0vrRCcr/8dexZIh6FuBbZS3Xj0GUDuvy757SSHDLBkO+JvY4a 2zmGAXNrhZ3KaXzTXS7bcOqzP9OfEo2CUysEt2l3hXAf9AvfG9NtTkdOeEyQC/T8V8UlmHEZ9GS xzfIuPouer+wOTaN8gu29xHpMcCEckDK7RHIw3+OaLLBZcUgSKL1t X-Gm-Gg: ASbGncudREeVWQkhFUu7QWSw0LtX2fIHDoKz5u6Bcv1ABI8aKsfLsDQlXUDw4JnLuDY gJWT6u2tzO3ynFaKm94oDWBjNxcy6r4GKo5krBe/mjB0Vqd2mlpXT6oygTh1EafnP/NUrxu7zG4 UOVJ3q5mzkO+DbYP7U6P8G/Qu0S7jRP38XywwWn2pqoSCY8rva+gToWmSv/nrHQEoWx3o5Q8i0x e+yEJWi0H1LUjgbSRQI7K4qZ1xxwXHuAzfNEhi+kvn6isCJXshhBfPPO1JmpUGxtsF9qz0Gky0E WViW9QQqIMPKX8/ZhJ5egWW+Ac/kViDQMcMVg3XQtt7+8gjDanSHLGrq1aye+hXfn08xH/qLPxf ia5SkcJ4C X-Google-Smtp-Source: AGHT+IEeMWyxjObcfokG36X9texpXHw7nME7Oz1P18/DQle4rhxtRySB5bpn23ckj2FBQHM1rbHivxHXdAoo X-Received: by 2002:a05:6602:1484:b0:940:dbee:4a67 with SMTP id ca18e2360f4ac-945b7ed6891mr411948239f.0.1761627126433; Mon, 27 Oct 2025 21:52:06 -0700 (PDT) Received: from postal.iol.unh.edu (postal.iol.unh.edu. [2606:4100:3880:1234::84]) by smtp-relay.gmail.com with ESMTPS id 8926c6da1cb9f-5aea80c8127sm761065173.17.2025.10.27.21.52.06 (version=TLS1_2 cipher=ECDHE-ECDSA-AES128-GCM-SHA256 bits=128/128); Mon, 27 Oct 2025 21:52:06 -0700 (PDT) X-Relaying-Domain: iol.unh.edu Date: Mon, 27 Oct 2025 21:52:06 -0700 (PDT) Message-ID: <69004bf6.050a0220.22cd58.4300SMTPIN_ADDED_MISSING@mx.google.com> Received: from [172.21.0.2] (unknown [172.18.0.240]) by postal.iol.unh.edu (Postfix) with ESMTP id F342D6051830; Tue, 28 Oct 2025 00:52:05 -0400 (EDT) Subject: |FAILURE| [GIT MASTER] 3b43ce3f4a54468e7ef65760c2fd7b4d6ee6d9fc From: dpdklab@iol.unh.edu To: Test Report Cc: dpdk-test-reports@iol.unh.edu, Xueming Li , Christian Ehrhardt , Kevin Traynor , Luca Boccassi Content-Type: text/plain X-BeenThere: test-report@dpdk.org X-Mailman-Version: 2.1.29 Precedence: list List-Id: automatic DPDK test reports List-Unsubscribe: , List-Archive: List-Post: List-Help: List-Subscribe: , Errors-To: test-report-bounces@dpdk.org _Testing issues_ Branch: tags/v22.11 3b43ce3f4a54468e7ef65760c2fd7b4d6ee6d9fc --> testing issues Upstream job id: Generic-Unit-Test-DPDK#385743 Test environment and result as below: +-------------------------------+----------------+ | Environment | dpdk_unit_test | +===============================+================+ | Fedora Linux 40 | FAIL | +-------------------------------+----------------+ | Fedora Linux 41 | FAIL | +-------------------------------+----------------+ | Fedora Linux 42 | FAIL | +-------------------------------+----------------+ | Red Hat Enterprise Linux 8.10 | FAIL | +-------------------------------+----------------+ | CentOS Stream 9 | FAIL | +-------------------------------+----------------+ | Ubuntu 24.04 | FAIL | +-------------------------------+----------------+ | Debian GNU/Linux 12 | FAIL | +-------------------------------+----------------+ | Ubuntu 20.04 | PASS | +-------------------------------+----------------+ | Ubuntu 22.04 | FAIL | +-------------------------------+----------------+ | CentOS Stream 10 | FAIL | +-------------------------------+----------------+ | Red Hat Enterprise Linux 9.5 | FAIL | +-------------------------------+----------------+ | Windows Server 2022 | PASS | +-------------------------------+----------------+ ==== Unit test summary for Red Hat Enterprise Linux 9.5 (dpdk_unit_test): ==== ninja: Entering directory `/root/workspace/Generic-Unit-Test-DPDK/dpdk/build' ninja: no work to do. 1/105 DPDK:fast-tests / acl_autotest OK 6.31 s 2/105 DPDK:fast-tests / atomic_autotest OK 0.63 s 3/105 DPDK:fast-tests / bitmap_autotest OK 0.19 s 4/105 DPDK:fast-tests / bitops_autotest OK 0.21 s 5/105 DPDK:fast-tests / byteorder_autotest OK 0.22 s 6/105 DPDK:fast-tests / cksum_autotest OK 0.22 s 7/105 DPDK:fast-tests / cmdline_autotest OK 0.35 s 8/105 DPDK:fast-tests / common_autotest OK 0.79 s 9/105 DPDK:fast-tests / cpuflags_autotest OK 0.35 s 10/105 DPDK:fast-tests / debug_autotest OK 0.50 s 11/105 DPDK:fast-tests / devargs_autotest OK 0.17 s 12/105 DPDK:fast-tests / eal_flags_c_opt_autotest OK 0.90 s 13/105 DPDK:fast-tests / eal_flags_main_opt_autotest OK 0.62 s 14/105 DPDK:fast-tests / eal_flags_n_opt_autotest OK 1.07 s 15/105 DPDK:fast-tests / eal_flags_hpet_autotest OK 0.49 s 16/105 DPDK:fast-tests / eal_flags_no_huge_autotest OK 0.74 s 17/105 DPDK:fast-tests / eal_flags_a_opt_autotest OK 0.62 s 18/105 DPDK:fast-tests / eal_flags_b_opt_autotest OK 0.48 s 19/105 DPDK:fast-tests / eal_flags_vdev_opt_autotest OK 0.81 s 20/105 DPDK:fast-tests / eal_flags_r_opt_autotest OK 0.44 s 21/105 DPDK:fast-tests / eal_flags_mem_autotest OK 1.03 s 22/105 DPDK:fast-tests / eal_flags_file_prefix_autotest OK 3.09 s 23/105 DPDK:fast-tests / eal_flags_misc_autotest OK 2.71 s 24/105 DPDK:fast-tests / eal_fs_autotest OK 0.21 s 25/105 DPDK:fast-tests / errno_autotest OK 0.19 s 26/105 DPDK:fast-tests / ethdev_link_status OK 0.19 s 27/105 DPDK:fast-tests / event_ring_autotest OK 0.29 s 28/105 DPDK:fast-tests / fib_autotest OK 1.34 s 29/105 DPDK:fast-tests / fib6_autotest OK 1.21 s 30/105 DPDK:fast-tests / func_reentrancy_autotest OK 0.96 s 31/105 DPDK:fast-tests / hash_autotest OK 0.43 s 32/105 DPDK:fast-tests / interrupt_autotest OK 1.80 s 33/105 DPDK:fast-tests / ipfrag_autotest OK 0.22 s 34/105 DPDK:fast-tests / lcores_autotest OK 2.34 s 35/105 DPDK:fast-tests / logs_autotest OK 0.27 s 36/105 DPDK:fast-tests / lpm_autotest OK 7.27 s 37/105 DPDK:fast-tests / lpm6_autotest OK 10.41 s 38/105 DPDK:fast-tests / malloc_autotest OK 1.28 s 39/105 DPDK:fast-tests / mbuf_autotest OK 0.30 s 40/105 DPDK:fast-tests / mcslock_autotest OK 0.93 s 41/105 DPDK:fast-tests / memcpy_autotest OK 4.42 s 42/105 DPDK:fast-tests / memory_autotest OK 0.26 s 43/105 DPDK:fast-tests / mempool_autotest OK 0.45 s 44/105 DPDK:fast-tests / memzone_autotest OK 0.31 s 45/105 DPDK:fast-tests / meter_autotest OK 0.28 s 46/105 DPDK:fast-tests / multiprocess_autotest OK 0.46 s 47/105 DPDK:fast-tests / node_list_dump OK 0.24 s 48/105 DPDK:fast-tests / per_lcore_autotest OK 0.39 s 49/105 DPDK:fast-tests / pflock_autotest OK 0.37 s 50/105 DPDK:fast-tests / prefetch_autotest OK 0.33 s 51/105 DPDK:fast-tests / rcu_qsbr_autotest OK 0.36 s 52/105 DPDK:fast-tests / pie_autotest OK 0.16 s 53/105 DPDK:fast-tests / rib_autotest OK 9.22 s 54/105 DPDK:fast-tests / rib6_autotest OK 8.94 s 55/105 DPDK:fast-tests / ring_autotest OK 0.35 s 56/105 DPDK:fast-tests / rwlock_test1_autotest OK 0.59 s 57/105 DPDK:fast-tests / rwlock_rda_autotest OK 5.13 s 58/105 DPDK:fast-tests / rwlock_rds_wrm_autotest OK 5.47 s 59/105 DPDK:fast-tests / rwlock_rde_wro_autotest OK 5.20 s 60/105 DPDK:fast-tests / sched_autotest OK 0.17 s 61/105 DPDK:fast-tests / security_autotest OK 0.22 s 62/105 DPDK:fast-tests / seqlock_autotest SKIP 0.17 s 63/105 DPDK:fast-tests / spinlock_autotest OK 0.31 s 64/105 DPDK:fast-tests / stack_autotest OK 0.31 s 65/105 DPDK:fast-tests / stack_lf_autotest OK 0.33 s 66/105 DPDK:fast-tests / string_autotest OK 0.20 s 67/105 DPDK:fast-tests / tailq_autotest OK 0.30 s 68/105 DPDK:fast-tests / ticketlock_autotest OK 0.19 s 69/105 DPDK:fast-tests / timer_autotest OK 3.18 s 70/105 DPDK:fast-tests / user_delay_us OK 0.17 s 71/105 DPDK:fast-tests / version_autotest OK 0.27 s 72/105 DPDK:fast-tests / crc_autotest OK 0.27 s 73/105 DPDK:fast-tests / distributor_autotest OK 1.78 s 74/105 DPDK:fast-tests / eventdev_common_autotest OK 0.32 s 75/105 DPDK:fast-tests / fbarray_autotest OK 0.29 s 76/105 DPDK:fast-tests / hash_readwrite_func_autotest SKIP 0.27 s 77/105 DPDK:fast-tests / ipsec_autotest SKIP 0.24 s 78/105 DPDK:fast-tests / kni_autotest SKIP 0.34 s 79/105 DPDK:fast-tests / kvargs_autotest OK 0.17 s 80/105 DPDK:fast-tests / member_autotest OK 1.33 s 81/105 DPDK:fast-tests / power_cpufreq_autotest SKIP 0.34 s 82/105 DPDK:fast-tests / power_autotest OK 0.40 s 83/105 DPDK:fast-tests / power_kvm_vm_autotest SKIP 0.29 s 84/105 DPDK:fast-tests / power_intel_uncore_autotest SKIP 0.17 s 85/105 DPDK:fast-tests / reorder_autotest OK 0.39 s 86/105 DPDK:fast-tests / service_autotest OK 1.96 s 87/105 DPDK:fast-tests / thash_autotest OK 0.18 s 88/105 DPDK:fast-tests / threads_autotest OK 0.76 s 89/105 DPDK:fast-tests / trace_autotest OK 0.21 s 90/105 DPDK:fast-tests / trace_autotest_with_traces OK 0.33 s 91/105 DPDK:fast-tests / graph_autotest OK 0.27 s 92/105 DPDK:fast-tests / metrics_autotest OK 0.16 s 93/105 DPDK:fast-tests / telemetry_json_autotest OK 0.30 s 94/105 DPDK:fast-tests / telemetry_data_autotest OK 0.19 s 95/105 DPDK:fast-tests / table_autotest FAIL 1.75 s (exit status 255 or signal 127 SIGinvalid) 96/105 DPDK:fast-tests / ring_pmd_autotest OK 0.31 s 97/105 DPDK:fast-tests / event_eth_tx_adapter_autotest OK 0.85 s 98/105 DPDK:fast-tests / bitratestats_autotest OK 0.25 s 99/105 DPDK:fast-tests / latencystats_autotest OK 0.36 s 100/105 DPDK:fast-tests / pdump_autotest OK 5.30 s 101/105 DPDK:fast-tests / vdev_autotest OK 0.27 s 102/105 DPDK:fast-tests / bpf_autotest OK 0.26 s 103/105 DPDK:fast-tests / bpf_convert_autotest OK 0.17 s 104/105 DPDK:fast-tests / compressdev_autotest SKIP 0.35 s 105/105 DPDK:fast-tests / telemetry_all SKIP 0.02 s Ok: 95 Expected Fail: 0 Fail: 1 Unexpected Pass: 0 Skipped: 9 Timeout: 0 Full log written to /root/workspace/Generic-Unit-Test-DPDK/dpdk/build/meson-logs/testlog.txt Test log output from the failed test table_autotest: Sorry, we were not able to find the logs for this test. Download the log output from the CI site for this test run. ==== End log output ==== Fedora Linux 40 Kernel: 5.15 Compiler: gcc gcc (GCC) 14.2.1 20240912 (Red Hat 14.2.1-3) Fedora Linux 41 Kernel: 5.15 Compiler: clang gcc (GCC) 14.3.1 20250523 (Red Hat 14.3.1-1) Fedora Linux 42 Kernel: 5.15 Compiler: gcc gcc (GCC) 15.2.1 20250808 (Red Hat 15.2.1-1) Red Hat Enterprise Linux 8.10 Kernel: 5.15 Compiler: gcc gcc (GCC) 8.5.0 20210514 (Red Hat 8.5.0-22) CentOS Stream 9 Kernel: 5.15 Compiler: gcc gcc (GCC) 11.5.0 20240719 (Red Hat 11.5.0-11) Ubuntu 24.04 Kernel: 5.15 Compiler: gcc gcc (Ubuntu 13.3.0-6ubuntu2~24.04) 13.3.0 Debian GNU/Linux 12 Kernel: 5.15 Compiler: gcc gcc (Debian 12.2.0-14+deb12u1) 12.2.0 Ubuntu 20.04 Kernel: 5.15 Compiler: gcc gcc (Ubuntu 9.4.0-1ubuntu1~20.04.2) 9.4.0 Ubuntu 22.04 Kernel: 5.15 Compiler: gcc gcc (Ubuntu 11.4.0-1ubuntu1~22.04) 11.4.0 CentOS Stream 10 Kernel: 5.15 Compiler: gcc gcc (GCC) 14.2.1 20250110 (Red Hat 14.2.1-8) Red Hat Enterprise Linux 9.5 Kernel: 5.15 Compiler: gcc gcc (GCC) 11.5.0 20240719 (Red Hat 11.5.0-2) Windows Server 2022 Kernel: 10.0.20348.2031 Compiler: clang 15.0.7, gcc 14.1.0 (MinGW), and MSVC VS 19.39.33521 To view detailed results, visit: https://lab.dpdk.org/results/dashboard/tarballs/35357/ UNH-IOL DPDK Community Lab To manage your email subscriptions, visit: https://lab.dpdk.org/results/dashboard/preferences/subscriptions/