From mboxrd@z Thu Jan 1 00:00:00 1970 Return-Path: Received: from mails.dpdk.org (mails.dpdk.org [217.70.189.124]) by inbox.dpdk.org (Postfix) with ESMTP id 7FC74489F5 for ; Tue, 28 Oct 2025 06:45:11 +0100 (CET) Received: from mails.dpdk.org (localhost [127.0.0.1]) by mails.dpdk.org (Postfix) with ESMTP id 59C764021E; Tue, 28 Oct 2025 06:45:11 +0100 (CET) Received: from mail-yw1-f226.google.com (mail-yw1-f226.google.com [209.85.128.226]) by mails.dpdk.org (Postfix) with ESMTP id 8F0484021E for ; Tue, 28 Oct 2025 06:45:09 +0100 (CET) Received: by mail-yw1-f226.google.com with SMTP id 00721157ae682-7847f4265e3so58482297b3.3 for ; Mon, 27 Oct 2025 22:45:09 -0700 (PDT) DKIM-Signature: v=1; a=rsa-sha256; c=relaxed/relaxed; d=iol.unh.edu; s=unh-iol; t=1761630309; x=1762235109; darn=dpdk.org; h=cc:to:from:subject:message-id:date:from:to:cc:subject:date :message-id:reply-to; bh=iQVcU2m38+Dg2fXzVprdVUJBNy3SSdYOxfMcBeLzUTQ=; b=atNHavG3aNXfaRSF9AC140Zh/fOEB2HxOlFnP5ePgd0DANtSl2xQZ2mw1Uuskpi7Sd BE7bEQFcPJ6O1xgpsWBtLiXWPsJ8xwDdxypZ5xmlkEKi7RYmLU4h+hUydWJtVWFcjmZk LiuVMX1mPnrMm0uDossLKPntuTbn6y3RowgIg= X-Google-DKIM-Signature: v=1; a=rsa-sha256; c=relaxed/relaxed; d=1e100.net; s=20230601; t=1761630309; x=1762235109; h=cc:to:from:subject:message-id:date:x-gm-message-state:from:to:cc :subject:date:message-id:reply-to; bh=iQVcU2m38+Dg2fXzVprdVUJBNy3SSdYOxfMcBeLzUTQ=; b=e1i2oNiJsNFMy2Hwft601t0GcjB00O4m50IEbtKC6g25s0sO8us5ElEf7or0ivuXYy YUDN3euor4BYavbxLtOVKZYca9cP9Bz0X8/+8mdpiS6XskWwbTzY+G50fxmwIkGbE6Rg tW+rnbm9iBmsrmLF73WqC5zSqJ57nSagkwuGDsIHRzB3/YXGnCRRgIUkPR00yVR0K87O yAzYh3tXHO+94+kbJF6NN5KkyrXGwrm4oYMfybEf1TExy5eqYap2hXI4TBw9uH8re/rT 5oTLfuOIutjeJEzRyBh4CBz3ZGc+btGVOOjSsC4IpUZhbkBc/13LJwXY7nvZ5bzDFQSR j55A== X-Gm-Message-State: AOJu0Yw2CxFrxda1/2KJtr5C5BrVvpYAJTAbOik1k1WSTgH09nY24vLH EJ4AEJCY4M0Fppi+PkUixltwPEwmNTq/DTgzIsBS5lf0Gaf7ZZiPjes7tx/5qD4gn7rso3G2LHt kqvyKHNnPQ0VjkSUViTpkKLE2C/rA8/PxB4M5 X-Gm-Gg: ASbGncvDi4Cka3yxUpDpowiezODxggjxTR/Fm96kH+hkcsCnVl61JOPM9PixvJKYGhb fnIQX42cq1lMeUN966mcMP3POowb4ZI7cKaVOdjgWwM8jzvelsLgulO145Wc68deyetGzSudw6s z7EbkOYv5jCQmW4YY08qkbUYI44rVZIPQYmRoV3a6qWP6xBgCMzIL1nxBS4MoLI8XfED6Zzuwms Ut6a9AJvqf9ZV7Zy9JHPtSJ8LXs2/dEhPem2fZzkBlTGkjsAduCJzEL9RdUw+Xy6ohhpvX+iir5 qDPTYeF9L9vm60PjjTKeWxEqTSXghleiPr2yn0VqK7q+djciBgy1IOH9O3+ZPY+N4Xure+1ctKD kEnWmuDY/zQFS8QvWNxTuznKYe9qBq0U= X-Google-Smtp-Source: AGHT+IFqCnUbFxMeHXuwWiO2T5GJSDx6EUxYbXpPJxCN94GOKnBXiNHhGJf5ntresn6Rtja61gYdbK8hfPBC X-Received: by 2002:a05:690c:6c0e:b0:785:cd7c:4a4 with SMTP id 00721157ae682-78617eace72mr25343827b3.25.1761630308878; Mon, 27 Oct 2025 22:45:08 -0700 (PDT) Received: from postal.iol.unh.edu (postal.iol.unh.edu. [132.177.123.84]) by smtp-relay.gmail.com with ESMTPS id 00721157ae682-785ed1f5427sm6582567b3.30.2025.10.27.22.45.08 (version=TLS1_2 cipher=ECDHE-ECDSA-AES128-GCM-SHA256 bits=128/128); Mon, 27 Oct 2025 22:45:08 -0700 (PDT) X-Relaying-Domain: iol.unh.edu Date: Mon, 27 Oct 2025 22:45:08 -0700 (PDT) Message-ID: <69005864.050a0220.748b4.dcfcSMTPIN_ADDED_MISSING@mx.google.com> Received: from [172.21.0.2] (unknown [172.18.0.240]) by postal.iol.unh.edu (Postfix) with ESMTP id 8DA096051830; Tue, 28 Oct 2025 01:45:08 -0400 (EDT) Subject: |FAILURE| [GIT MASTER] 62f583c49bf67dd4d6733ece14e55fe6839e66d1 From: dpdklab@iol.unh.edu To: Test Report Cc: dpdk-test-reports@iol.unh.edu, Xueming Li , Christian Ehrhardt , Kevin Traynor , Luca Boccassi Content-Type: text/plain X-BeenThere: test-report@dpdk.org X-Mailman-Version: 2.1.29 Precedence: list List-Id: automatic DPDK test reports List-Unsubscribe: , List-Archive: List-Post: List-Help: List-Subscribe: , Errors-To: test-report-bounces@dpdk.org _Testing issues_ Branch: tags/v23.11 62f583c49bf67dd4d6733ece14e55fe6839e66d1 --> testing issues Upstream job id: Generic-Unit-Test-DPDK#385768 Test environment and result as below: +-------------------------------+----------------+ | Environment | dpdk_unit_test | +===============================+================+ | CentOS Stream 9 | PASS | +-------------------------------+----------------+ | CentOS Stream 10 | PASS | +-------------------------------+----------------+ | Fedora Linux 40 | PASS | +-------------------------------+----------------+ | Fedora Linux 41 | PASS | +-------------------------------+----------------+ | Debian GNU/Linux 12 | PASS | +-------------------------------+----------------+ | Fedora Linux 42 | PASS | +-------------------------------+----------------+ | Ubuntu 22.04 | PASS | +-------------------------------+----------------+ | Ubuntu 24.04 | PASS | +-------------------------------+----------------+ | Ubuntu 20.04 | PASS | +-------------------------------+----------------+ | Red Hat Enterprise Linux 8.10 | PASS | +-------------------------------+----------------+ | Red Hat Enterprise Linux 9.5 | PASS | +-------------------------------+----------------+ | Windows Server 2022 | FAIL | +-------------------------------+----------------+ ==== Unit test summary for Windows Server 2022 (dpdk_unit_test): ==== Failed to get the unit test results. Displaying the unit test results is not supported for some environments, such as our aarch32 testing, where meson is not used to run the tests. Download the logs available on our CI site. ==== End log output ==== CentOS Stream 9 Kernel: 5.15 Compiler: gcc gcc (GCC) 11.5.0 20240719 (Red Hat 11.5.0-11) CentOS Stream 10 Kernel: 5.15 Compiler: gcc gcc (GCC) 14.2.1 20250110 (Red Hat 14.2.1-8) Fedora Linux 40 Kernel: 5.15 Compiler: clang gcc (GCC) 14.2.1 20240912 (Red Hat 14.2.1-3) Fedora Linux 41 Kernel: 5.15 Compiler: gcc gcc (GCC) 14.3.1 20250523 (Red Hat 14.3.1-1) Debian GNU/Linux 12 Kernel: 5.15 Compiler: gcc gcc (Debian 12.2.0-14+deb12u1) 12.2.0 Fedora Linux 42 Kernel: 5.15 Compiler: gcc gcc (GCC) 15.2.1 20250808 (Red Hat 15.2.1-1) Ubuntu 22.04 Kernel: 5.15 Compiler: gcc gcc (Ubuntu 11.4.0-1ubuntu1~22.04) 11.4.0 Ubuntu 24.04 Kernel: 5.15 Compiler: gcc gcc (Ubuntu 13.3.0-6ubuntu2~24.04) 13.3.0 Ubuntu 20.04 Kernel: 5.15 Compiler: gcc gcc (Ubuntu 9.4.0-1ubuntu1~20.04.2) 9.4.0 Red Hat Enterprise Linux 8.10 Kernel: 5.15 Compiler: gcc gcc (GCC) 8.5.0 20210514 (Red Hat 8.5.0-22) Red Hat Enterprise Linux 9.5 Kernel: 5.15 Compiler: gcc gcc (GCC) 11.5.0 20240719 (Red Hat 11.5.0-2) Windows Server 2022 Kernel: 10.0.20348.2031 Compiler: clang 15.0.7, gcc 14.1.0 (MinGW), and MSVC VS 19.39.33521 To view detailed results, visit: https://lab.dpdk.org/results/dashboard/tarballs/35358/ UNH-IOL DPDK Community Lab To manage your email subscriptions, visit: https://lab.dpdk.org/results/dashboard/preferences/subscriptions/