From mboxrd@z Thu Jan 1 00:00:00 1970 Return-Path: Received: from mails.dpdk.org (mails.dpdk.org [217.70.189.124]) by inbox.dpdk.org (Postfix) with ESMTP id 2C6D4489E8 for ; Tue, 28 Oct 2025 09:51:10 +0100 (CET) Received: from mails.dpdk.org (localhost [127.0.0.1]) by mails.dpdk.org (Postfix) with ESMTP id 1BB7C40262; Tue, 28 Oct 2025 09:51:10 +0100 (CET) Received: from mail-pf1-f226.google.com (mail-pf1-f226.google.com [209.85.210.226]) by mails.dpdk.org (Postfix) with ESMTP id EFBA140262 for ; Tue, 28 Oct 2025 09:51:08 +0100 (CET) Received: by mail-pf1-f226.google.com with SMTP id d2e1a72fcca58-781010ff051so3798998b3a.0 for ; Tue, 28 Oct 2025 01:51:08 -0700 (PDT) DKIM-Signature: v=1; a=rsa-sha256; c=relaxed/relaxed; d=iol.unh.edu; s=unh-iol; t=1761641468; x=1762246268; darn=dpdk.org; h=references:in-reply-to:cc:to:from:subject:message-id:date:from:to :cc:subject:date:message-id:reply-to; bh=+2WGhkddsbc94mVnhxoD9DwBTDGyYvyPl+YszJYmxUI=; b=Cb+aLWT4vvWfPmNPyPHQoEs+A3Y/4+sbQQ3u4dW2lY3MYLmat86P1gDW1xlU6WOq4K yznpC66tam0x3Kc/nhkxQE3SxzpdB8cOy2I31hanXfJ2NJtpbXGMVJKHjoZcvZiQ2asi 9Jizb+4G4jhMxR5rjWnQOqvnf9uy98IEGP1IU= X-Google-DKIM-Signature: v=1; a=rsa-sha256; c=relaxed/relaxed; d=1e100.net; s=20230601; t=1761641468; x=1762246268; h=references:in-reply-to:cc:to:from:subject:message-id:date :x-gm-message-state:from:to:cc:subject:date:message-id:reply-to; bh=+2WGhkddsbc94mVnhxoD9DwBTDGyYvyPl+YszJYmxUI=; b=WsM0Fdy44s5/hqTFCsQ0CZ1SOCtou2vFhCdTMPeSY4ic0ALcb7EV3lXYjhzW4bVeH5 5RFXorHNP3J6NKNFt6R3ozD32KIzFw3V6SR+Y7q9G6P2H6mHYx1ItI0OXWHfmDnio58o XDTfbYeqC7f6Z2hUaTHzKlMy0Xd9efJZ7XAke+HdTWl5atbPuXydqidl6DTNZ34bZXb0 fstwygN0oTPYTGSGv1jMBUzZB2IH7kaM1M3V77pCPQUdA10fuH/rX+kWSfOK8jw3t55f L5azSOIqWkCATAEnxgMhZyhO4NnliFxV5fOx+/NEcRyJIuIQOzylOfnCxVD+tJ9ne3HJ l8gA== X-Gm-Message-State: AOJu0Yzqsm2sfz9Z3XkQriG+7SvFPsoE/GfYmxSgm/l7W8Yw7tEFOJ+K hc6Q7lxS7Lsr53LkxP8p+3Zf+dPgf0sBWdKneT81haYB8fQDQ0CyZz/Nci1BE0ltHthzB7Lx47I YKgEWcIKXJTGQxCc7hArsjOhiMwfqgAQN0D2qaoAbe3Mb X-Gm-Gg: ASbGncth90NcGIwyRNdk4zyQAC1FPn6gM8o8jrKtw5y9sDHKRn8Uoc5LuytfsfDGNE8 aiIvfavTWhbW4aEyeIvjVZ/M9M+JWFY5idFIknwgB5ZdR4p1cn+X6g1nrhxXWE9bdEAY/dnCz42 j4qCNeuOyHatHcPHYXyvmjFDRNBsRW15KF9L8bEOyh8Z0VGxfPFHgjajgOedE1GTePxm42rTb9W 1twBvg/1p+d9vYMjRQzEL8G9kC+ik52QQWqacQWAhOb0X3RSsqadK1N9zkJMjl7pfZF3JNTergw StCTeTUYKJxJSJfc4eBZRXGqhdoAU7D3+iYA486DmAtuN/gJYp5rAeEpYIIXjlQ9gnayuAMVjkY sTvkffPMEfPqykEAwjN7q5DBrx+P2Fgg= X-Google-Smtp-Source: AGHT+IFjPz1OT2ksNQfHSERncg5cU/0wceIQloK9fPgn0vfGp8mLrAS8OuKuu8CBZlJJH1mNTIrP6S8Q+/dx X-Received: by 2002:a05:6a00:148f:b0:7a2:710d:43e7 with SMTP id d2e1a72fcca58-7a441c2864amr3198478b3a.24.1761641468031; Tue, 28 Oct 2025 01:51:08 -0700 (PDT) Received: from postal.iol.unh.edu (postal.iol.unh.edu. [132.177.123.84]) by smtp-relay.gmail.com with ESMTPS id d2e1a72fcca58-7a4140c2b84sm699150b3a.10.2025.10.28.01.51.07 (version=TLS1_2 cipher=ECDHE-ECDSA-AES128-GCM-SHA256 bits=128/128); Tue, 28 Oct 2025 01:51:08 -0700 (PDT) X-Relaying-Domain: iol.unh.edu Date: Tue, 28 Oct 2025 01:51:08 -0700 (PDT) Message-ID: <690083fc.050a0220.28acf9.0289SMTPIN_ADDED_MISSING@mx.google.com> Received: from [172.21.0.2] (unknown [172.18.0.240]) by postal.iol.unh.edu (Postfix) with ESMTP id B80686051830; Tue, 28 Oct 2025 04:51:06 -0400 (EDT) Subject: |FAILURE| pw158170 [PATCH] app/procinfo: fix warning of deprecated c From: dpdklab@iol.unh.edu To: Test Report Cc: dpdk-test-reports@iol.unh.edu, Chengwen Feng In-Reply-To: <20251028081733.38583-1-fengchengwen@huawei.com> References: <20251028081733.38583-1-fengchengwen@huawei.com> Content-Type: text/plain X-BeenThere: test-report@dpdk.org X-Mailman-Version: 2.1.29 Precedence: list List-Id: automatic DPDK test reports List-Unsubscribe: , List-Archive: List-Post: List-Help: List-Subscribe: , Errors-To: test-report-bounces@dpdk.org Test-Label: iol-compile-amd64-testing Test-Status: FAILURE http://dpdk.org/patch/158170 _Testing issues_ Submitter: Chengwen Feng Date: Tuesday, October 28 2025 08:17:33 DPDK git baseline: Repo:dpdk Branch: master CommitID:39b54f2dcf44ad1f91eabc7080cd5dea763607fd 158170 --> testing issues Upstream job id: Generic-DPDK-Compile-Meson#438287 Test environment and result as below: +-------------------------------+--------------------+------------------+-------------------+-------------------------+-------------------+----------------------+ | Environment | dpdk_meson_compile | dpdk_compile_ovs | dpdk_compile_spdk | dpdk_llvm_clang_compile | dpdk_msvc_compile | dpdk_mingw64_compile | +===============================+====================+==================+===================+=========================+===================+======================+ | CentOS Stream 10 | PASS | SKIPPED | SKIPPED | SKIPPED | SKIPPED | SKIPPED | +-------------------------------+--------------------+------------------+-------------------+-------------------------+-------------------+----------------------+ | openSUSE Leap 15.6 | PASS | SKIPPED | SKIPPED | SKIPPED | SKIPPED | SKIPPED | +-------------------------------+--------------------+------------------+-------------------+-------------------------+-------------------+----------------------+ | Fedora Linux 42 | PEND | PEND | PEND | SKIPPED | SKIPPED | SKIPPED | +-------------------------------+--------------------+------------------+-------------------+-------------------------+-------------------+----------------------+ | Red Hat Enterprise Linux 8.10 | PASS | SKIPPED | SKIPPED | SKIPPED | SKIPPED | SKIPPED | +-------------------------------+--------------------+------------------+-------------------+-------------------------+-------------------+----------------------+ | CentOS Stream 9 | PEND | SKIPPED | PEND | SKIPPED | SKIPPED | SKIPPED | +-------------------------------+--------------------+------------------+-------------------+-------------------------+-------------------+----------------------+ | Debian GNU/Linux 12 | PEND | SKIPPED | PEND | SKIPPED | SKIPPED | SKIPPED | +-------------------------------+--------------------+------------------+-------------------+-------------------------+-------------------+----------------------+ | Ubuntu 20.04 | PASS | SKIPPED | SKIPPED | SKIPPED | SKIPPED | SKIPPED | +-------------------------------+--------------------+------------------+-------------------+-------------------------+-------------------+----------------------+ | Red Hat Enterprise Linux 9.5 | PASS | SKIPPED | SKIPPED | SKIPPED | SKIPPED | SKIPPED | +-------------------------------+--------------------+------------------+-------------------+-------------------------+-------------------+----------------------+ | Ubuntu 22.04 | PASS | SKIPPED | WARN | SKIPPED | SKIPPED | SKIPPED | +-------------------------------+--------------------+------------------+-------------------+-------------------------+-------------------+----------------------+ | Ubuntu 24.04 | PEND | PEND | PEND | SKIPPED | SKIPPED | SKIPPED | +-------------------------------+--------------------+------------------+-------------------+-------------------------+-------------------+----------------------+ | Alpine Linux 3.22.0 | PASS | SKIPPED | SKIPPED | SKIPPED | SKIPPED | SKIPPED | +-------------------------------+--------------------+------------------+-------------------+-------------------------+-------------------+----------------------+ | FreeBSD 14.2 | PASS | SKIPPED | SKIPPED | SKIPPED | SKIPPED | SKIPPED | +-------------------------------+--------------------+------------------+-------------------+-------------------------+-------------------+----------------------+ | Windows Server 2022 | SKIPPED | SKIPPED | SKIPPED | PASS | PEND | PEND | +-------------------------------+--------------------+------------------+-------------------+-------------------------+-------------------+----------------------+ ==== 20 line log output for Ubuntu 22.04 (dpdk_compile_spdk): ==== --- Failed to get log output --- ==== End log output ==== CentOS Stream 10 Kernel: 5.15 Compiler: gcc gcc (GCC) 14.2.1 20250110 (Red Hat 14.2.1-8) openSUSE Leap 15.6 Kernel: 5.15 Compiler: gcc gcc (SUSE Linux) 7.5.0 Fedora Linux 42 Kernel: 5.15 Compiler: gcc gcc (GCC) 15.2.1 20250808 (Red Hat 15.2.1-1) Red Hat Enterprise Linux 8.10 Kernel: 5.15 Compiler: gcc gcc (GCC) 8.5.0 20210514 (Red Hat 8.5.0-22) CentOS Stream 9 Kernel: 5.15 Compiler: gcc gcc (GCC) 11.5.0 20240719 (Red Hat 11.5.0-11) Debian GNU/Linux 12 Kernel: 5.15 Compiler: gcc gcc (Debian 12.2.0-14+deb12u1) 12.2.0 Ubuntu 20.04 Kernel: 4.19 Compiler: gcc gcc (Ubuntu 9.4.0-1ubuntu1~20.04.2) 9.4.0 Red Hat Enterprise Linux 9.5 Kernel: 5.15 Compiler: gcc gcc (GCC) 11.5.0 20240719 (Red Hat 11.5.0-2) Ubuntu 22.04 Kernel: 5.15 Compiler: gcc gcc (Ubuntu 11.4.0-1ubuntu1~22.04) 11.4.0 Ubuntu 24.04 Kernel: 5.15 Compiler: gcc gcc (Ubuntu 13.3.0-6ubuntu2~24.04) 13.3.0 Alpine Linux 3.22.0 Kernel: 5.15 Compiler: gcc gcc (Alpine 14.2.0) 14.2.0 FreeBSD 14.2 Kernel: 14.2-RELEASE Compiler: clang 18.1.6 Windows Server 2022 Kernel: 10.0.20348.2031 Compiler: clang 15.0.7, gcc 14.1.0 (MinGW), and MSVC VS 19.39.33521 To view detailed results, visit: https://lab.dpdk.org/results/dashboard/patchsets/34391/ UNH-IOL DPDK Community Lab To manage your email subscriptions, visit: https://lab.dpdk.org/results/dashboard/preferences/subscriptions/