From mboxrd@z Thu Jan 1 00:00:00 1970 Return-Path: Received: from mails.dpdk.org (mails.dpdk.org [217.70.189.124]) by inbox.dpdk.org (Postfix) with ESMTP id 308C5489E8 for ; Tue, 28 Oct 2025 09:51:18 +0100 (CET) Received: from mails.dpdk.org (localhost [127.0.0.1]) by mails.dpdk.org (Postfix) with ESMTP id 2B28640281; Tue, 28 Oct 2025 09:51:18 +0100 (CET) Received: from mail-ua1-f99.google.com (mail-ua1-f99.google.com [209.85.222.99]) by mails.dpdk.org (Postfix) with ESMTP id 1090940262 for ; Tue, 28 Oct 2025 09:51:17 +0100 (CET) Received: by mail-ua1-f99.google.com with SMTP id a1e0cc1a2514c-934ad40c2c2so2162717241.3 for ; Tue, 28 Oct 2025 01:51:17 -0700 (PDT) DKIM-Signature: v=1; a=rsa-sha256; c=relaxed/relaxed; d=iol.unh.edu; s=unh-iol; t=1761641476; x=1762246276; darn=dpdk.org; h=references:in-reply-to:cc:to:from:subject:message-id:date:from:to :cc:subject:date:message-id:reply-to; bh=bwOw/Rsz4/JDHEkDb77krfx/3vtYc5h3xPm6ik57/Ic=; b=aOZgbtgeP3+HgrpKfVlkCPmYhkvMpZeSSQVgzZ9ws9kmsQE+eBzW36dB2b2HfMULzn 23B1NXgD9hQEEnGHpNjmB8p6av7FHcrFArSxLNl+ozHzNfakjGF0bSQRXePhu0IqXF2a cmoXZOuFUiCsDi9X4tsZ90snEvd7uPDVm2D3g= X-Google-DKIM-Signature: v=1; a=rsa-sha256; c=relaxed/relaxed; d=1e100.net; s=20230601; t=1761641476; x=1762246276; h=references:in-reply-to:cc:to:from:subject:message-id:date :x-gm-message-state:from:to:cc:subject:date:message-id:reply-to; bh=bwOw/Rsz4/JDHEkDb77krfx/3vtYc5h3xPm6ik57/Ic=; b=AoA5twq1UWfC4311cpfuFt+oZLeJKRSvW93Kb6Liu9XYPEp0bnfr3DOfKiu0zL5Zno TzwdsW2ZyvvekYLmYOtSSffFuE7ogc80lBL2fDZ3afCT7fUqUxaXeHKUwi/Aw8Jn48Ox fmyNcOFBCFS/rvBzu6D52MXm5XjEVBjuOHkITIvaegNgxNGk3OA4EFgH2yNMQjb3MiMZ mrW3i7gTWTrz9Bz1Tsf5BiUzyHP2Wnx7xjIS+GrSgdSEP0L+YoIg1C8O9YBPaz4vjHix Lhhq/SFUrKXp1ybzl1QKb8tkFoBP92UkinQuuKtestESeIVVpLiXEpt8QS5fvat+Qf5x +iGg== X-Gm-Message-State: AOJu0YwB5azViVsUAVPsmrXH+L7GqXZGEF6R1t3+phEs3y/KNNq//H8z MfsZ7MOIFBQ7ea4paZhNg9lTqQUeD4mbRjAG0JWuznYUSx3AJ/ynd8E7/PTEOX1U8fkxcQmevmf V6fB+zuOfxM5M5hxiyYZLvFLv+9vt6TM37eYQXHk4lzeanqXlm8gdLkODodRQ X-Gm-Gg: ASbGncusb3N1Iu7UIaQtHLfVqgnwOp3IOtxIjqPHzzTza/QuN2cXGfsnlEiQ6hVWuys tGE7/jb55Nl4WoV/q932K7biiRBUK4dmTgWXrEZcmM7Zr4JrKq23G7zvG9SWYif6Tbi9L0jkuDH 8C9KIGAf8yryJ+caKNXzZq2jagv04Pg1R9FWKqvHbP73Dj1+vRbI8sam+DXIN4EGkIO4rsi4ic4 BUF3mBvcVVq99zy9vQESQXDfEglTGHv5gMpmdptnS0E1WEpGSMpyBZScCE0ctetYZp+TqRFJTQ9 PCfVeTU06foY8Y+IfH6oHpAYaIHXazZhNpvDuzvRg7VPExFmMxyE84oUyh2Z+PiV2bMUDBwu35a Inhu5GUvZ X-Google-Smtp-Source: AGHT+IGquc3X+cGScfHVQN6aLqfvAozQO7HW/JMvXJ08PWVhBqHkLt3ftpd9Zs9n9Vi7rjlA77rn06WpDV4N X-Received: by 2002:a05:6102:1629:b0:5db:2776:45b4 with SMTP id ada2fe7eead31-5db7cbdaef2mr836979137.29.1761641476392; Tue, 28 Oct 2025 01:51:16 -0700 (PDT) Received: from postal.iol.unh.edu (postal.iol.unh.edu. [2606:4100:3880:1234::84]) by smtp-relay.gmail.com with ESMTPS id ada2fe7eead31-5db4e5e277dsm1163228137.3.2025.10.28.01.51.16 (version=TLS1_2 cipher=ECDHE-ECDSA-AES128-GCM-SHA256 bits=128/128); Tue, 28 Oct 2025 01:51:16 -0700 (PDT) X-Relaying-Domain: iol.unh.edu Date: Tue, 28 Oct 2025 01:51:16 -0700 (PDT) Message-ID: <69008404.050a0220.1d8978.5294SMTPIN_ADDED_MISSING@mx.google.com> Received: from [172.21.0.3] (unknown [172.18.0.240]) by postal.iol.unh.edu (Postfix) with ESMTP id 0D0C66051830; Tue, 28 Oct 2025 04:51:16 -0400 (EDT) Subject: |FAILURE| pw158170 [PATCH] app/procinfo: fix warning of deprecated c From: dpdklab@iol.unh.edu To: Test Report Cc: dpdk-test-reports@iol.unh.edu, Chengwen Feng In-Reply-To: <20251028081733.38583-1-fengchengwen@huawei.com> References: <20251028081733.38583-1-fengchengwen@huawei.com> Content-Type: text/plain X-BeenThere: test-report@dpdk.org X-Mailman-Version: 2.1.29 Precedence: list List-Id: automatic DPDK test reports List-Unsubscribe: , List-Archive: List-Post: List-Help: List-Subscribe: , Errors-To: test-report-bounces@dpdk.org Test-Label: iol-compile-amd64-testing Test-Status: FAILURE http://dpdk.org/patch/158170 _Testing issues_ Submitter: Chengwen Feng Date: Tuesday, October 28 2025 08:17:33 DPDK git baseline: Repo:dpdk Branch: master CommitID:39b54f2dcf44ad1f91eabc7080cd5dea763607fd 158170 --> testing issues Upstream job id: Generic-DPDK-Compile-Meson#438281 Test environment and result as below: +-------------------------------+--------------------+------------------+-------------------+-------------------------+-------------------+----------------------+ | Environment | dpdk_meson_compile | dpdk_compile_ovs | dpdk_compile_spdk | dpdk_llvm_clang_compile | dpdk_msvc_compile | dpdk_mingw64_compile | +===============================+====================+==================+===================+=========================+===================+======================+ | CentOS Stream 10 | PASS | SKIPPED | SKIPPED | SKIPPED | SKIPPED | SKIPPED | +-------------------------------+--------------------+------------------+-------------------+-------------------------+-------------------+----------------------+ | openSUSE Leap 15.6 | PASS | SKIPPED | SKIPPED | SKIPPED | SKIPPED | SKIPPED | +-------------------------------+--------------------+------------------+-------------------+-------------------------+-------------------+----------------------+ | Fedora Linux 42 | PEND | PEND | PEND | SKIPPED | SKIPPED | SKIPPED | +-------------------------------+--------------------+------------------+-------------------+-------------------------+-------------------+----------------------+ | Red Hat Enterprise Linux 8.10 | PASS | SKIPPED | SKIPPED | SKIPPED | SKIPPED | SKIPPED | +-------------------------------+--------------------+------------------+-------------------+-------------------------+-------------------+----------------------+ | CentOS Stream 9 | PEND | SKIPPED | PEND | SKIPPED | SKIPPED | SKIPPED | +-------------------------------+--------------------+------------------+-------------------+-------------------------+-------------------+----------------------+ | Debian GNU/Linux 12 | PEND | SKIPPED | PEND | SKIPPED | SKIPPED | SKIPPED | +-------------------------------+--------------------+------------------+-------------------+-------------------------+-------------------+----------------------+ | Ubuntu 20.04 | PASS | SKIPPED | SKIPPED | SKIPPED | SKIPPED | SKIPPED | +-------------------------------+--------------------+------------------+-------------------+-------------------------+-------------------+----------------------+ | Red Hat Enterprise Linux 9.5 | PASS | SKIPPED | SKIPPED | SKIPPED | SKIPPED | SKIPPED | +-------------------------------+--------------------+------------------+-------------------+-------------------------+-------------------+----------------------+ | Ubuntu 22.04 | PASS | SKIPPED | WARN | SKIPPED | SKIPPED | SKIPPED | +-------------------------------+--------------------+------------------+-------------------+-------------------------+-------------------+----------------------+ | Ubuntu 24.04 | PEND | PEND | PEND | SKIPPED | SKIPPED | SKIPPED | +-------------------------------+--------------------+------------------+-------------------+-------------------------+-------------------+----------------------+ | Alpine Linux 3.22.0 | PASS | SKIPPED | SKIPPED | SKIPPED | SKIPPED | SKIPPED | +-------------------------------+--------------------+------------------+-------------------+-------------------------+-------------------+----------------------+ | FreeBSD 14.2 | PASS | SKIPPED | SKIPPED | SKIPPED | SKIPPED | SKIPPED | +-------------------------------+--------------------+------------------+-------------------+-------------------------+-------------------+----------------------+ | Windows Server 2022 | SKIPPED | SKIPPED | SKIPPED | PASS | PEND | PEND | +-------------------------------+--------------------+------------------+-------------------+-------------------------+-------------------+----------------------+ ==== 20 line log output for Ubuntu 22.04 (dpdk_compile_spdk): ==== --- Failed to get log output --- ==== End log output ==== CentOS Stream 10 Kernel: 5.15 Compiler: gcc gcc (GCC) 14.2.1 20250110 (Red Hat 14.2.1-8) openSUSE Leap 15.6 Kernel: 5.15 Compiler: gcc gcc (SUSE Linux) 7.5.0 Fedora Linux 42 Kernel: 5.15 Compiler: gcc gcc (GCC) 15.2.1 20250808 (Red Hat 15.2.1-1) Red Hat Enterprise Linux 8.10 Kernel: 5.15 Compiler: gcc gcc (GCC) 8.5.0 20210514 (Red Hat 8.5.0-22) CentOS Stream 9 Kernel: 5.15 Compiler: gcc gcc (GCC) 11.5.0 20240719 (Red Hat 11.5.0-11) Debian GNU/Linux 12 Kernel: 5.15 Compiler: gcc gcc (Debian 12.2.0-14+deb12u1) 12.2.0 Ubuntu 20.04 Kernel: 4.19 Compiler: gcc gcc (Ubuntu 9.4.0-1ubuntu1~20.04.2) 9.4.0 Red Hat Enterprise Linux 9.5 Kernel: 5.15 Compiler: gcc gcc (GCC) 11.5.0 20240719 (Red Hat 11.5.0-2) Ubuntu 22.04 Kernel: 5.15 Compiler: gcc gcc (Ubuntu 11.4.0-1ubuntu1~22.04) 11.4.0 Ubuntu 24.04 Kernel: 5.15 Compiler: gcc gcc (Ubuntu 13.3.0-6ubuntu2~24.04) 13.3.0 Alpine Linux 3.22.0 Kernel: 5.15 Compiler: gcc gcc (Alpine 14.2.0) 14.2.0 FreeBSD 14.2 Kernel: 14.2-RELEASE Compiler: clang 18.1.6 Windows Server 2022 Kernel: 10.0.20348.2031 Compiler: clang 15.0.7, gcc 14.1.0 (MinGW), and MSVC VS 19.39.33521 To view detailed results, visit: https://lab.dpdk.org/results/dashboard/patchsets/34391/ UNH-IOL DPDK Community Lab To manage your email subscriptions, visit: https://lab.dpdk.org/results/dashboard/preferences/subscriptions/