From mboxrd@z Thu Jan 1 00:00:00 1970 Return-Path: Received: from mails.dpdk.org (mails.dpdk.org [217.70.189.124]) by inbox.dpdk.org (Postfix) with ESMTP id 4C4BD489E8 for ; Tue, 28 Oct 2025 09:51:29 +0100 (CET) Received: from mails.dpdk.org (localhost [127.0.0.1]) by mails.dpdk.org (Postfix) with ESMTP id 465C040262; Tue, 28 Oct 2025 09:51:29 +0100 (CET) Received: from mail-il1-f225.google.com (mail-il1-f225.google.com [209.85.166.225]) by mails.dpdk.org (Postfix) with ESMTP id 5645340262 for ; Tue, 28 Oct 2025 09:51:26 +0100 (CET) Received: by mail-il1-f225.google.com with SMTP id e9e14a558f8ab-430cadec5deso56715445ab.1 for ; Tue, 28 Oct 2025 01:51:26 -0700 (PDT) DKIM-Signature: v=1; a=rsa-sha256; c=relaxed/relaxed; d=iol.unh.edu; s=unh-iol; t=1761641485; x=1762246285; darn=dpdk.org; h=references:in-reply-to:cc:to:from:subject:message-id:date:from:to :cc:subject:date:message-id:reply-to; bh=jDRIyamb5xwWoHQUd+PwsSPwMENQU7fF7tvIAgLLRGE=; b=cxsrOr2+kiVYM2W8WrwQndXqi2cQyLqEbMSHwYGpV4SvKazd3GtWUPhlCK1PvjlbMR qq5scU6FF3F6qYZMWCWogpyxyQ0/W0jyA6RmyngITPW6GM27tzm+8cQM3SIytpaxCn7A VwvhJRfd+Kb9Ul2MgI/fz27XS3VCucXMAQfno= X-Google-DKIM-Signature: v=1; a=rsa-sha256; c=relaxed/relaxed; d=1e100.net; s=20230601; t=1761641485; x=1762246285; h=references:in-reply-to:cc:to:from:subject:message-id:date :x-gm-message-state:from:to:cc:subject:date:message-id:reply-to; bh=jDRIyamb5xwWoHQUd+PwsSPwMENQU7fF7tvIAgLLRGE=; b=UN4KUvoMyLpBwoIRPt/X/DgsGzTWdxMB0X0dTMi7qbFrAl1trEocWNB9lQKNSgqCXe W2BC1ernx693dO96649WlWJPDUjQKFgdrkJqVCfw2Tinw5bCMQEVF53G3kAUwad3IX49 96q0b4tM53CaIymUibavsEhPuoXPFlStxs7DtNY4gMovrUGmZnZDfAlSngLzsmMg4I0Y BE/mxTN1JMut7ZaHb0gp51VFPzZubdTzAktFB8Gr3Xw8nMBheo/yXgnNa7oe5KOVnQ3s XURBVqUwDHELwhT0DAcMQPmYtXFoWhFkYe2mVVDSBd5UkCKLr4W8V1nT5AhBo8Hap/QZ E6cg== X-Gm-Message-State: AOJu0YyzueSi0GpFXG14Qo1caLZ76OAuReT2Gs2UZxtlxsVAijlQ7z8N 70qRz1uYpLyZJpbVYQlJhJWdKtQqVEVYeXaPLt4ffH+V6asC06PkO3hDo0X74oBMtpREYUHttYT oMLR2TqzG9wCEZVwcSeTHsQGAFHbQLlKZobwP9dMImqU4v5mzEKT/OuGfAX/2 X-Gm-Gg: ASbGnctEbCBTnclCMaNBO68Z1gRyq+5s//bmpUp5Eaww/ofDEPohAel+pwOYVrbpHu/ Q8eS9uXB5pcR44jOD7GBVYAjN3YZjXbbvM2h2IZIKmtDSwsFweK9qIUhrGYVx/niSIhXr65bux1 CdGPkNp0sT43HXHV56TyKwYvFHCaX+EdTu2ciCCubVLpYSuY6S0/ixCP0PBw1jtXXppKDRdhbfn 5DlcBkuI5QbSYugbx7oPWZLfs8y4PMy0qXoG/8GAS4KY8zDLVQ9VI+CLPPh+ll/MYkgYkGCE4oJ mgPiD5NN1nPupKU0PXb00DTygk48f+5nKOJ8MCjKhXdSxyro07gQ71dpVJ6OQ1REC3q/I+HEGmM 0VEZSYq8j X-Google-Smtp-Source: AGHT+IF12IfxeitT1leIEJRnMcbQspZr872BwJxuRRcsazfVM/w2NYkbN0qiIgheKYmu1pAg9EDlNUtz+vfK X-Received: by 2002:a05:6e02:3b8a:b0:430:c90d:10ae with SMTP id e9e14a558f8ab-4320f878692mr41148295ab.32.1761641485596; Tue, 28 Oct 2025 01:51:25 -0700 (PDT) Received: from postal.iol.unh.edu (postal.iol.unh.edu. [2606:4100:3880:1234::84]) by smtp-relay.gmail.com with ESMTPS id e9e14a558f8ab-431f67ea775sm10009265ab.2.2025.10.28.01.51.25 (version=TLS1_2 cipher=ECDHE-ECDSA-AES128-GCM-SHA256 bits=128/128); Tue, 28 Oct 2025 01:51:25 -0700 (PDT) X-Relaying-Domain: iol.unh.edu Date: Tue, 28 Oct 2025 01:51:25 -0700 (PDT) Message-ID: <6900840d.050a0220.30d4aa.e3c7SMTPIN_ADDED_MISSING@mx.google.com> Received: from [172.21.0.5] (unknown [172.18.0.240]) by postal.iol.unh.edu (Postfix) with ESMTP id 462396051830; Tue, 28 Oct 2025 04:51:25 -0400 (EDT) Subject: |FAILURE| pw158170 [PATCH] app/procinfo: fix warning of deprecated c From: dpdklab@iol.unh.edu To: Test Report Cc: dpdk-test-reports@iol.unh.edu, Chengwen Feng In-Reply-To: <20251028081733.38583-1-fengchengwen@huawei.com> References: <20251028081733.38583-1-fengchengwen@huawei.com> Content-Type: text/plain X-BeenThere: test-report@dpdk.org X-Mailman-Version: 2.1.29 Precedence: list List-Id: automatic DPDK test reports List-Unsubscribe: , List-Archive: List-Post: List-Help: List-Subscribe: , Errors-To: test-report-bounces@dpdk.org Test-Label: iol-compile-amd64-testing Test-Status: FAILURE http://dpdk.org/patch/158170 _Testing issues_ Submitter: Chengwen Feng Date: Tuesday, October 28 2025 08:17:33 DPDK git baseline: Repo:dpdk Branch: master CommitID:39b54f2dcf44ad1f91eabc7080cd5dea763607fd 158170 --> testing issues Upstream job id: Generic-DPDK-Compile-Meson#438282 Test environment and result as below: +-------------------------------+--------------------+------------------+-------------------+-------------------------+-------------------+----------------------+ | Environment | dpdk_meson_compile | dpdk_compile_ovs | dpdk_compile_spdk | dpdk_llvm_clang_compile | dpdk_msvc_compile | dpdk_mingw64_compile | +===============================+====================+==================+===================+=========================+===================+======================+ | CentOS Stream 10 | PASS | SKIPPED | SKIPPED | SKIPPED | SKIPPED | SKIPPED | +-------------------------------+--------------------+------------------+-------------------+-------------------------+-------------------+----------------------+ | openSUSE Leap 15.6 | PASS | SKIPPED | SKIPPED | SKIPPED | SKIPPED | SKIPPED | +-------------------------------+--------------------+------------------+-------------------+-------------------------+-------------------+----------------------+ | Fedora Linux 42 | PEND | PEND | PEND | SKIPPED | SKIPPED | SKIPPED | +-------------------------------+--------------------+------------------+-------------------+-------------------------+-------------------+----------------------+ | Red Hat Enterprise Linux 8.10 | PASS | SKIPPED | SKIPPED | SKIPPED | SKIPPED | SKIPPED | +-------------------------------+--------------------+------------------+-------------------+-------------------------+-------------------+----------------------+ | CentOS Stream 9 | PEND | SKIPPED | PEND | SKIPPED | SKIPPED | SKIPPED | +-------------------------------+--------------------+------------------+-------------------+-------------------------+-------------------+----------------------+ | Debian GNU/Linux 12 | PEND | SKIPPED | PEND | SKIPPED | SKIPPED | SKIPPED | +-------------------------------+--------------------+------------------+-------------------+-------------------------+-------------------+----------------------+ | Ubuntu 20.04 | PASS | SKIPPED | SKIPPED | SKIPPED | SKIPPED | SKIPPED | +-------------------------------+--------------------+------------------+-------------------+-------------------------+-------------------+----------------------+ | Red Hat Enterprise Linux 9.5 | PASS | SKIPPED | SKIPPED | SKIPPED | SKIPPED | SKIPPED | +-------------------------------+--------------------+------------------+-------------------+-------------------------+-------------------+----------------------+ | Ubuntu 22.04 | PASS | SKIPPED | WARN | SKIPPED | SKIPPED | SKIPPED | +-------------------------------+--------------------+------------------+-------------------+-------------------------+-------------------+----------------------+ | Ubuntu 24.04 | PEND | PEND | PEND | SKIPPED | SKIPPED | SKIPPED | +-------------------------------+--------------------+------------------+-------------------+-------------------------+-------------------+----------------------+ | Alpine Linux 3.22.0 | PASS | SKIPPED | SKIPPED | SKIPPED | SKIPPED | SKIPPED | +-------------------------------+--------------------+------------------+-------------------+-------------------------+-------------------+----------------------+ | FreeBSD 14.2 | PASS | SKIPPED | SKIPPED | SKIPPED | SKIPPED | SKIPPED | +-------------------------------+--------------------+------------------+-------------------+-------------------------+-------------------+----------------------+ | Windows Server 2022 | SKIPPED | SKIPPED | SKIPPED | PASS | PEND | PEND | +-------------------------------+--------------------+------------------+-------------------+-------------------------+-------------------+----------------------+ ==== 20 line log output for Ubuntu 22.04 (dpdk_compile_spdk): ==== --- Failed to get log output --- ==== End log output ==== CentOS Stream 10 Kernel: 5.15 Compiler: gcc gcc (GCC) 14.2.1 20250110 (Red Hat 14.2.1-8) openSUSE Leap 15.6 Kernel: 5.15 Compiler: gcc gcc (SUSE Linux) 7.5.0 Fedora Linux 42 Kernel: 5.15 Compiler: gcc gcc (GCC) 15.2.1 20250808 (Red Hat 15.2.1-1) Red Hat Enterprise Linux 8.10 Kernel: 5.15 Compiler: gcc gcc (GCC) 8.5.0 20210514 (Red Hat 8.5.0-22) CentOS Stream 9 Kernel: 5.15 Compiler: gcc gcc (GCC) 11.5.0 20240719 (Red Hat 11.5.0-11) Debian GNU/Linux 12 Kernel: 5.15 Compiler: gcc gcc (Debian 12.2.0-14+deb12u1) 12.2.0 Ubuntu 20.04 Kernel: 4.19 Compiler: gcc gcc (Ubuntu 9.4.0-1ubuntu1~20.04.2) 9.4.0 Red Hat Enterprise Linux 9.5 Kernel: 5.15 Compiler: gcc gcc (GCC) 11.5.0 20240719 (Red Hat 11.5.0-2) Ubuntu 22.04 Kernel: 5.15 Compiler: gcc gcc (Ubuntu 11.4.0-1ubuntu1~22.04) 11.4.0 Ubuntu 24.04 Kernel: 5.15 Compiler: gcc gcc (Ubuntu 13.3.0-6ubuntu2~24.04) 13.3.0 Alpine Linux 3.22.0 Kernel: 5.15 Compiler: gcc gcc (Alpine 14.2.0) 14.2.0 FreeBSD 14.2 Kernel: 14.2-RELEASE Compiler: clang 18.1.6 Windows Server 2022 Kernel: 10.0.20348.2031 Compiler: clang 15.0.7, gcc 14.1.0 (MinGW), and MSVC VS 19.39.33521 To view detailed results, visit: https://lab.dpdk.org/results/dashboard/patchsets/34391/ UNH-IOL DPDK Community Lab To manage your email subscriptions, visit: https://lab.dpdk.org/results/dashboard/preferences/subscriptions/