automatic DPDK test reports
 help / color / mirror / Atom feed
From: dpdklab@iol.unh.edu
To: Test Report <test-report@dpdk.org>
Cc: dpdk-test-reports@iol.unh.edu
Subject: |PENDING| pw158171-158173 [PATCH] [v11,3/3] net/macb: add necessary
Date: Tue, 28 Oct 2025 02:11:38 -0700 (PDT)	[thread overview]
Message-ID: <690088ca.050a0220.244f1b.ab32SMTPIN_ADDED_MISSING@mx.google.com> (raw)
In-Reply-To: <1761640401-80633-1-git-send-email-liwencheng@phytium.com.cn>

Test-Label: iol-compile-amd64-testing
Test-Status: PENDING
http://dpdk.org/patch/158173

_Testing pending_

Submitter: Wencheng Li <liwencheng@phytium.com.cn>
Date: Tuesday, October 28 2025 08:33:21 
DPDK git baseline: Repo:dpdk
  Branch: master
  CommitID:39b54f2dcf44ad1f91eabc7080cd5dea763607fd

158171-158173 --> testing pending

Upstream job id: Generic-VM-DPDK-Compile-Meson#39296

Test environment and result as below:

+-------------------------------+--------------------+------------------+-------------------+
|          Environment          | dpdk_meson_compile | dpdk_compile_ovs | dpdk_compile_spdk |
+===============================+====================+==================+===================+
| FreeBSD 14.2                  | PEND               | SKIPPED          | SKIPPED           |
+-------------------------------+--------------------+------------------+-------------------+
| Fedora Linux 42               | PEND               | PEND             | PEND              |
+-------------------------------+--------------------+------------------+-------------------+
| CentOS Stream 9               | PEND               | SKIPPED          | PEND              |
+-------------------------------+--------------------+------------------+-------------------+
| CentOS Stream 10              | PEND               | SKIPPED          | SKIPPED           |
+-------------------------------+--------------------+------------------+-------------------+
| Red Hat Enterprise Linux 8.10 | PEND               | SKIPPED          | SKIPPED           |
+-------------------------------+--------------------+------------------+-------------------+
| Debian GNU/Linux 12           | PEND               | SKIPPED          | PEND              |
+-------------------------------+--------------------+------------------+-------------------+
| Ubuntu 20.04                  | PEND               | SKIPPED          | SKIPPED           |
+-------------------------------+--------------------+------------------+-------------------+
| Red Hat Enterprise Linux 9.5  | PEND               | SKIPPED          | SKIPPED           |
+-------------------------------+--------------------+------------------+-------------------+
| openSUSE Leap 15.6            | PEND               | SKIPPED          | SKIPPED           |
+-------------------------------+--------------------+------------------+-------------------+
| Ubuntu 24.04                  | PEND               | PEND             | PEND              |
+-------------------------------+--------------------+------------------+-------------------+
| Alpine Linux 3.22.0           | PEND               | SKIPPED          | SKIPPED           |
+-------------------------------+--------------------+------------------+-------------------+
| Ubuntu 22.04                  | PEND               | SKIPPED          | PEND              |
+-------------------------------+--------------------+------------------+-------------------+


FreeBSD 14.2
	Kernel: 14.2-RELEASE
	Compiler: clang 18.1.6

Fedora Linux 42
	Kernel: 5.15
	Compiler: clang gcc (GCC) 15.2.1 20250808 (Red Hat 15.2.1-1)

CentOS Stream 9
	Kernel: 5.15
	Compiler: gcc gcc (GCC) 11.5.0 20240719 (Red Hat 11.5.0-11)

CentOS Stream 10
	Kernel: 5.15
	Compiler: gcc gcc (GCC) 14.2.1 20250110 (Red Hat 14.2.1-8)

Red Hat Enterprise Linux 8.10
	Kernel: 5.15
	Compiler: gcc gcc (GCC) 8.5.0 20210514 (Red Hat 8.5.0-22)

Debian GNU/Linux 12
	Kernel: 5.15
	Compiler: gcc gcc (Debian 12.2.0-14+deb12u1) 12.2.0

Ubuntu 20.04
	Kernel: 4.19
	Compiler: gcc gcc (Ubuntu 9.4.0-1ubuntu1~20.04.2) 9.4.0

Red Hat Enterprise Linux 9.5
	Kernel: 5.15
	Compiler: gcc gcc (GCC) 11.5.0 20240719 (Red Hat 11.5.0-2)

openSUSE Leap 15.6
	Kernel: 5.15
	Compiler: gcc gcc (SUSE Linux) 7.5.0

Ubuntu 24.04
	Kernel: 5.15
	Compiler: gcc gcc (Ubuntu 13.3.0-6ubuntu2~24.04) 13.3.0

Alpine Linux 3.22.0
	Kernel: 5.15
	Compiler: gcc gcc (Alpine 14.2.0) 14.2.0

Ubuntu 22.04
	Kernel: 5.15
	Compiler: gcc gcc (Ubuntu 11.4.0-1ubuntu1~22.04) 11.4.0

To view detailed results, visit:
https://lab.dpdk.org/results/dashboard/patchsets/34392/

UNH-IOL DPDK Community Lab

To manage your email subscriptions, visit: 
https://lab.dpdk.org/results/dashboard/preferences/subscriptions/

  parent reply	other threads:[~2025-10-28  9:11 UTC|newest]

Thread overview: 22+ messages / expand[flat|nested]  mbox.gz  Atom feed  top
     [not found] <1761640401-80633-1-git-send-email-liwencheng@phytium.com.cn>
2025-10-28  7:59 ` |SUCCESS| pw158171-158173 [PATCH v11 3/3] net/macb: add necessary docs and update related files qemudev
2025-10-28  8:04 ` qemudev
2025-10-28  8:35 ` |SUCCESS| pw158173 " checkpatch
2025-10-28  9:11 ` dpdklab [this message]
2025-10-28  9:12 ` |SUCCESS| pw158171-158173 [PATCH] [v11,3/3] net/macb: add necessary dpdklab
2025-10-28  9:16 ` dpdklab
2025-10-28  9:21 ` |PENDING| " dpdklab
2025-10-28  9:29 ` |SUCCESS| " dpdklab
2025-10-28  9:29 ` |PENDING| " dpdklab
2025-10-28  9:30 ` dpdklab
2025-10-28  9:32 ` |SUCCESS| " dpdklab
2025-10-28  9:34 ` dpdklab
2025-10-28  9:35 ` |PENDING| " dpdklab
2025-10-28 10:01 ` |SUCCESS| " dpdklab
2025-10-28 10:13 ` |WARNING| " dpdklab
2025-10-28 10:19 ` |FAILURE| pw158173 [PATCH v11 3/3] net/macb: add necessary docs and update related files 0-day Robot
2025-10-28 10:38 ` |SUCCESS| pw158171-158173 [PATCH] [v11,3/3] net/macb: add necessary dpdklab
2025-10-28 11:13 ` dpdklab
2025-10-28 11:35 ` |WARNING| " dpdklab
2025-10-28 12:03 ` |SUCCESS| " dpdklab
2025-10-28 13:05 ` dpdklab
2025-10-28 14:15 ` dpdklab

Reply instructions:

You may reply publicly to this message via plain-text email
using any one of the following methods:

* Save the following mbox file, import it into your mail client,
  and reply-to-all from there: mbox

  Avoid top-posting and favor interleaved quoting:
  https://en.wikipedia.org/wiki/Posting_style#Interleaved_style

* Reply using the --to, --cc, and --in-reply-to
  switches of git-send-email(1):

  git send-email \
    --in-reply-to=690088ca.050a0220.244f1b.ab32SMTPIN_ADDED_MISSING@mx.google.com \
    --to=dpdklab@iol.unh.edu \
    --cc=dpdk-test-reports@iol.unh.edu \
    --cc=test-report@dpdk.org \
    /path/to/YOUR_REPLY

  https://kernel.org/pub/software/scm/git/docs/git-send-email.html

* If your mail client supports setting the In-Reply-To header
  via mailto: links, try the mailto: link
Be sure your reply has a Subject: header at the top and a blank line before the message body.
This is a public inbox, see mirroring instructions
for how to clone and mirror all data and code used for this inbox;
as well as URLs for NNTP newsgroup(s).