From: dpdklab@iol.unh.edu
To: Test Report <test-report@dpdk.org>
Cc: dpdk-test-reports@iol.unh.edu, Chengwen Feng <fengchengwen@huawei.com>
Subject: |FAILURE| pw158174 [PATCH] config/arm: add HiSilicon HIP12
Date: Tue, 28 Oct 2025 03:10:51 -0700 (PDT) [thread overview]
Message-ID: <690096ab.050a0220.39d3fa.a87eSMTPIN_ADDED_MISSING@mx.google.com> (raw)
In-Reply-To: <20251028084259.4925-1-fengchengwen@huawei.com>
Test-Label: iol-unit-arm64-testing
Test-Status: FAILURE
http://dpdk.org/patch/158174
_Testing issues_
Submitter: Chengwen Feng <fengchengwen@huawei.com>
Date: Tuesday, October 28 2025 08:42:59
DPDK git baseline: Repo:dpdk
Branch: master
CommitID:39b54f2dcf44ad1f91eabc7080cd5dea763607fd
158174 --> testing issues
Upstream job id: Aarch32-Unit-Test#7997
Test environment and result as below:
+------------------------------+----------------+--------------+------------------------------+---------------------------+
| Environment | dpdk_unit_test | lpm_autotest | cryptodev_sw_snow3g_autotest | cryptodev_sw_zuc_autotest |
+==============================+================+==============+==============================+===========================+
| CentOS Stream 10 | PEND | SKIPPED | SKIPPED | SKIPPED |
+------------------------------+----------------+--------------+------------------------------+---------------------------+
| Debian GNU/Linux 12 | PEND | SKIPPED | SKIPPED | SKIPPED |
+------------------------------+----------------+--------------+------------------------------+---------------------------+
| Fedora Linux 40 | PEND | SKIPPED | SKIPPED | SKIPPED |
+------------------------------+----------------+--------------+------------------------------+---------------------------+
| CentOS Stream 9 | PEND | SKIPPED | SKIPPED | SKIPPED |
+------------------------------+----------------+--------------+------------------------------+---------------------------+
| Ubuntu 20.04 | PEND | PEND | SKIPPED | SKIPPED |
+------------------------------+----------------+--------------+------------------------------+---------------------------+
| Fedora Linux 41 | PEND | SKIPPED | SKIPPED | SKIPPED |
+------------------------------+----------------+--------------+------------------------------+---------------------------+
| Ubuntu 24.04 | PEND | SKIPPED | SKIPPED | SKIPPED |
+------------------------------+----------------+--------------+------------------------------+---------------------------+
| Ubuntu 22.04 | FAIL | SKIPPED | SKIPPED | SKIPPED |
+------------------------------+----------------+--------------+------------------------------+---------------------------+
| Fedora Linux 42 | PEND | SKIPPED | SKIPPED | SKIPPED |
+------------------------------+----------------+--------------+------------------------------+---------------------------+
| Red Hat Enterprise Linux 9.5 | PEND | SKIPPED | SKIPPED | SKIPPED |
+------------------------------+----------------+--------------+------------------------------+---------------------------+
| Debian 12 (arm) | SKIPPED | SKIPPED | PEND | PEND |
+------------------------------+----------------+--------------+------------------------------+---------------------------+
==== Unit test summary for Ubuntu 22.04 (dpdk_unit_test): ====
Failed to get the unit test results.
Displaying the unit test results is not supported for some environments,
such as our aarch32 testing, where meson is not used to run the tests.
Download the logs available on our CI site.
==== End log output ====
CentOS Stream 10
Kernel: 5.4
Compiler: gcc gcc (GCC) 14.2.1 20250110 (Red Hat 14.2.1-8)
Debian GNU/Linux 12
Kernel: 5.4
Compiler: gcc gcc (Debian 12.2.0-14+deb12u1) 12.2.0
Fedora Linux 40
Kernel: 5.4
Compiler: gcc gcc (GCC) 14.2.1 20240912 (Red Hat 14.2.1-3)
CentOS Stream 9
Kernel: 5.4
Compiler: gcc gcc (GCC) 11.5.0 20240719 (Red Hat 11.5.0-11)
Ubuntu 20.04
Kernel: 5.4
Compiler: gcc gcc (Ubuntu 9.4.0-1ubuntu1~20.04.2) 9.4.0
Fedora Linux 41
Kernel: 5.4
Compiler: gcc gcc (GCC) 14.3.1 20250523 (Red Hat 14.3.1-1)
Ubuntu 24.04
Kernel: 5.4
Compiler: gcc gcc (Ubuntu 13.3.0-6ubuntu2~24.04) 13.3.0
Ubuntu 22.04
Kernel: 5.4
Compiler: gcc gcc (Ubuntu 11.4.0-1ubuntu1~22.04) 11.4.0
Fedora Linux 42
Kernel: 5.4
Compiler: gcc gcc (GCC) 15.2.1 20250808 (Red Hat 15.2.1-1)
Red Hat Enterprise Linux 9.5
Kernel: 5.4
Compiler: gcc gcc (GCC) 11.5.0 20240719 (Red Hat 11.5.0-2)
Debian 12 (arm)
Kernel: Depends on container host
Compiler: gcc (Debian 12.2.0-14) 12.2.0
To view detailed results, visit:
https://lab.dpdk.org/results/dashboard/patchsets/34394/
UNH-IOL DPDK Community Lab
To manage your email subscriptions, visit:
https://lab.dpdk.org/results/dashboard/preferences/subscriptions/
next prev parent reply other threads:[~2025-10-28 10:10 UTC|newest]
Thread overview: 29+ messages / expand[flat|nested] mbox.gz Atom feed top
[not found] <20251028084259.4925-1-fengchengwen@huawei.com>
2025-10-28 8:09 ` |SUCCESS| " qemudev
2025-10-28 8:14 ` qemudev
2025-10-28 8:44 ` checkpatch
2025-10-28 9:43 ` |FAILURE| " dpdklab
2025-10-28 9:46 ` |SUCCESS| " dpdklab
2025-10-28 9:53 ` dpdklab
2025-10-28 10:00 ` dpdklab
2025-10-28 10:10 ` dpdklab [this message]
2025-10-28 10:15 ` dpdklab
2025-10-28 10:15 ` |FAILURE| " dpdklab
2025-10-28 10:19 ` 0-day Robot
2025-10-28 10:23 ` |SUCCESS| " dpdklab
2025-10-28 11:08 ` |FAILURE| " dpdklab
2025-10-28 11:08 ` dpdklab
2025-10-28 11:08 ` dpdklab
2025-10-28 11:08 ` dpdklab
2025-10-28 11:08 ` dpdklab
2025-10-28 11:09 ` dpdklab
2025-10-28 11:22 ` |PENDING| " dpdklab
2025-10-28 11:25 ` |SUCCESS| " dpdklab
2025-10-28 11:42 ` |FAILURE| " dpdklab
2025-10-28 12:36 ` dpdklab
2025-10-28 12:38 ` |SUCCESS| " dpdklab
2025-10-28 12:38 ` |WARNING| " dpdklab
2025-10-28 13:01 ` |SUCCESS| " dpdklab
2025-10-28 13:43 ` |FAILURE| " dpdklab
2025-10-28 14:09 ` |WARNING| " dpdklab
2025-10-28 14:12 ` |FAILURE| " dpdklab
2025-10-28 15:13 ` |WARNING| " dpdklab
Reply instructions:
You may reply publicly to this message via plain-text email
using any one of the following methods:
* Save the following mbox file, import it into your mail client,
and reply-to-all from there: mbox
Avoid top-posting and favor interleaved quoting:
https://en.wikipedia.org/wiki/Posting_style#Interleaved_style
* Reply using the --to, --cc, and --in-reply-to
switches of git-send-email(1):
git send-email \
--in-reply-to=690096ab.050a0220.39d3fa.a87eSMTPIN_ADDED_MISSING@mx.google.com \
--to=dpdklab@iol.unh.edu \
--cc=dpdk-test-reports@iol.unh.edu \
--cc=fengchengwen@huawei.com \
--cc=test-report@dpdk.org \
/path/to/YOUR_REPLY
https://kernel.org/pub/software/scm/git/docs/git-send-email.html
* If your mail client supports setting the In-Reply-To header
via mailto: links, try the mailto: link
Be sure your reply has a Subject: header at the top and a blank line
before the message body.
This is a public inbox, see mirroring instructions
for how to clone and mirror all data and code used for this inbox;
as well as URLs for NNTP newsgroup(s).