From mboxrd@z Thu Jan 1 00:00:00 1970 Return-Path: Received: from mails.dpdk.org (mails.dpdk.org [217.70.189.124]) by inbox.dpdk.org (Postfix) with ESMTP id 38F18489F7 for ; Tue, 28 Oct 2025 12:08:11 +0100 (CET) Received: from mails.dpdk.org (localhost [127.0.0.1]) by mails.dpdk.org (Postfix) with ESMTP id 325084021E; Tue, 28 Oct 2025 12:08:11 +0100 (CET) Received: from mail-qv1-f100.google.com (mail-qv1-f100.google.com [209.85.219.100]) by mails.dpdk.org (Postfix) with ESMTP id E1FA04021E for ; Tue, 28 Oct 2025 12:08:09 +0100 (CET) Received: by mail-qv1-f100.google.com with SMTP id 6a1803df08f44-87c237eca60so48370666d6.1 for ; Tue, 28 Oct 2025 04:08:09 -0700 (PDT) DKIM-Signature: v=1; a=rsa-sha256; c=relaxed/relaxed; d=iol.unh.edu; s=unh-iol; t=1761649689; x=1762254489; darn=dpdk.org; h=references:in-reply-to:cc:to:from:subject:message-id:date:from:to :cc:subject:date:message-id:reply-to; bh=YbgD/1gnJ5DlrIYyVrZ/zeCQGWCXEgaMO+Ikv1tzj8w=; b=cOe7ktD+mZnDHBYEuksvr/LI6fjrpdO8SimbOHYvjxQFdXWTdMlAmLhL5Q6U44p0WR /CJ29OYpOcdwO/1YnIuXOWfPz7cL6XNN6i3mPiR7vTSvjSd4x4YVwrqJexvlaoVJx9VO zda8Eubv8l+vJuTbes+tuMG3NBy8I2npdUBDM= X-Google-DKIM-Signature: v=1; a=rsa-sha256; c=relaxed/relaxed; d=1e100.net; s=20230601; t=1761649689; x=1762254489; h=references:in-reply-to:cc:to:from:subject:message-id:date :x-gm-message-state:from:to:cc:subject:date:message-id:reply-to; bh=YbgD/1gnJ5DlrIYyVrZ/zeCQGWCXEgaMO+Ikv1tzj8w=; b=SNZoCEIsglUYos6tQGeHCHW9yswqd9/LHZjZk6kFKm3u3yy2eJVRcZBPyd4CyTZjSe QI+6g0bG1I7msiSrARaTC2axyYA7Xay29PLw8h4yfuRajDSDWjNI4+NMZFLJaigysUDu XvRbvDa5NKPhjacn4IphO4P6KGt2akjJa3b7HuA1lUAwkz4DbUnis44NJIABXlPqhEL0 lsgdmKTYehO2BYIydWtxgQ0vd6x4J7y9n1PAgKPJX0Fs5sICWY6DDjDxhhiN9T6NrLTK CpZhRVDhBigEy7OmLngSZGx9YFXQJaN2a+h++JBIVKGrUh2rBZOGykAuWCy/W0jnOkPT kk8Q== X-Gm-Message-State: AOJu0YxnYgvWTgpVxherg998yquEOowj15AK7kJXFHcskl7Cu8rxlkiL CALhjR1zqD9Bs+eJF8pSRzz39arMgaF8X/tgbmwlw71RtgTizYUSykU2Q8nR+KB+mZWF/TuD716 9CjQ7bFEXGEPvI+NhQwhALpkVAjXNS56rxLxYWxR7eWnK X-Gm-Gg: ASbGncuLbHA+d6K/lsa5ik9JbMYEix7SdD2k/lbdGIjJvOwoangvwMXqHD4w4P4gcQ9 nabx+sqOEZNnHxemscrOxTOEqCnoniOHi8nTdmQs3wYZlTAt9jmncTkXic7wD7pH/Psl4COaPFw uQxTMa/NaC1/BxzYh96ZHIVS6ob5Wk89ThFmFAyY1jWuKPMA3oNAm0bnE/g3tr04XiZl9zWBtPD 8+9LHCrX3MiM64y6zG+RVIgzfD5ilUSw62EYo+xJIwY5vuuFMHAEx77EhJbUfPT6uAnyK5KEleA Yxto6iFp0ep7/cYa9EJEcpAaPZ1N/U4mM1aE4rr5EFjb2c6Wr+hevQMLR/27+6Md7/gNlk9/h5G dvLh18J8hq8WWT4lRMFAbebIc/tyScMg= X-Google-Smtp-Source: AGHT+IGUvWGcM9F6qOmOa4OhGqZzea6cfVHb/4HkDDNH4uJAIWkVGuhmhHhrIoMc7r3S7Qr+mJBr3sD9DcMj X-Received: by 2002:a05:6214:27cb:b0:807:8020:1055 with SMTP id 6a1803df08f44-87ffb0b7a76mr31357736d6.37.1761649689056; Tue, 28 Oct 2025 04:08:09 -0700 (PDT) Received: from postal.iol.unh.edu (postal.iol.unh.edu. [132.177.123.84]) by smtp-relay.gmail.com with ESMTPS id 6a1803df08f44-87fc48f84bbsm10895486d6.10.2025.10.28.04.08.08 (version=TLS1_2 cipher=ECDHE-ECDSA-AES128-GCM-SHA256 bits=128/128); Tue, 28 Oct 2025 04:08:09 -0700 (PDT) X-Relaying-Domain: iol.unh.edu Date: Tue, 28 Oct 2025 04:08:09 -0700 (PDT) Message-ID: <6900a419.050a0220.12fed0.192cSMTPIN_ADDED_MISSING@mx.google.com> Received: from [172.21.0.3] (unknown [172.18.0.240]) by postal.iol.unh.edu (Postfix) with ESMTP id BBAAD6051830; Tue, 28 Oct 2025 07:08:08 -0400 (EDT) Subject: |FAILURE| pw158174 [PATCH] config/arm: add HiSilicon HIP12 From: dpdklab@iol.unh.edu To: Test Report Cc: dpdk-test-reports@iol.unh.edu, Chengwen Feng In-Reply-To: <20251028084259.4925-1-fengchengwen@huawei.com> References: <20251028084259.4925-1-fengchengwen@huawei.com> Content-Type: text/plain X-BeenThere: test-report@dpdk.org X-Mailman-Version: 2.1.29 Precedence: list List-Id: automatic DPDK test reports List-Unsubscribe: , List-Archive: List-Post: List-Help: List-Subscribe: , Errors-To: test-report-bounces@dpdk.org Test-Label: iol-compile-arm64-testing Test-Status: FAILURE http://dpdk.org/patch/158174 _Testing issues_ Submitter: Chengwen Feng Date: Tuesday, October 28 2025 08:42:59 DPDK git baseline: Repo:dpdk Branch: master CommitID:39b54f2dcf44ad1f91eabc7080cd5dea763607fd 158174 --> testing issues Upstream job id: Generic-DPDK-Compile-Meson#438360 Test environment and result as below: +------------------------------+--------------------+ | Environment | dpdk_meson_compile | +==============================+====================+ | Red Hat Enterprise Linux 9.5 | FAIL | +------------------------------+--------------------+ | Ubuntu 20.04 | FAIL | +------------------------------+--------------------+ | Debian GNU/Linux 12 | FAIL | +------------------------------+--------------------+ | Fedora Linux 42 | FAIL | +------------------------------+--------------------+ | Ubuntu 22.04 | FAIL | +------------------------------+--------------------+ | Ubuntu 24.04 | FAIL | +------------------------------+--------------------+ | CentOS Stream 9 | FAIL | +------------------------------+--------------------+ | CentOS Stream 10 | FAIL | +------------------------------+--------------------+ ==== 20 line log output for CentOS Stream 10 (dpdk_meson_compile): ==== Compiler for C supports arguments -Wformat-nonliteral: YES Compiler for C supports arguments -Wformat-security: YES Compiler for C supports arguments -Wmissing-declarations: YES Compiler for C supports arguments -Wmissing-prototypes: YES Compiler for C supports arguments -Wnested-externs: YES Compiler for C supports arguments -Wold-style-definition: YES Compiler for C supports arguments -Wpointer-arith: YES Compiler for C supports arguments -Wsign-compare: YES Compiler for C supports arguments -Wstrict-prototypes: YES Compiler for C supports arguments -Wundef: YES Compiler for C supports arguments -Wwrite-strings: YES Compiler for C supports arguments -Wno-packed-not-aligned: YES Compiler for C supports arguments -Wno-missing-field-initializers: YES Compiler for C supports arguments -fzero-init-padding-bits=all: NO config/arm/meson.build:1023:8: ERROR: Expecting eof got rcurl. }, ^ A full log can be found at /home-local/jenkins-local/jenkins-agent/workspace/Generic-DPDK-Compile-Meson@2/dpdk/build/meson-logs/meson-log.txt ==== End log output ==== Red Hat Enterprise Linux 9.5 Kernel: 5.4 Compiler: gcc gcc (GCC) 11.5.0 20240719 (Red Hat 11.5.0-2) Ubuntu 20.04 Kernel: 5.15 Compiler: aarch64-linux-gnu-gcc gcc (Ubuntu 9.4.0-1ubuntu1~20.04.2) 9.4.0 Debian GNU/Linux 12 Kernel: 5.4 Compiler: gcc gcc (Debian 12.2.0-14+deb12u1) 12.2.0 Fedora Linux 42 Kernel: 5.4 Compiler: gcc gcc (GCC) 15.2.1 20250808 (Red Hat 15.2.1-1) Ubuntu 22.04 Kernel: 5.4 Compiler: gcc gcc (Ubuntu 11.4.0-1ubuntu1~22.04) 11.4.0 Ubuntu 24.04 Kernel: 5.4 Compiler: gcc gcc (Ubuntu 13.3.0-6ubuntu2~24.04) 13.3.0 CentOS Stream 9 Kernel: 5.4 Compiler: gcc gcc (GCC) 11.5.0 20240719 (Red Hat 11.5.0-11) CentOS Stream 10 Kernel: 5.4 Compiler: gcc gcc (GCC) 14.2.1 20250110 (Red Hat 14.2.1-8) To view detailed results, visit: https://lab.dpdk.org/results/dashboard/patchsets/34394/ UNH-IOL DPDK Community Lab To manage your email subscriptions, visit: https://lab.dpdk.org/results/dashboard/preferences/subscriptions/