From mboxrd@z Thu Jan 1 00:00:00 1970 Return-Path: Received: from mails.dpdk.org (mails.dpdk.org [217.70.189.124]) by inbox.dpdk.org (Postfix) with ESMTP id 41E83489F7 for ; Tue, 28 Oct 2025 12:08:24 +0100 (CET) Received: from mails.dpdk.org (localhost [127.0.0.1]) by mails.dpdk.org (Postfix) with ESMTP id 3D43A4021E; Tue, 28 Oct 2025 12:08:24 +0100 (CET) Received: from mail-io1-f97.google.com (mail-io1-f97.google.com [209.85.166.97]) by mails.dpdk.org (Postfix) with ESMTP id 294A94021E for ; Tue, 28 Oct 2025 12:08:23 +0100 (CET) Received: by mail-io1-f97.google.com with SMTP id ca18e2360f4ac-93e2d42d9b4so242625039f.2 for ; Tue, 28 Oct 2025 04:08:23 -0700 (PDT) DKIM-Signature: v=1; a=rsa-sha256; c=relaxed/relaxed; d=iol.unh.edu; s=unh-iol; t=1761649702; x=1762254502; darn=dpdk.org; h=references:in-reply-to:cc:to:from:subject:message-id:date:from:to :cc:subject:date:message-id:reply-to; bh=wZGN2AdiHfom4ULURHr2vKql8dyEA2ExZUaYCe+LXFk=; b=bpCkbKLMSmR2MNNWRkEEgmZfnuFqgix6XMiaKmSevc1+r66dLVDYeCxPZqMCZetOYw BxA3iSArG9T+oNBh8iggsdeeRC/pKAUh7ddX2Vf/NZmOFBznKdePZX4ZAUzWtIThdQWz oHlgiAnOFm1evtf82XVWhq4E7mUEHgI+79K2k= X-Google-DKIM-Signature: v=1; a=rsa-sha256; c=relaxed/relaxed; d=1e100.net; s=20230601; t=1761649702; x=1762254502; h=references:in-reply-to:cc:to:from:subject:message-id:date :x-gm-message-state:from:to:cc:subject:date:message-id:reply-to; bh=wZGN2AdiHfom4ULURHr2vKql8dyEA2ExZUaYCe+LXFk=; b=lYvKO7SagkY/XrS1/nxA5kNToUVNAWGc+IEdCZEnDZD2UKP0tLq1xUeBj/F8EiC+H0 WBBJFmVt9UnBos7OKrACQQN43d7Hs0nP/bueyNLt4z8Tv7dcZjPnpwC39rcCpzlxhnT5 XvTrH+M8lAH9pMnN2UjcZDQ6FPM3Tb73Cy/0Yn6Dp8GYEJEaoN+p06PJ0vBqtM0AzInI nBJ9vQoMOGhhLBMiol6BdfFSH6H0FmvX1ErQv91HaVwIPTHRDYouWNgYj4Cp9bLyYIss Rns2nnuAytME9I2WS5/pUXn7D4n///kzMTQtFR5+0EJd7kP3PNoelMKnTsSCuhjirvzx dmOA== X-Gm-Message-State: AOJu0Yyzk9ZewtV68GKf/AE65sE46kHpDaZUnmPnUWJ+RL0LYrO6gYR9 DSh8Fjdz6yCIkEKi2M06wKWIOVSdfHPLztkmTH58a1LAyGOKLlqwnazEsnm2gFEF63xmc5qGky7 /pmyrPKmFxZauCW/rLOkBD9HFeXhUXMl8mlKUiXOvO458JPNOyXbMvWha7Bya X-Gm-Gg: ASbGnctg07jRsJmNGpPDUIL0LAhdLi8VRc2OzP0SEQrUqa/LaPUKYBg070vb5HBH94j pUlmy0fjeLlBrAHYUeQjaKX9ZhILHVSiA0AA3wJvxp+9faYvsersWesvmuXr0HcQat0m8kZPbJK UacgMtTb4J+AW0VbfPvMpF9jOnqaI3+fgbsJHkPF76fRJoMIYw1UkmMdQYbROs5vM0j3dfdYypE mJ+/Tbck4Xj2T1hH6L/OXI8bHnDrS9Fq01aXJKJDB9dechM1Ay81EUAQ6Xt5txTN06Dm0+K5iLg ZesTHsS2elWl+TZIWuGtAD1CPwSY+lS2B1MNba2tTc+rIB/qwPyAOHBKc67mXg3IREkMQ4MSEZY i9wzWwrF8 X-Google-Smtp-Source: AGHT+IH/jK3AXWqSzZ64k5VKHoUh7f730goC/2Q18YugZ9K9AQXgOEKTVKmtZsJEiN96Uzbbvlj01ukx+YF0 X-Received: by 2002:a05:6e02:1b0c:b0:42d:878b:6e40 with SMTP id e9e14a558f8ab-4320f6ccc1cmr50026685ab.13.1761649702392; Tue, 28 Oct 2025 04:08:22 -0700 (PDT) Received: from postal.iol.unh.edu (postal.iol.unh.edu. [2606:4100:3880:1234::84]) by smtp-relay.gmail.com with ESMTPS id 8926c6da1cb9f-5aea7be3745sm799305173.16.2025.10.28.04.08.22 (version=TLS1_2 cipher=ECDHE-ECDSA-AES128-GCM-SHA256 bits=128/128); Tue, 28 Oct 2025 04:08:22 -0700 (PDT) X-Relaying-Domain: iol.unh.edu Date: Tue, 28 Oct 2025 04:08:22 -0700 (PDT) Message-ID: <6900a426.050a0220.3a4533.4681SMTPIN_ADDED_MISSING@mx.google.com> Received: from [172.21.0.8] (unknown [172.18.0.240]) by postal.iol.unh.edu (Postfix) with ESMTP id C18506051830; Tue, 28 Oct 2025 07:08:21 -0400 (EDT) Subject: |FAILURE| pw158174 [PATCH] config/arm: add HiSilicon HIP12 From: dpdklab@iol.unh.edu To: Test Report Cc: dpdk-test-reports@iol.unh.edu, Chengwen Feng In-Reply-To: <20251028084259.4925-1-fengchengwen@huawei.com> References: <20251028084259.4925-1-fengchengwen@huawei.com> Content-Type: text/plain X-BeenThere: test-report@dpdk.org X-Mailman-Version: 2.1.29 Precedence: list List-Id: automatic DPDK test reports List-Unsubscribe: , List-Archive: List-Post: List-Help: List-Subscribe: , Errors-To: test-report-bounces@dpdk.org Test-Label: iol-compile-arm64-testing Test-Status: FAILURE http://dpdk.org/patch/158174 _Testing issues_ Submitter: Chengwen Feng Date: Tuesday, October 28 2025 08:42:59 DPDK git baseline: Repo:dpdk Branch: master CommitID:39b54f2dcf44ad1f91eabc7080cd5dea763607fd 158174 --> testing issues Upstream job id: Generic-DPDK-Compile-Meson#438363 Test environment and result as below: +------------------------------+--------------------+ | Environment | dpdk_meson_compile | +==============================+====================+ | Red Hat Enterprise Linux 9.5 | FAIL | +------------------------------+--------------------+ | Ubuntu 20.04 | FAIL | +------------------------------+--------------------+ | Debian GNU/Linux 12 | FAIL | +------------------------------+--------------------+ | Fedora Linux 42 | FAIL | +------------------------------+--------------------+ | Ubuntu 22.04 | FAIL | +------------------------------+--------------------+ | Ubuntu 24.04 | FAIL | +------------------------------+--------------------+ | CentOS Stream 9 | FAIL | +------------------------------+--------------------+ | CentOS Stream 10 | FAIL | +------------------------------+--------------------+ ==== 20 line log output for CentOS Stream 10 (dpdk_meson_compile): ==== Compiler for C supports arguments -Wformat-nonliteral: YES Compiler for C supports arguments -Wformat-security: YES Compiler for C supports arguments -Wmissing-declarations: YES Compiler for C supports arguments -Wmissing-prototypes: YES Compiler for C supports arguments -Wnested-externs: YES Compiler for C supports arguments -Wold-style-definition: YES Compiler for C supports arguments -Wpointer-arith: YES Compiler for C supports arguments -Wsign-compare: YES Compiler for C supports arguments -Wstrict-prototypes: YES Compiler for C supports arguments -Wundef: YES Compiler for C supports arguments -Wwrite-strings: YES Compiler for C supports arguments -Wno-packed-not-aligned: YES Compiler for C supports arguments -Wno-missing-field-initializers: YES Compiler for C supports arguments -fzero-init-padding-bits=all: NO config/arm/meson.build:1023:8: ERROR: Expecting eof got rcurl. }, ^ A full log can be found at /home-local/jenkins-local/jenkins-agent/workspace/Generic-DPDK-Compile-Meson@2/dpdk/build/meson-logs/meson-log.txt ==== End log output ==== Red Hat Enterprise Linux 9.5 Kernel: 5.4 Compiler: gcc gcc (GCC) 11.5.0 20240719 (Red Hat 11.5.0-2) Ubuntu 20.04 Kernel: 5.15 Compiler: aarch64-linux-gnu-gcc gcc (Ubuntu 9.4.0-1ubuntu1~20.04.2) 9.4.0 Debian GNU/Linux 12 Kernel: 5.4 Compiler: gcc gcc (Debian 12.2.0-14+deb12u1) 12.2.0 Fedora Linux 42 Kernel: 5.4 Compiler: gcc gcc (GCC) 15.2.1 20250808 (Red Hat 15.2.1-1) Ubuntu 22.04 Kernel: 5.4 Compiler: gcc gcc (Ubuntu 11.4.0-1ubuntu1~22.04) 11.4.0 Ubuntu 24.04 Kernel: 5.4 Compiler: gcc gcc (Ubuntu 13.3.0-6ubuntu2~24.04) 13.3.0 CentOS Stream 9 Kernel: 5.4 Compiler: gcc gcc (GCC) 11.5.0 20240719 (Red Hat 11.5.0-11) CentOS Stream 10 Kernel: 5.4 Compiler: gcc gcc (GCC) 14.2.1 20250110 (Red Hat 14.2.1-8) To view detailed results, visit: https://lab.dpdk.org/results/dashboard/patchsets/34394/ UNH-IOL DPDK Community Lab To manage your email subscriptions, visit: https://lab.dpdk.org/results/dashboard/preferences/subscriptions/