From mboxrd@z Thu Jan 1 00:00:00 1970 Return-Path: Received: from mails.dpdk.org (mails.dpdk.org [217.70.189.124]) by inbox.dpdk.org (Postfix) with ESMTP id 4DDDD489F7 for ; Tue, 28 Oct 2025 12:08:32 +0100 (CET) Received: from mails.dpdk.org (localhost [127.0.0.1]) by mails.dpdk.org (Postfix) with ESMTP id 4921E4021E; Tue, 28 Oct 2025 12:08:32 +0100 (CET) Received: from mail-qk1-f225.google.com (mail-qk1-f225.google.com [209.85.222.225]) by mails.dpdk.org (Postfix) with ESMTP id D1E334021E for ; Tue, 28 Oct 2025 12:08:30 +0100 (CET) Received: by mail-qk1-f225.google.com with SMTP id af79cd13be357-89e7a7e0256so456420185a.2 for ; Tue, 28 Oct 2025 04:08:30 -0700 (PDT) DKIM-Signature: v=1; a=rsa-sha256; c=relaxed/relaxed; d=iol.unh.edu; s=unh-iol; t=1761649710; x=1762254510; darn=dpdk.org; h=references:in-reply-to:cc:to:from:subject:message-id:date:from:to :cc:subject:date:message-id:reply-to; bh=NkoyWzAHa9OhDYvzK7ci6+orghGZBe5G6hRI7rjNJQY=; b=iCtXAiQrYN/H9qbn0h4nzN5wOJa1ahbJNQ1LrebixRVkBDGmSJBZq39gqy3JrM4FLN 7EYz+b1B+YCSTEGbJ4/rJ8gAVXkan45M1ZUCXlazEt/d/6tJUv6yIzRJTG5s2bdnn82S ZNqbspWVow4dfMhJJLKLjLQGDwJED1PCygnrM= X-Google-DKIM-Signature: v=1; a=rsa-sha256; c=relaxed/relaxed; d=1e100.net; s=20230601; t=1761649710; x=1762254510; h=references:in-reply-to:cc:to:from:subject:message-id:date :x-gm-message-state:from:to:cc:subject:date:message-id:reply-to; bh=NkoyWzAHa9OhDYvzK7ci6+orghGZBe5G6hRI7rjNJQY=; b=Au3QJw/SBQI+NAm3mOpHMxyrRj68abKOXWVZHWrqTU7Yt0E/j3n2Egi61RlbjyeIR2 sHhNme5p6+vpko1dWWPckQXery2h843pfKSuV4Lt9C7N3dSz9dUUXdiKQKOFqxN4bHy2 0h4CH5u/BDpJr0yyZVNHFw2s2tlmNKFZ+Y6h8uzdYtVCAGoCtkuyav5nX6ahzmSAhAYQ ApBTUA9ElfG2qHzkXKr7hLEv5HLerW04uXs4cuQK4MF+xC8FItAzautcn/98/6+mIpc9 A+NBz/rA3EUXJgQXT9NL/zt2t2I8aZmDkIkEC4DIPGxi4FRSqh8nNRU6/hzSJDv368sz h6qw== X-Gm-Message-State: AOJu0Yxkuq8oMA+CWI1lw6rU3aoPI57vyBCFBe9ls82glb7pX5EVpUq7 dygUQk9b4/qV6QvSHpRT9F0sJ6WK9Rc86so9iVntybJT/GELYQH7aa7Da12frbU8Z2tj/nZe98V E83ILD3u/LmdMzuZsnQKnxhVFVyVK17Y+R/ZYjSoBkGM2 X-Gm-Gg: ASbGncsOxwxtJRNWwhC8/AnQvGfajvX22suA6AwfIgS160E1fgQaCm9sG+eumz7B1FK pV56vJhWyTkcGpoyuNQvJMJaZLhaYRUT0E8Row0tskRbxirjE9AiUvzPVTHHBmfSUrd0MZQl5Ij QDMIOSZh5D2A7CpxXXG3mNkDvinhn3CkRVHlN1kAsgEfudalvRD1NTx8dwqk+ghKg9nnGYaP5q5 X/gxqwiBbOPfwYp48DNmJbeUh3bR1LJfTs3OENT/68cyLGGCNbIN8170M/bxOP1GAnl29VaO//c ULpkqNfzaRa4Sd+2oaIUK5ntI3GsyoQkiRS6g9Mk6Qo8rWyWkEaoEjGiQhvZkUqulfDi7GHxtY0 f/RKAlRcw7ig894NbebyFvosphkes5tI= X-Google-Smtp-Source: AGHT+IHcaQl/3eEQ9rwSWAvrcaoScHmy6PIcMd+LUn6/PPlZZ3XcdMXOrAo66xH6KjykOBM0mthqrpm1dPo7 X-Received: by 2002:a05:620a:4452:b0:892:8439:2ef0 with SMTP id af79cd13be357-8a6f4bb0a62mr353218985a.14.1761649710177; Tue, 28 Oct 2025 04:08:30 -0700 (PDT) Received: from postal.iol.unh.edu (postal.iol.unh.edu. [132.177.123.84]) by smtp-relay.gmail.com with ESMTPS id af79cd13be357-89f2346532bsm92124085a.0.2025.10.28.04.08.30 (version=TLS1_2 cipher=ECDHE-ECDSA-AES128-GCM-SHA256 bits=128/128); Tue, 28 Oct 2025 04:08:30 -0700 (PDT) X-Relaying-Domain: iol.unh.edu Date: Tue, 28 Oct 2025 04:08:30 -0700 (PDT) Message-ID: <6900a42e.050a0220.26926e.9895SMTPIN_ADDED_MISSING@mx.google.com> Received: from [172.21.0.10] (unknown [172.18.0.240]) by postal.iol.unh.edu (Postfix) with ESMTP id AB5E96051830; Tue, 28 Oct 2025 07:08:29 -0400 (EDT) Subject: |FAILURE| pw158174 [PATCH] config/arm: add HiSilicon HIP12 From: dpdklab@iol.unh.edu To: Test Report Cc: dpdk-test-reports@iol.unh.edu, Chengwen Feng In-Reply-To: <20251028084259.4925-1-fengchengwen@huawei.com> References: <20251028084259.4925-1-fengchengwen@huawei.com> Content-Type: text/plain X-BeenThere: test-report@dpdk.org X-Mailman-Version: 2.1.29 Precedence: list List-Id: automatic DPDK test reports List-Unsubscribe: , List-Archive: List-Post: List-Help: List-Subscribe: , Errors-To: test-report-bounces@dpdk.org Test-Label: iol-compile-arm64-testing Test-Status: FAILURE http://dpdk.org/patch/158174 _Testing issues_ Submitter: Chengwen Feng Date: Tuesday, October 28 2025 08:42:59 DPDK git baseline: Repo:dpdk Branch: master CommitID:39b54f2dcf44ad1f91eabc7080cd5dea763607fd 158174 --> testing issues Upstream job id: Generic-DPDK-Compile-Meson#438364 Test environment and result as below: +------------------------------+--------------------+ | Environment | dpdk_meson_compile | +==============================+====================+ | Red Hat Enterprise Linux 9.5 | FAIL | +------------------------------+--------------------+ | Ubuntu 20.04 | FAIL | +------------------------------+--------------------+ | Debian GNU/Linux 12 | FAIL | +------------------------------+--------------------+ | Fedora Linux 42 | FAIL | +------------------------------+--------------------+ | Ubuntu 22.04 | FAIL | +------------------------------+--------------------+ | Ubuntu 24.04 | FAIL | +------------------------------+--------------------+ | CentOS Stream 9 | FAIL | +------------------------------+--------------------+ | CentOS Stream 10 | FAIL | +------------------------------+--------------------+ ==== 20 line log output for CentOS Stream 10 (dpdk_meson_compile): ==== Compiler for C supports arguments -Wformat-nonliteral: YES Compiler for C supports arguments -Wformat-security: YES Compiler for C supports arguments -Wmissing-declarations: YES Compiler for C supports arguments -Wmissing-prototypes: YES Compiler for C supports arguments -Wnested-externs: YES Compiler for C supports arguments -Wold-style-definition: YES Compiler for C supports arguments -Wpointer-arith: YES Compiler for C supports arguments -Wsign-compare: YES Compiler for C supports arguments -Wstrict-prototypes: YES Compiler for C supports arguments -Wundef: YES Compiler for C supports arguments -Wwrite-strings: YES Compiler for C supports arguments -Wno-packed-not-aligned: YES Compiler for C supports arguments -Wno-missing-field-initializers: YES Compiler for C supports arguments -fzero-init-padding-bits=all: NO config/arm/meson.build:1023:8: ERROR: Expecting eof got rcurl. }, ^ A full log can be found at /home-local/jenkins-local/jenkins-agent/workspace/Generic-DPDK-Compile-Meson@2/dpdk/build/meson-logs/meson-log.txt ==== End log output ==== Red Hat Enterprise Linux 9.5 Kernel: 5.4 Compiler: gcc gcc (GCC) 11.5.0 20240719 (Red Hat 11.5.0-2) Ubuntu 20.04 Kernel: 5.15 Compiler: aarch64-linux-gnu-gcc gcc (Ubuntu 9.4.0-1ubuntu1~20.04.2) 9.4.0 Debian GNU/Linux 12 Kernel: 5.4 Compiler: gcc gcc (Debian 12.2.0-14+deb12u1) 12.2.0 Fedora Linux 42 Kernel: 5.4 Compiler: gcc gcc (GCC) 15.2.1 20250808 (Red Hat 15.2.1-1) Ubuntu 22.04 Kernel: 5.4 Compiler: gcc gcc (Ubuntu 11.4.0-1ubuntu1~22.04) 11.4.0 Ubuntu 24.04 Kernel: 5.4 Compiler: gcc gcc (Ubuntu 13.3.0-6ubuntu2~24.04) 13.3.0 CentOS Stream 9 Kernel: 5.4 Compiler: gcc gcc (GCC) 11.5.0 20240719 (Red Hat 11.5.0-11) CentOS Stream 10 Kernel: 5.4 Compiler: gcc gcc (GCC) 14.2.1 20250110 (Red Hat 14.2.1-8) To view detailed results, visit: https://lab.dpdk.org/results/dashboard/patchsets/34394/ UNH-IOL DPDK Community Lab To manage your email subscriptions, visit: https://lab.dpdk.org/results/dashboard/preferences/subscriptions/