From mboxrd@z Thu Jan 1 00:00:00 1970 Return-Path: Received: from mails.dpdk.org (mails.dpdk.org [217.70.189.124]) by inbox.dpdk.org (Postfix) with ESMTP id 6050F489F7 for ; Tue, 28 Oct 2025 12:08:44 +0100 (CET) Received: from mails.dpdk.org (localhost [127.0.0.1]) by mails.dpdk.org (Postfix) with ESMTP id 58A344021E; Tue, 28 Oct 2025 12:08:44 +0100 (CET) Received: from mail-yx1-f100.google.com (mail-yx1-f100.google.com [74.125.224.100]) by mails.dpdk.org (Postfix) with ESMTP id 0A8304021E for ; Tue, 28 Oct 2025 12:08:43 +0100 (CET) Received: by mail-yx1-f100.google.com with SMTP id 956f58d0204a3-63e255e9a20so6251464d50.0 for ; Tue, 28 Oct 2025 04:08:42 -0700 (PDT) DKIM-Signature: v=1; a=rsa-sha256; c=relaxed/relaxed; d=iol.unh.edu; s=unh-iol; t=1761649722; x=1762254522; darn=dpdk.org; h=references:in-reply-to:cc:to:from:subject:message-id:date:from:to :cc:subject:date:message-id:reply-to; bh=4Bf3HMuf319Yw7ly0MzGFOWxdDjEo/XJJNEnfBymGn0=; b=YkCeTryUE0Drzgd5V9ytP4wXHOwUncl6M3OBvk93mMBFfKOosUL8b8c/XGfmDPWSj2 wAMI+y1G34hMsnwT3KTWXDU/yic0VjG4t9LIw2NW5l4+MrAvUBZoRg/bjioQ+wJNV6vz K2F6tg6yjJRwIJeV3hSmw5vs2r3yRdqrXRwCw= X-Google-DKIM-Signature: v=1; a=rsa-sha256; c=relaxed/relaxed; d=1e100.net; s=20230601; t=1761649722; x=1762254522; h=references:in-reply-to:cc:to:from:subject:message-id:date :x-gm-message-state:from:to:cc:subject:date:message-id:reply-to; bh=4Bf3HMuf319Yw7ly0MzGFOWxdDjEo/XJJNEnfBymGn0=; b=ZcURie2xGq95cdRua3OxhGpE26zPkJGHJxv+FNTqRSOq28c/3lXPuz7CD3MeNr3IXv 6lWUuA8p1dPJ6OQLetp8mvRk/U2iLNJ0gJXeB+hHn/nFp76/BR32LvH3uJzdd+E7XwRp QWHTmfYLx9Qz/+pOcy1dY+pOrYN2uwEGZoduNIff1va+OM3aqHCy7zQqfQSGFWl9rLsP TOAK3URXX7U8bCzIzotWLMNK25UrwDAX9wzy6lNfK9wccZfhDmqi+gxBO1C/w9kQnQCc LMHZ9Sl7o1FVGdaeCDa7SNt0QClnYU7gcFFeN3bnDyYCpYNy7Fri66Bk7gpoOUy3ZzTc DQWQ== X-Gm-Message-State: AOJu0YxdoPTaEU/6BHe/HcnDovH2l4XOnRaNnQajwN83lJ7mp44jt2Mu OGzieYPunpo3GeplqT0FpL4cYBbCjfqdLPkSbCdi3krLPkItzU+MOmZwxv47aFo+AzOlRZW8Zos 1vKKgaOtJkjC3i/BHT0hNXM7rKHa1p7J17SB2WYIC6Dm0 X-Gm-Gg: ASbGncuqRe5LCQ012WC9L5XjIUcBf5AVpkRRq2XsL2S8YtS9XAKaajhGNk1vizdGeI2 YHR3zrM+LQzWtNf8u2AOoW7Tx+z3dzLkLmmmdr9PDHiqpTLcSVqD3hWz4k1hMBgTid+cphMhmAI ex+L2WH53veBj8Ve/QpjqIvF9L7eXPm0jEMe5KlZchGXcs9s6ET/mMTiG6Ey4Scz/3AgNZsu6cJ 5f6hd+dbUvLpTwMXcbsoC6oVSUbFvWX/CJ9ie978pYyVlZZ7YvcDB3U2FB7beaiOJbU+INioOhF uTSLB5eehsw8avlPzi72vmUURYWN3L2Fc1x6X8lCRkHRmaoFdf+cojrrxLPFW7PIimUQwO9horG sNJah9JAICHOAFVCSmQ5gxz9XGs/Pb9M= X-Google-Smtp-Source: AGHT+IGaMh0CLikXts5UUpO9N/3ibEsqIaOxljuTMvAQkwiNviy5vIaNvhPgHvOMM9upDVKGwuQKgsq2Nb2G X-Received: by 2002:a05:690e:1c0c:b0:63e:35a6:5aed with SMTP id 956f58d0204a3-63f6ba649d7mr2186325d50.49.1761649722100; Tue, 28 Oct 2025 04:08:42 -0700 (PDT) Received: from postal.iol.unh.edu (postal.iol.unh.edu. [132.177.123.84]) by smtp-relay.gmail.com with ESMTPS id 00721157ae682-785ed192c07sm7022457b3.13.2025.10.28.04.08.42 (version=TLS1_2 cipher=ECDHE-ECDSA-AES128-GCM-SHA256 bits=128/128); Tue, 28 Oct 2025 04:08:42 -0700 (PDT) X-Relaying-Domain: iol.unh.edu Date: Tue, 28 Oct 2025 04:08:42 -0700 (PDT) Message-ID: <6900a43a.050a0220.2b93be.f7aaSMTPIN_ADDED_MISSING@mx.google.com> Received: from [172.21.0.5] (unknown [172.18.0.240]) by postal.iol.unh.edu (Postfix) with ESMTP id C00836051830; Tue, 28 Oct 2025 07:08:41 -0400 (EDT) Subject: |FAILURE| pw158174 [PATCH] config/arm: add HiSilicon HIP12 From: dpdklab@iol.unh.edu To: Test Report Cc: dpdk-test-reports@iol.unh.edu, Chengwen Feng In-Reply-To: <20251028084259.4925-1-fengchengwen@huawei.com> References: <20251028084259.4925-1-fengchengwen@huawei.com> Content-Type: text/plain X-BeenThere: test-report@dpdk.org X-Mailman-Version: 2.1.29 Precedence: list List-Id: automatic DPDK test reports List-Unsubscribe: , List-Archive: List-Post: List-Help: List-Subscribe: , Errors-To: test-report-bounces@dpdk.org Test-Label: iol-compile-arm64-testing Test-Status: FAILURE http://dpdk.org/patch/158174 _Testing issues_ Submitter: Chengwen Feng Date: Tuesday, October 28 2025 08:42:59 DPDK git baseline: Repo:dpdk Branch: master CommitID:39b54f2dcf44ad1f91eabc7080cd5dea763607fd 158174 --> testing issues Upstream job id: Generic-DPDK-Compile-Meson#438365 Test environment and result as below: +------------------------------+--------------------+ | Environment | dpdk_meson_compile | +==============================+====================+ | Red Hat Enterprise Linux 9.5 | FAIL | +------------------------------+--------------------+ | Ubuntu 20.04 | FAIL | +------------------------------+--------------------+ | Debian GNU/Linux 12 | FAIL | +------------------------------+--------------------+ | Fedora Linux 42 | FAIL | +------------------------------+--------------------+ | Ubuntu 22.04 | FAIL | +------------------------------+--------------------+ | Ubuntu 24.04 | FAIL | +------------------------------+--------------------+ | CentOS Stream 9 | FAIL | +------------------------------+--------------------+ | CentOS Stream 10 | FAIL | +------------------------------+--------------------+ ==== 20 line log output for CentOS Stream 10 (dpdk_meson_compile): ==== Compiler for C supports arguments -Wformat-nonliteral: YES Compiler for C supports arguments -Wformat-security: YES Compiler for C supports arguments -Wmissing-declarations: YES Compiler for C supports arguments -Wmissing-prototypes: YES Compiler for C supports arguments -Wnested-externs: YES Compiler for C supports arguments -Wold-style-definition: YES Compiler for C supports arguments -Wpointer-arith: YES Compiler for C supports arguments -Wsign-compare: YES Compiler for C supports arguments -Wstrict-prototypes: YES Compiler for C supports arguments -Wundef: YES Compiler for C supports arguments -Wwrite-strings: YES Compiler for C supports arguments -Wno-packed-not-aligned: YES Compiler for C supports arguments -Wno-missing-field-initializers: YES Compiler for C supports arguments -fzero-init-padding-bits=all: NO config/arm/meson.build:1023:8: ERROR: Expecting eof got rcurl. }, ^ A full log can be found at /home-local/jenkins-local/jenkins-agent/workspace/Generic-DPDK-Compile-Meson@2/dpdk/build/meson-logs/meson-log.txt ==== End log output ==== Red Hat Enterprise Linux 9.5 Kernel: 5.4 Compiler: gcc gcc (GCC) 11.5.0 20240719 (Red Hat 11.5.0-2) Ubuntu 20.04 Kernel: 5.15 Compiler: aarch64-linux-gnu-gcc gcc (Ubuntu 9.4.0-1ubuntu1~20.04.2) 9.4.0 Debian GNU/Linux 12 Kernel: 5.4 Compiler: gcc gcc (Debian 12.2.0-14+deb12u1) 12.2.0 Fedora Linux 42 Kernel: 5.4 Compiler: gcc gcc (GCC) 15.2.1 20250808 (Red Hat 15.2.1-1) Ubuntu 22.04 Kernel: 5.4 Compiler: gcc gcc (Ubuntu 11.4.0-1ubuntu1~22.04) 11.4.0 Ubuntu 24.04 Kernel: 5.4 Compiler: gcc gcc (Ubuntu 13.3.0-6ubuntu2~24.04) 13.3.0 CentOS Stream 9 Kernel: 5.4 Compiler: gcc gcc (GCC) 11.5.0 20240719 (Red Hat 11.5.0-11) CentOS Stream 10 Kernel: 5.4 Compiler: gcc gcc (GCC) 14.2.1 20250110 (Red Hat 14.2.1-8) To view detailed results, visit: https://lab.dpdk.org/results/dashboard/patchsets/34394/ UNH-IOL DPDK Community Lab To manage your email subscriptions, visit: https://lab.dpdk.org/results/dashboard/preferences/subscriptions/