From mboxrd@z Thu Jan 1 00:00:00 1970 Return-Path: Received: from mails.dpdk.org (mails.dpdk.org [217.70.189.124]) by inbox.dpdk.org (Postfix) with ESMTP id 6CAAD489F7 for ; Tue, 28 Oct 2025 12:08:58 +0100 (CET) Received: from mails.dpdk.org (localhost [127.0.0.1]) by mails.dpdk.org (Postfix) with ESMTP id 686CF4021E; Tue, 28 Oct 2025 12:08:58 +0100 (CET) Received: from mail-oa1-f97.google.com (mail-oa1-f97.google.com [209.85.160.97]) by mails.dpdk.org (Postfix) with ESMTP id 076EA4021E for ; Tue, 28 Oct 2025 12:08:57 +0100 (CET) Received: by mail-oa1-f97.google.com with SMTP id 586e51a60fabf-3c9c379af8aso3925635fac.1 for ; Tue, 28 Oct 2025 04:08:56 -0700 (PDT) DKIM-Signature: v=1; a=rsa-sha256; c=relaxed/relaxed; d=iol.unh.edu; s=unh-iol; t=1761649736; x=1762254536; darn=dpdk.org; h=references:in-reply-to:cc:to:from:subject:message-id:date:from:to :cc:subject:date:message-id:reply-to; bh=9DXPNTok7lYXggtG0cXNaAXYFRBztbJ7It6w+8e/3OU=; b=KVXDf9kVI38m2CLFbrrk2rvsVaCtsPTfk7TQfchHxaDH87JP/97FWzwfwfuSStxkKy /ym79K+UUdcUumQWS+LxGmYPt1pG/QkYeiPs9E/3YUTKoagAcucKv/lhXdp59CJwP/Y5 8PaL25AAy69cv4sHpCR3sV9/R6v/DrCevQxLM= X-Google-DKIM-Signature: v=1; a=rsa-sha256; c=relaxed/relaxed; d=1e100.net; s=20230601; t=1761649736; x=1762254536; h=references:in-reply-to:cc:to:from:subject:message-id:date :x-gm-message-state:from:to:cc:subject:date:message-id:reply-to; bh=9DXPNTok7lYXggtG0cXNaAXYFRBztbJ7It6w+8e/3OU=; b=HtjKQuP1yXYl1UPvNee+4AOhNedSlNCqddKqERd+jrWGrfi3CkK24IqBkR4aUva0II owfwocSic+3y9RC337NJ3nZKQ3dVMw/krzUXWRgB3XCqiJNU/ParNqLkbChPhWt3bcvF u0sgGMtCLZW/C7FSOoaoU8fqQJ4pUF53hMPxdRnK7YgvE+Iw/ks4CmfC8raX/rLlvIcO vjngHz23t8sJe3YmQfhBQ3TAVQrtgpa00clAoUQwsAa5sA6ygIzkR5IPx4JJPjPMxJl3 K2eSgwhNS8cGMfM5JNAlo3PWHo+X1pYHSbiYkCaCll1QKc+niANjb0sj67JHHK+xpx70 Xqrg== X-Gm-Message-State: AOJu0YxjHYLTmN/vJJJQialRvgmVmL83AM3mqmxkUX2xyZfqJxJSB2ML VRHlaFRjef3etlm7rhiYKmNwRGFrmIitsnbzwSKk/+DhNLgrZ6KeoXB+e0ptOtZVWctijOdRI8j e9u8rj4sdepgmkL7Xm75Fhpq423lHujNEZxIWQXqmv+jG9gbfIkLYzDa97jaO X-Gm-Gg: ASbGncvxmlAE3QP3O2hX3oNvvv0PFhZrsXkWUEm0KEOKPq10dH1RQPKbB5EyGNUu+qP eZrngU7U1KKG6VrHBS8urSEplWY89iMKGto9ZSZBh1yGOWzsTOwS/zPm291k9AmmwN0ULe2Tg5/ CgzSF4HMtJ+uyKPSRiOjHjCpVmxRmq9XLog4NkRNCw5DM957d2MdqI03dRZGNecjL64O8lvX5Gu bOUJt3Pxg/sbNJxqxRGhNqJi378bTUiY6Xwhk6Jxw4/ZU2y6or4fgnSHPbBAVIUCeJVGSgOI6y4 Wo6EWySlqlb9My5KhCE26nti3MyFkGtwozGqloCfK6btnmT7mGjG5je45bVqS+iACUFPthv7vCQ XlWBzswoN X-Google-Smtp-Source: AGHT+IHmRjbnOiw6Xa0Lq2OoHPtQb3MeRHe5Q1KbbsiAezc2NmLWeVoJrMQfvBWNsMbrmRzV3enA8LOjuLjh X-Received: by 2002:a05:6871:e803:b0:331:3aa:77c6 with SMTP id 586e51a60fabf-3d5e538695fmr1092390fac.4.1761649736101; Tue, 28 Oct 2025 04:08:56 -0700 (PDT) Received: from postal.iol.unh.edu (postal.iol.unh.edu. [2606:4100:3880:1234::84]) by smtp-relay.gmail.com with ESMTPS id 586e51a60fabf-3d1e3d5edf4sm947365fac.19.2025.10.28.04.08.56 (version=TLS1_2 cipher=ECDHE-ECDSA-AES128-GCM-SHA256 bits=128/128); Tue, 28 Oct 2025 04:08:56 -0700 (PDT) X-Relaying-Domain: iol.unh.edu Date: Tue, 28 Oct 2025 04:08:56 -0700 (PDT) Message-ID: <6900a448.050a0220.7b3c2.bb85SMTPIN_ADDED_MISSING@mx.google.com> Received: from [172.21.0.6] (unknown [172.18.0.240]) by postal.iol.unh.edu (Postfix) with ESMTP id B59B76051830; Tue, 28 Oct 2025 07:08:55 -0400 (EDT) Subject: |FAILURE| pw158174 [PATCH] config/arm: add HiSilicon HIP12 From: dpdklab@iol.unh.edu To: Test Report Cc: dpdk-test-reports@iol.unh.edu, Chengwen Feng In-Reply-To: <20251028084259.4925-1-fengchengwen@huawei.com> References: <20251028084259.4925-1-fengchengwen@huawei.com> Content-Type: text/plain X-BeenThere: test-report@dpdk.org X-Mailman-Version: 2.1.29 Precedence: list List-Id: automatic DPDK test reports List-Unsubscribe: , List-Archive: List-Post: List-Help: List-Subscribe: , Errors-To: test-report-bounces@dpdk.org Test-Label: iol-compile-arm64-testing Test-Status: FAILURE http://dpdk.org/patch/158174 _Testing issues_ Submitter: Chengwen Feng Date: Tuesday, October 28 2025 08:42:59 DPDK git baseline: Repo:dpdk Branch: master CommitID:39b54f2dcf44ad1f91eabc7080cd5dea763607fd 158174 --> testing issues Upstream job id: Generic-DPDK-Compile-Meson#438367 Test environment and result as below: +------------------------------+--------------------+ | Environment | dpdk_meson_compile | +==============================+====================+ | Red Hat Enterprise Linux 9.5 | FAIL | +------------------------------+--------------------+ | Ubuntu 20.04 | FAIL | +------------------------------+--------------------+ | Debian GNU/Linux 12 | FAIL | +------------------------------+--------------------+ | Fedora Linux 42 | FAIL | +------------------------------+--------------------+ | Ubuntu 22.04 | FAIL | +------------------------------+--------------------+ | Ubuntu 24.04 | FAIL | +------------------------------+--------------------+ | CentOS Stream 9 | FAIL | +------------------------------+--------------------+ | CentOS Stream 10 | FAIL | +------------------------------+--------------------+ ==== 20 line log output for CentOS Stream 10 (dpdk_meson_compile): ==== Compiler for C supports arguments -Wformat-nonliteral: YES Compiler for C supports arguments -Wformat-security: YES Compiler for C supports arguments -Wmissing-declarations: YES Compiler for C supports arguments -Wmissing-prototypes: YES Compiler for C supports arguments -Wnested-externs: YES Compiler for C supports arguments -Wold-style-definition: YES Compiler for C supports arguments -Wpointer-arith: YES Compiler for C supports arguments -Wsign-compare: YES Compiler for C supports arguments -Wstrict-prototypes: YES Compiler for C supports arguments -Wundef: YES Compiler for C supports arguments -Wwrite-strings: YES Compiler for C supports arguments -Wno-packed-not-aligned: YES Compiler for C supports arguments -Wno-missing-field-initializers: YES Compiler for C supports arguments -fzero-init-padding-bits=all: NO config/arm/meson.build:1023:8: ERROR: Expecting eof got rcurl. }, ^ A full log can be found at /home-local/jenkins-local/jenkins-agent/workspace/Generic-DPDK-Compile-Meson@2/dpdk/build/meson-logs/meson-log.txt ==== End log output ==== Red Hat Enterprise Linux 9.5 Kernel: 5.4 Compiler: gcc gcc (GCC) 11.5.0 20240719 (Red Hat 11.5.0-2) Ubuntu 20.04 Kernel: 5.15 Compiler: aarch64-linux-gnu-gcc gcc (Ubuntu 9.4.0-1ubuntu1~20.04.2) 9.4.0 Debian GNU/Linux 12 Kernel: 5.4 Compiler: gcc gcc (Debian 12.2.0-14+deb12u1) 12.2.0 Fedora Linux 42 Kernel: 5.4 Compiler: gcc gcc (GCC) 15.2.1 20250808 (Red Hat 15.2.1-1) Ubuntu 22.04 Kernel: 5.4 Compiler: gcc gcc (Ubuntu 11.4.0-1ubuntu1~22.04) 11.4.0 Ubuntu 24.04 Kernel: 5.4 Compiler: gcc gcc (Ubuntu 13.3.0-6ubuntu2~24.04) 13.3.0 CentOS Stream 9 Kernel: 5.4 Compiler: gcc gcc (GCC) 11.5.0 20240719 (Red Hat 11.5.0-11) CentOS Stream 10 Kernel: 5.4 Compiler: gcc gcc (GCC) 14.2.1 20250110 (Red Hat 14.2.1-8) To view detailed results, visit: https://lab.dpdk.org/results/dashboard/patchsets/34394/ UNH-IOL DPDK Community Lab To manage your email subscriptions, visit: https://lab.dpdk.org/results/dashboard/preferences/subscriptions/