From mboxrd@z Thu Jan 1 00:00:00 1970 Return-Path: Received: from mails.dpdk.org (mails.dpdk.org [217.70.189.124]) by inbox.dpdk.org (Postfix) with ESMTP id 79709489F7 for ; Tue, 28 Oct 2025 12:09:10 +0100 (CET) Received: from mails.dpdk.org (localhost [127.0.0.1]) by mails.dpdk.org (Postfix) with ESMTP id 74D434021E; Tue, 28 Oct 2025 12:09:10 +0100 (CET) Received: from mail-oa1-f99.google.com (mail-oa1-f99.google.com [209.85.160.99]) by mails.dpdk.org (Postfix) with ESMTP id 5F24D4021E for ; Tue, 28 Oct 2025 12:09:09 +0100 (CET) Received: by mail-oa1-f99.google.com with SMTP id 586e51a60fabf-3d3e9a34eeaso785953fac.3 for ; Tue, 28 Oct 2025 04:09:09 -0700 (PDT) DKIM-Signature: v=1; a=rsa-sha256; c=relaxed/relaxed; d=iol.unh.edu; s=unh-iol; t=1761649749; x=1762254549; darn=dpdk.org; h=references:in-reply-to:cc:to:from:subject:message-id:date:from:to :cc:subject:date:message-id:reply-to; bh=Pz9pgXQ9ZTILaOond6RMmX4b5INff2RhwbfF4/E2nbY=; b=VWNwl0oO5+Z2XqlRRWwWn98o3XE/IHv2iifomymWVyb+gI3SSlEGlf4W9mvM/mwsce b2w6otSSqb0QfPZ83lfOYZGPKlHkt2/+eF38Pw8bXfmfI8dHJ0QAfhiohpCLwTKrzkWV rOg7V7JORRW0U4qBRdG1tWXrKCZh3xH9UQcY4= X-Google-DKIM-Signature: v=1; a=rsa-sha256; c=relaxed/relaxed; d=1e100.net; s=20230601; t=1761649749; x=1762254549; h=references:in-reply-to:cc:to:from:subject:message-id:date :x-gm-message-state:from:to:cc:subject:date:message-id:reply-to; bh=Pz9pgXQ9ZTILaOond6RMmX4b5INff2RhwbfF4/E2nbY=; b=p81D63R9EMvyJv5Sr3tRnysHcwTOhWkSnCdC42GRqLrvL9UKIUEbSvjv067UHN9CMF KEPmdpZI+DWWqo+lTSfhclVCJfh8TvmY8BFkhmAOXlberWpQusioUd8mFT2W6mUYOUla cazmHJDZk4qsAa4BI1bav3MaKfgLxegSXXFj6CiIasYuag0L6XtdhB4qzdTxjK23bLpD gLf//wEicvSqtmxsoERR5NMeAQVzmcyjuQeU/bZ8FzeyB9cNHHaQhrCPZ1/A6DakcdEz TO5rI4QNQfFXwaaCyW59JsjQabGtil8DDFaIkbNkLXrOcwqB5vAfQTyot8wQsmt9XqYc 7NVw== X-Gm-Message-State: AOJu0Yyal9d/BgKbG5c9/EJteC8v0SHd5UJV3aAa6YbS2dXcN5Bv6jBM 5GBTpMot5WLuOcXJuIMhBmItyrAKP7kYqA3KEz0YXhcREfx5WSPe4m7AxKa6Pw9G6vZjkjd0zR4 LGxiTCYkp35WFTEaRtMz1ZQsl7NflubEvL9dfFtQnsbFw X-Gm-Gg: ASbGncvOjmqBndhNEZMKuwpRMJB4Xg0yfcU82OTzQlrSFIcGMPEEYCUs5PysC17Zubu KfpLIw3yYwOQB9P30LC3y61eA1XhtSGzVp6VRnGGXLcKcwXESf2Koexr158qGtxEAS1kFBGgn89 txoSwRTcGjn7DQ4UOePFjNrONN0R3r3jieDoxXtslRO5lJdi+jStHvzJPWp9r+gUZdVBQ3h0lR7 +aLVrvG0EQmj6t8PcpiP2Sxo4BJ5jfrQf+MLZnr12R1+5Jsy5h8VxobpZW5SzPphZ4ujHqK+PGU fV0eRKqaJ674R9K3sxTqCqJlo8JQbh/M9xCVJGGOKy/I870MQb9sI407dKBDQTDGkd6PC0/SAJv 4LqX6VbUenKODAeeG6+OUfn5hnzJbZHs= X-Google-Smtp-Source: AGHT+IHh/BM0L3N1I/IM21FfDCIeQvgT7LWkFGWBiF6d+pew9tgHxf9UwGLA2uT5vlPKFib46/4XcuB8Catt X-Received: by 2002:a05:6870:a11b:b0:3c9:7378:39a9 with SMTP id 586e51a60fabf-3d5d6cb2948mr1008340fac.8.1761649748729; Tue, 28 Oct 2025 04:09:08 -0700 (PDT) Received: from postal.iol.unh.edu (postal.iol.unh.edu. [132.177.123.84]) by smtp-relay.gmail.com with ESMTPS id 586e51a60fabf-3d1e21f2633sm968471fac.2.2025.10.28.04.09.08 (version=TLS1_2 cipher=ECDHE-ECDSA-AES128-GCM-SHA256 bits=128/128); Tue, 28 Oct 2025 04:09:08 -0700 (PDT) X-Relaying-Domain: iol.unh.edu Date: Tue, 28 Oct 2025 04:09:08 -0700 (PDT) Message-ID: <6900a454.050a0220.354e4e.ca50SMTPIN_ADDED_MISSING@mx.google.com> Received: from [172.21.0.3] (unknown [172.18.0.240]) by postal.iol.unh.edu (Postfix) with ESMTP id 3DA3B6051830; Tue, 28 Oct 2025 07:09:08 -0400 (EDT) Subject: |FAILURE| pw158174 [PATCH] config/arm: add HiSilicon HIP12 From: dpdklab@iol.unh.edu To: Test Report Cc: dpdk-test-reports@iol.unh.edu, Chengwen Feng In-Reply-To: <20251028084259.4925-1-fengchengwen@huawei.com> References: <20251028084259.4925-1-fengchengwen@huawei.com> Content-Type: text/plain X-BeenThere: test-report@dpdk.org X-Mailman-Version: 2.1.29 Precedence: list List-Id: automatic DPDK test reports List-Unsubscribe: , List-Archive: List-Post: List-Help: List-Subscribe: , Errors-To: test-report-bounces@dpdk.org Test-Label: iol-compile-arm64-testing Test-Status: FAILURE http://dpdk.org/patch/158174 _Testing issues_ Submitter: Chengwen Feng Date: Tuesday, October 28 2025 08:42:59 DPDK git baseline: Repo:dpdk Branch: master CommitID:39b54f2dcf44ad1f91eabc7080cd5dea763607fd 158174 --> testing issues Upstream job id: Generic-DPDK-Compile-Meson#438368 Test environment and result as below: +------------------------------+--------------------+ | Environment | dpdk_meson_compile | +==============================+====================+ | Red Hat Enterprise Linux 9.5 | FAIL | +------------------------------+--------------------+ | Ubuntu 20.04 | FAIL | +------------------------------+--------------------+ | Debian GNU/Linux 12 | FAIL | +------------------------------+--------------------+ | Fedora Linux 42 | FAIL | +------------------------------+--------------------+ | Ubuntu 22.04 | FAIL | +------------------------------+--------------------+ | Ubuntu 24.04 | FAIL | +------------------------------+--------------------+ | CentOS Stream 9 | FAIL | +------------------------------+--------------------+ | CentOS Stream 10 | FAIL | +------------------------------+--------------------+ ==== 20 line log output for CentOS Stream 10 (dpdk_meson_compile): ==== Compiler for C supports arguments -Wformat-nonliteral: YES Compiler for C supports arguments -Wformat-security: YES Compiler for C supports arguments -Wmissing-declarations: YES Compiler for C supports arguments -Wmissing-prototypes: YES Compiler for C supports arguments -Wnested-externs: YES Compiler for C supports arguments -Wold-style-definition: YES Compiler for C supports arguments -Wpointer-arith: YES Compiler for C supports arguments -Wsign-compare: YES Compiler for C supports arguments -Wstrict-prototypes: YES Compiler for C supports arguments -Wundef: YES Compiler for C supports arguments -Wwrite-strings: YES Compiler for C supports arguments -Wno-packed-not-aligned: YES Compiler for C supports arguments -Wno-missing-field-initializers: YES Compiler for C supports arguments -fzero-init-padding-bits=all: NO config/arm/meson.build:1023:8: ERROR: Expecting eof got rcurl. }, ^ A full log can be found at /home-local/jenkins-local/jenkins-agent/workspace/Generic-DPDK-Compile-Meson@2/dpdk/build/meson-logs/meson-log.txt ==== End log output ==== Red Hat Enterprise Linux 9.5 Kernel: 5.4 Compiler: gcc gcc (GCC) 11.5.0 20240719 (Red Hat 11.5.0-2) Ubuntu 20.04 Kernel: 5.15 Compiler: aarch64-linux-gnu-gcc gcc (Ubuntu 9.4.0-1ubuntu1~20.04.2) 9.4.0 Debian GNU/Linux 12 Kernel: 5.4 Compiler: gcc gcc (Debian 12.2.0-14+deb12u1) 12.2.0 Fedora Linux 42 Kernel: 5.4 Compiler: gcc gcc (GCC) 15.2.1 20250808 (Red Hat 15.2.1-1) Ubuntu 22.04 Kernel: 5.4 Compiler: gcc gcc (Ubuntu 11.4.0-1ubuntu1~22.04) 11.4.0 Ubuntu 24.04 Kernel: 5.4 Compiler: gcc gcc (Ubuntu 13.3.0-6ubuntu2~24.04) 13.3.0 CentOS Stream 9 Kernel: 5.4 Compiler: gcc gcc (GCC) 11.5.0 20240719 (Red Hat 11.5.0-11) CentOS Stream 10 Kernel: 5.4 Compiler: gcc gcc (GCC) 14.2.1 20250110 (Red Hat 14.2.1-8) To view detailed results, visit: https://lab.dpdk.org/results/dashboard/patchsets/34394/ UNH-IOL DPDK Community Lab To manage your email subscriptions, visit: https://lab.dpdk.org/results/dashboard/preferences/subscriptions/