* |SUCCESS| pw158180-158181 [PATCH 2/2] net/mlx5: support PF representor suppresion in multi-port E-Switch
[not found] <20251028095831.53669-2-getelson@nvidia.com>
@ 2025-10-28 9:34 ` qemudev
2025-10-28 9:39 ` |FAILURE| " qemudev
` (28 subsequent siblings)
29 siblings, 0 replies; 30+ messages in thread
From: qemudev @ 2025-10-28 9:34 UTC (permalink / raw)
To: test-report
Test-Label: loongarch-compilation
Test-Status: SUCCESS
http://dpdk.org/patch/158181
_Compilation OK_
Submitter: Gregory Etelson <getelson@nvidia.com>
Date: Tue, 28 Oct 2025 11:58:29 +0200
DPDK git baseline: Repo:dpdk-next-net
Branch: main
CommitID: 11a6a4b1f19140ac3a57ace844be3cba00c39eaa
158180-158181 --> meson & ninja build successfully
Test environment and result as below:
+---------------------+----------------+
| Environment | compilation |
+---------------------+----------------+
| Loongnix-Server 8.3 | PASS |
+---------------------+----------------+
Loongnix-Server 8.3
Kernel: 4.19.190+
Compiler: gcc 8.3
^ permalink raw reply [flat|nested] 30+ messages in thread* |FAILURE| pw158180-158181 [PATCH 2/2] net/mlx5: support PF representor suppresion in multi-port E-Switch
[not found] <20251028095831.53669-2-getelson@nvidia.com>
2025-10-28 9:34 ` |SUCCESS| pw158180-158181 [PATCH 2/2] net/mlx5: support PF representor suppresion in multi-port E-Switch qemudev
@ 2025-10-28 9:39 ` qemudev
2025-10-28 10:00 ` |WARNING| pw158181 " checkpatch
` (27 subsequent siblings)
29 siblings, 0 replies; 30+ messages in thread
From: qemudev @ 2025-10-28 9:39 UTC (permalink / raw)
To: test-report; +Cc: Gregory Etelson, maobibo
Test-Label: loongarch-unit-testing
Test-Status: FAILURE
http://dpdk.org/patch/158181
_Unit Testing FAIL_
Submitter: Gregory Etelson <getelson@nvidia.com>
Date: Tue, 28 Oct 2025 11:58:29 +0200
DPDK git baseline: Repo:dpdk-next-net
Branch: main
CommitID: 11a6a4b1f19140ac3a57ace844be3cba00c39eaa
158180-158181 --> testing fail
Test environment and result as below:
+---------------------+----------------+
| Environment | dpdk_unit_test |
+---------------------+----------------+
| Loongnix-Server 8.3 | FAIL |
+---------------------+----------------+
Loongnix-Server 8.3
Kernel: 4.19.190+
Compiler: gcc 8.3
Test result details:
1/120 DPDK:fast-tests / acl_autotest OK 3.31s
2/120 DPDK:fast-tests / alarm_autotest OK 1.58s
3/120 DPDK:fast-tests / argparse_autotest OK 0.59s
4/120 DPDK:fast-tests / atomic_autotest OK 6.91s
5/120 DPDK:fast-tests / bitcount_autotest OK 0.43s
6/120 DPDK:fast-tests / bitmap_autotest OK 0.43s
7/120 DPDK:fast-tests / bitops_autotest OK 1.93s
8/120 DPDK:fast-tests / bitratestats_autotest OK 0.43s
9/120 DPDK:fast-tests / bitset_autotest OK 3.17s
10/120 DPDK:fast-tests / bpf_autotest OK 0.43s
11/120 DPDK:fast-tests / bpf_convert_autotest OK 0.43s
12/120 DPDK:fast-tests / byteorder_autotest OK 0.43s
13/120 DPDK:fast-tests / cfgfile_autotest OK 0.43s
14/120 DPDK:fast-tests / cksum_autotest OK 0.43s
15/120 DPDK:fast-tests / cmdline_autotest OK 0.43s
16/120 DPDK:fast-tests / common_autotest OK 1.32s
17/120 DPDK:fast-tests / compressdev_autotest SKIP 0.07s exit status 77
18/120 DPDK:fast-tests / cpuflags_autotest OK 0.43s
19/120 DPDK:fast-tests / crc_autotest OK 0.43s
20/120 DPDK:fast-tests / user_delay_us OK 0.43s
21/120 DPDK:fast-tests / debug_autotest OK 26.37s
22/120 DPDK:fast-tests / devargs_autotest FAIL 18.50s exit status -11
23/120 DPDK:fast-tests / dispatcher_autotest OK 2.48s
24/120 DPDK:fast-tests / distributor_autotest OK 1.20s
25/120 DPDK:fast-tests / eal_flags_c_opt_autotest OK 0.78s
26/120 DPDK:fast-tests / eal_flags_main_opt_autotest OK 0.22s
27/120 DPDK:fast-tests / eal_flags_n_opt_autotest OK 0.20s
28/120 DPDK:fast-tests / eal_flags_hpet_autotest OK 0.14s
29/120 DPDK:fast-tests / eal_flags_no_huge_autotest OK 0.19s
30/120 DPDK:fast-tests / eal_flags_a_opt_autotest OK 0.31s
31/120 DPDK:fast-tests / eal_flags_b_opt_autotest OK 0.26s
32/120 DPDK:fast-tests / eal_flags_vdev_opt_autotest OK 0.20s
33/120 DPDK:fast-tests / eal_flags_r_opt_autotest OK 0.19s
34/120 DPDK:fast-tests / eal_flags_mem_autotest OK 0.59s
35/120 DPDK:fast-tests / eal_flags_file_prefix_autotest OK 22.23s
36/120 DPDK:fast-tests / eal_flags_misc_autotest OK 1.07s
37/120 DPDK:fast-tests / eal_fs_autotest OK 0.43s
38/120 DPDK:fast-tests / errno_autotest OK 0.43s
39/120 DPDK:fast-tests / ethdev_link_status OK 0.43s
40/120 DPDK:fast-tests / event_eth_tx_adapter_autotest OK 1.70s
41/120 DPDK:fast-tests / event_ring_autotest OK 0.43s
42/120 DPDK:fast-tests / eventdev_common_autotest OK 0.43s
43/120 DPDK:fast-tests / eventdev_selftest_sw OK 7.51s
44/120 DPDK:fast-tests / fbarray_autotest OK 0.43s
45/120 DPDK:fast-tests / fib_autotest OK 1.26s
46/120 DPDK:fast-tests / fib6_autotest OK 1.06s
47/120 DPDK:fast-tests / func_reentrancy_autotest OK 2.14s
48/120 DPDK:fast-tests / graph_autotest OK 0.43s
49/120 DPDK:fast-tests / node_list_dump OK 0.43s
50/120 DPDK:fast-tests / graph_feature_arc_autotest OK 0.44s
51/120 DPDK:fast-tests / hash_autotest OK 1.06s
52/120 DPDK:fast-tests / hash_readwrite_func_autotest OK 6.38s
53/120 DPDK:fast-tests / interrupt_autotest OK 1.73s
54/120 DPDK:fast-tests / ipfrag_autotest OK 0.08s
55/120 DPDK:fast-tests / ipsec_autotest SKIP 0.43s exit status 77
56/120 DPDK:fast-tests / kvargs_autotest OK 0.44s
57/120 DPDK:fast-tests / latencystats_autotest OK 0.44s
58/120 DPDK:fast-tests / lcore_var_autotest OK 0.57s
59/120 DPDK:fast-tests / lcores_autotest OK 5.24s
60/120 DPDK:fast-tests / logs_autotest OK 0.43s
61/120 DPDK:fast-tests / lpm_autotest OK 2.47s
62/120 DPDK:fast-tests / lpm6_autotest OK 5.52s
63/120 DPDK:fast-tests / malloc_autotest OK 60.96s
64/120 DPDK:fast-tests / mbuf_autotest OK 4.87s
65/120 DPDK:fast-tests / mcslock_autotest OK 3.98s
66/120 DPDK:fast-tests / member_autotest OK 1.63s
67/120 DPDK:fast-tests / memcpy_autotest OK 6.89s
68/120 DPDK:fast-tests / memory_autotest OK 0.09s
69/120 DPDK:fast-tests / mempool_autotest OK 0.43s
70/120 DPDK:fast-tests / memzone_autotest OK 0.14s
71/120 DPDK:fast-tests / meter_autotest OK 0.43s
72/120 DPDK:fast-tests / metrics_autotest OK 0.43s
73/120 DPDK:fast-tests / multiprocess_autotest OK 0.20s
74/120 DPDK:fast-tests / net_ether_autotest OK 1.09s
75/120 DPDK:fast-tests / net_ipv6_autotest OK 0.43s
76/120 DPDK:fast-tests / pcapng_autotest OK 6.83s
77/120 DPDK:fast-tests / pdcp_autotest SKIP 0.07s exit status 77
78/120 DPDK:fast-tests / pdump_autotest OK 0.54s
79/120 DPDK:fast-tests / per_lcore_autotest OK 0.53s
80/120 DPDK:fast-tests / pflock_autotest OK 1.24s
81/120 DPDK:fast-tests / pie_autotest OK 0.43s
82/120 DPDK:fast-tests / ring_pmd_autotest OK 0.43s
83/120 DPDK:fast-tests / power_autotest OK 0.43s
84/120 DPDK:fast-tests / power_cpufreq_autotest SKIP 0.07s exit status 77
85/120 DPDK:fast-tests / power_intel_uncore_autotest SKIP 0.42s exit status 77
86/120 DPDK:fast-tests / power_kvm_vm_autotest SKIP 0.07s exit status 77
87/120 DPDK:fast-tests / prefetch_autotest OK 0.42s
88/120 DPDK:fast-tests / ptr_compress_autotest OK 0.43s
89/120 DPDK:fast-tests / rawdev_autotest OK 0.43s
90/120 DPDK:fast-tests / rcu_qsbr_autotest OK 0.95s
91/120 DPDK:fast-tests / reorder_autotest OK 0.49s
92/120 DPDK:fast-tests / rib_autotest OK 9.08s
93/120 DPDK:fast-tests / rib6_autotest OK 9.07s
94/120 DPDK:fast-tests / ring_autotest OK 0.46s
95/120 DPDK:fast-tests / rwlock_test1_autotest OK 1.18s
96/120 DPDK:fast-tests / rwlock_rda_autotest OK 5.43s
97/120 DPDK:fast-tests / rwlock_rds_wrm_autotest OK 5.43s
98/120 DPDK:fast-tests / rwlock_rde_wro_autotest OK 5.43s
99/120 DPDK:fast-tests / sched_autotest OK 0.43s
100/120 DPDK:fast-tests / security_autotest OK 0.07s
101/120 DPDK:fast-tests / seqlock_autotest OK 2.43s
102/120 DPDK:fast-tests / service_autotest OK 3.13s
103/120 DPDK:fast-tests / soring_autotest OK 0.44s
104/120 DPDK:fast-tests / spinlock_autotest OK 0.51s
105/120 DPDK:fast-tests / stack_autotest OK 0.87s
106/120 DPDK:fast-tests / stack_lf_autotest SKIP 0.06s exit status 77
107/120 DPDK:fast-tests / string_autotest OK 0.42s
108/120 DPDK:fast-tests / table_autotest OK 7.61s
109/120 DPDK:fast-tests / tailq_autotest OK 0.42s
110/120 DPDK:fast-tests / telemetry_data_autotest OK 0.44s
111/120 DPDK:fast-tests / telemetry_json_autotest OK 0.43s
112/120 DPDK:fast-tests / thash_autotest OK 0.44s
113/120 DPDK:fast-tests / threads_autotest OK 0.61s
114/120 DPDK:fast-tests / ticketlock_autotest OK 0.57s
115/120 DPDK:fast-tests / timer_autotest OK 3.95s
116/120 DPDK:fast-tests / trace_autotest OK 0.43s
117/120 DPDK:fast-tests / trace_autotest_with_traces OK 0.44s
118/120 DPDK:fast-tests / vdev_autotest OK 0.43s
119/120 DPDK:fast-tests / version_autotest OK 0.43s
120/120 DPDK:fast-tests / telemetry_all OK 19.44s
Ok: 112
Expected Fail: 0
Fail: 1
Unexpected Pass: 0
Skipped: 7
Timeout: 0
Test logs for failed test cases:
================================================================================
DPDK:fast-tests / devargs_autotest: FAIL
================================================================================
-------------------------------------stdout-------------------------------------
RTE>>devargs_autotest
-------------------------------------stderr-------------------------------------
EAL: Detected CPU lcores: 32
EAL: Detected NUMA nodes: 8
EAL: Detected static linkage of DPDK
EAL: Multi-process socket /var/run/dpdk/rte/mp_socket
EAL: Selected IOVA mode 'VA'
APP: HPET is not enabled, using TSC as default timer
EAL: Could not find bus "wrong-bus"
EAL: failed to parse device "bus=wrong-bus"
EAL: Could not find class "wrong-class"
EAL: failed to parse device "class=wrong-class"
ETHDEV: wrong representor format: (null)
ETHDEV: wrong representor format: (null)
ETHDEV: wrong representor format: (null)
ETHDEV: wrong representor format: (null)
ETHDEV: wrong representor format: (null)
^ permalink raw reply [flat|nested] 30+ messages in thread* |WARNING| pw158181 [PATCH 2/2] net/mlx5: support PF representor suppresion in multi-port E-Switch
[not found] <20251028095831.53669-2-getelson@nvidia.com>
2025-10-28 9:34 ` |SUCCESS| pw158180-158181 [PATCH 2/2] net/mlx5: support PF representor suppresion in multi-port E-Switch qemudev
2025-10-28 9:39 ` |FAILURE| " qemudev
@ 2025-10-28 10:00 ` checkpatch
2025-10-28 11:13 ` |SUCCESS| pw158180-158181 [PATCH] [2/2] net/mlx5: support PF represe dpdklab
` (26 subsequent siblings)
29 siblings, 0 replies; 30+ messages in thread
From: checkpatch @ 2025-10-28 10:00 UTC (permalink / raw)
To: test-report; +Cc: Gregory Etelson
Test-Label: checkpatch
Test-Status: WARNING
http://dpdk.org/patch/158181
_coding style issues_
WARNING:TYPO_SPELLING: 'suppresion' may be misspelled - perhaps 'suppression'?
#72:
Subject: [PATCH 2/2] net/mlx5: support PF representor suppresion in multi-port
^^^^^^^^^^
WARNING:DEEP_INDENTATION: Too many leading tabs - consider code refactoring
#178: FILE: drivers/net/mlx5/linux/mlx5_os.c:2602:
+ if (mlx5_ingnore_pf_representor(req_eth_da)) {
WARNING:DEEP_INDENTATION: Too many leading tabs - consider code refactoring
#180: FILE: drivers/net/mlx5/linux/mlx5_os.c:2604:
+ } else {
WARNING:TYPO_SPELLING: 'master' may be misspelled - perhaps 'primary'?
#181: FILE: drivers/net/mlx5/linux/mlx5_os.c:2605:
+ list[ns].info.master = 0;
^^^^^^
total: 0 errors, 4 warnings, 0 checks, 26 lines checked
^ permalink raw reply [flat|nested] 30+ messages in thread* |SUCCESS| pw158180-158181 [PATCH] [2/2] net/mlx5: support PF represe
[not found] <20251028095831.53669-2-getelson@nvidia.com>
` (2 preceding siblings ...)
2025-10-28 10:00 ` |WARNING| pw158181 " checkpatch
@ 2025-10-28 11:13 ` dpdklab
2025-10-28 11:19 ` dpdklab
` (25 subsequent siblings)
29 siblings, 0 replies; 30+ messages in thread
From: dpdklab @ 2025-10-28 11:13 UTC (permalink / raw)
To: Test Report; +Cc: dpdk-test-reports, Stephen Hemminger
Test-Label: iol-mellanox-Functional
Test-Status: SUCCESS
http://dpdk.org/patch/158181
_Functional Testing PASS_
Submitter: Gregory Etelson <getelson@nvidia.com>
Date: Tuesday, October 28 2025 09:58:30
DPDK git baseline: Repo:dpdk-next-net
Branch: master
CommitID:11a6a4b1f19140ac3a57ace844be3cba00c39eaa
158180-158181 --> functional testing pass
Upstream job id: Template-DPDK-DTS-Pipeline#2733
Test environment and result as below:
Ubuntu 24.04
Kernel: 6.8.0-55-generic
Compiler: gcc 13.3.0
NIC: Mellanox ConnectX-5 100000 Mbps
Aggregate Results by Test Suite
+---------------------------------+--------+
| Test Suite | Result |
+=================================+========+
| blocklist | PASS |
+---------------------------------+--------+
| promisc_support | PASS |
+---------------------------------+--------+
| uni_pkt | PASS |
+---------------------------------+--------+
| dynamic_config | PASS |
+---------------------------------+--------+
| hello_world | PASS |
+---------------------------------+--------+
| l2fwd | PASS |
+---------------------------------+--------+
| port_restart_config_persistency | PASS |
+---------------------------------+--------+
| softnic | PASS |
+---------------------------------+--------+
| vlan | PASS |
+---------------------------------+--------+
To view detailed results, visit:
https://lab.dpdk.org/results/dashboard/patchsets/34399/
UNH-IOL DPDK Community Lab
To manage your email subscriptions, visit:
https://lab.dpdk.org/results/dashboard/preferences/subscriptions/
^ permalink raw reply [flat|nested] 30+ messages in thread* |SUCCESS| pw158180-158181 [PATCH] [2/2] net/mlx5: support PF represe
[not found] <20251028095831.53669-2-getelson@nvidia.com>
` (3 preceding siblings ...)
2025-10-28 11:13 ` |SUCCESS| pw158180-158181 [PATCH] [2/2] net/mlx5: support PF represe dpdklab
@ 2025-10-28 11:19 ` dpdklab
2025-10-28 11:20 ` |PENDING| " dpdklab
` (24 subsequent siblings)
29 siblings, 0 replies; 30+ messages in thread
From: dpdklab @ 2025-10-28 11:19 UTC (permalink / raw)
To: Test Report; +Cc: dpdk-test-reports, Stephen Hemminger
Test-Label: iol-marvell-Functional
Test-Status: SUCCESS
http://dpdk.org/patch/158181
_Functional Testing PASS_
Submitter: Gregory Etelson <getelson@nvidia.com>
Date: Tuesday, October 28 2025 09:58:30
DPDK git baseline: Repo:dpdk-next-net
Branch: master
CommitID:11a6a4b1f19140ac3a57ace844be3cba00c39eaa
158180-158181 --> functional testing pass
Upstream job id: Template-DTS-Pipeline#251673
Test environment and result as below:
Ubuntu 20.04.6
Kernel: 5.4.105
Compiler: gcc 9.4
NIC: Marvell CN106XX 50000 Mbps
Target: arm64-native-linuxapp-gcc
Aggregate Results by Test Suite
+----------------+--------+
| Test Suite | Result |
+================+========+
| cmdline | PASS |
+----------------+--------+
| rxtx_callbacks | PASS |
+----------------+--------+
To view detailed results, visit:
https://lab.dpdk.org/results/dashboard/patchsets/34399/
UNH-IOL DPDK Community Lab
To manage your email subscriptions, visit:
https://lab.dpdk.org/results/dashboard/preferences/subscriptions/
^ permalink raw reply [flat|nested] 30+ messages in thread* |PENDING| pw158180-158181 [PATCH] [2/2] net/mlx5: support PF represe
[not found] <20251028095831.53669-2-getelson@nvidia.com>
` (4 preceding siblings ...)
2025-10-28 11:19 ` dpdklab
@ 2025-10-28 11:20 ` dpdklab
2025-10-28 11:22 ` |SUCCESS| " dpdklab
` (23 subsequent siblings)
29 siblings, 0 replies; 30+ messages in thread
From: dpdklab @ 2025-10-28 11:20 UTC (permalink / raw)
To: Test Report; +Cc: dpdk-test-reports
Test-Label: iol-compile-amd64-testing
Test-Status: PENDING
http://dpdk.org/patch/158181
_Testing pending_
Submitter: Gregory Etelson <getelson@nvidia.com>
Date: Tuesday, October 28 2025 09:58:30
DPDK git baseline: Repo:dpdk-next-net
Branch: master
CommitID:11a6a4b1f19140ac3a57ace844be3cba00c39eaa
158180-158181 --> testing pending
Upstream job id: Generic-VM-DPDK-Compile-Meson#39311
Test environment and result as below:
+--------------+--------------------+
| Environment | dpdk_meson_compile |
+==============+====================+
| FreeBSD 14.2 | PASS |
+--------------+--------------------+
| Ubuntu 20.04 | PEND |
+--------------+--------------------+
FreeBSD 14.2
Kernel: 14.2-RELEASE
Compiler: clang 18.1.6
Ubuntu 20.04
Kernel: 4.19
Compiler: gcc gcc (Ubuntu 9.4.0-1ubuntu1~20.04.2) 9.4.0
To view detailed results, visit:
https://lab.dpdk.org/results/dashboard/patchsets/34399/
UNH-IOL DPDK Community Lab
To manage your email subscriptions, visit:
https://lab.dpdk.org/results/dashboard/preferences/subscriptions/
^ permalink raw reply [flat|nested] 30+ messages in thread* |SUCCESS| pw158180-158181 [PATCH] [2/2] net/mlx5: support PF represe
[not found] <20251028095831.53669-2-getelson@nvidia.com>
` (5 preceding siblings ...)
2025-10-28 11:20 ` |PENDING| " dpdklab
@ 2025-10-28 11:22 ` dpdklab
2025-10-28 11:22 ` |FAILURE| pw158181 [PATCH 2/2] net/mlx5: support PF representor suppresion in multi-port E-Switch 0-day Robot
` (22 subsequent siblings)
29 siblings, 0 replies; 30+ messages in thread
From: dpdklab @ 2025-10-28 11:22 UTC (permalink / raw)
To: Test Report; +Cc: dpdk-test-reports, Stephen Hemminger
Test-Label: iol-compile-amd64-testing
Test-Status: SUCCESS
http://dpdk.org/patch/158181
_Testing PASS_
Submitter: Gregory Etelson <getelson@nvidia.com>
Date: Tuesday, October 28 2025 09:58:30
DPDK git baseline: Repo:dpdk-next-net
Branch: master
CommitID:11a6a4b1f19140ac3a57ace844be3cba00c39eaa
158180-158181 --> testing pass
Upstream job id: Generic-VM-DPDK-Compile-Meson#39310
Test environment and result as below:
+--------------+--------------------+
| Environment | dpdk_meson_compile |
+==============+====================+
| FreeBSD 14.2 | PASS |
+--------------+--------------------+
| Ubuntu 20.04 | PASS |
+--------------+--------------------+
FreeBSD 14.2
Kernel: 14.2-RELEASE
Compiler: clang 18.1.6
Ubuntu 20.04
Kernel: 4.19
Compiler: gcc gcc (Ubuntu 9.4.0-1ubuntu1~20.04.2) 9.4.0
To view detailed results, visit:
https://lab.dpdk.org/results/dashboard/patchsets/34399/
UNH-IOL DPDK Community Lab
To manage your email subscriptions, visit:
https://lab.dpdk.org/results/dashboard/preferences/subscriptions/
^ permalink raw reply [flat|nested] 30+ messages in thread* |FAILURE| pw158181 [PATCH 2/2] net/mlx5: support PF representor suppresion in multi-port E-Switch
[not found] <20251028095831.53669-2-getelson@nvidia.com>
` (6 preceding siblings ...)
2025-10-28 11:22 ` |SUCCESS| " dpdklab
@ 2025-10-28 11:22 ` 0-day Robot
2025-10-28 11:29 ` |SUCCESS| pw158180-158181 [PATCH] [2/2] net/mlx5: support PF represe dpdklab
` (21 subsequent siblings)
29 siblings, 0 replies; 30+ messages in thread
From: 0-day Robot @ 2025-10-28 11:22 UTC (permalink / raw)
To: test-report; +Cc: getelson, robot
From: robot@bytheb.org
Test-Label: github-robot: build
Test-Status: FAILURE
http://patchwork.dpdk.org/patch/158181/
_github build: failed_
Build URL: https://github.com/ovsrobot/dpdk/actions/runs/18871621376
^ permalink raw reply [flat|nested] 30+ messages in thread* |SUCCESS| pw158180-158181 [PATCH] [2/2] net/mlx5: support PF represe
[not found] <20251028095831.53669-2-getelson@nvidia.com>
` (7 preceding siblings ...)
2025-10-28 11:22 ` |FAILURE| pw158181 [PATCH 2/2] net/mlx5: support PF representor suppresion in multi-port E-Switch 0-day Robot
@ 2025-10-28 11:29 ` dpdklab
2025-10-28 12:10 ` dpdklab
` (20 subsequent siblings)
29 siblings, 0 replies; 30+ messages in thread
From: dpdklab @ 2025-10-28 11:29 UTC (permalink / raw)
To: Test Report; +Cc: dpdk-test-reports, Stephen Hemminger
Test-Label: iol-sample-apps-testing
Test-Status: SUCCESS
http://dpdk.org/patch/158181
_Testing PASS_
Submitter: Gregory Etelson <getelson@nvidia.com>
Date: Tuesday, October 28 2025 09:58:30
DPDK git baseline: Repo:dpdk-next-net
Branch: master
CommitID:11a6a4b1f19140ac3a57ace844be3cba00c39eaa
158180-158181 --> testing pass
Upstream job id: Template-DTS-Pipeline#251675
Test environment and result as below:
+--------------+----------------------+
| Environment | compressdev_zlib_pmd |
+==============+======================+
| Ubuntu 22.04 | PASS |
+--------------+----------------------+
Ubuntu 22.04
Kernel: 5.15
Compiler: gcc gcc (Ubuntu 11.4.0-1ubuntu1~22.04.2) 11.4.0
To view detailed results, visit:
https://lab.dpdk.org/results/dashboard/patchsets/34399/
UNH-IOL DPDK Community Lab
To manage your email subscriptions, visit:
https://lab.dpdk.org/results/dashboard/preferences/subscriptions/
^ permalink raw reply [flat|nested] 30+ messages in thread* |SUCCESS| pw158180-158181 [PATCH] [2/2] net/mlx5: support PF represe
[not found] <20251028095831.53669-2-getelson@nvidia.com>
` (8 preceding siblings ...)
2025-10-28 11:29 ` |SUCCESS| pw158180-158181 [PATCH] [2/2] net/mlx5: support PF represe dpdklab
@ 2025-10-28 12:10 ` dpdklab
2025-10-28 12:32 ` dpdklab
` (19 subsequent siblings)
29 siblings, 0 replies; 30+ messages in thread
From: dpdklab @ 2025-10-28 12:10 UTC (permalink / raw)
To: Test Report; +Cc: dpdk-test-reports, Stephen Hemminger
Test-Label: iol-intel-Functional
Test-Status: SUCCESS
http://dpdk.org/patch/158181
_Functional Testing PASS_
Submitter: Gregory Etelson <getelson@nvidia.com>
Date: Tuesday, October 28 2025 09:58:30
DPDK git baseline: Repo:dpdk-next-net
Branch: master
CommitID:11a6a4b1f19140ac3a57ace844be3cba00c39eaa
158180-158181 --> functional testing pass
Upstream job id: Template-DTS-Pipeline#251676
Test environment and result as below:
Ubuntu 24.04
Kernel: 6.8
Compiler: gcc gcc (Ubuntu 13.3.0-6ubuntu2~24.04) 13.3.0
NIC: Intel E810 (Arm Grace Server) 100000 Mbps
Aggregate Results by Test Suite
+------------+--------+
| Test Suite | Result |
+============+========+
| blocklist | PASS |
+------------+--------+
| uni_pkt | PASS |
+------------+--------+
Ubuntu 24.04 LTS
Kernel: 6.8.0-44-generic
Compiler: gcc 13.2.0
NIC: Intel Corporation Ethernet Controller XL710 for 40GbE QSFP+ 40 Mbps
Aggregate Results by Test Suite
+--------------------+--------+
| Test Suite | Result |
+====================+========+
| blocklist | PASS |
+--------------------+--------+
| uni_pkt | PASS |
+--------------------+--------+
| promisc_support | PASS |
+--------------------+--------+
| dynamic_queue_conf | PASS |
+--------------------+--------+
| hello_world | PASS |
+--------------------+--------+
| l2fwd | PASS |
+--------------------+--------+
| softnic | PASS |
+--------------------+--------+
Ubuntu 24.04
Kernel: 6.8
Compiler: gcc gcc (Ubuntu 13.3.0-6ubuntu2~24.04) 13.3.0
NIC: Intel Corporation 4xxx Series QAT 0 Mbps
Aggregate Results by Test Suite
+----------------------------+--------+
| Test Suite | Result |
+============================+========+
| crypto_perf_cryptodev_perf | PASS |
+----------------------------+--------+
To view detailed results, visit:
https://lab.dpdk.org/results/dashboard/patchsets/34399/
UNH-IOL DPDK Community Lab
To manage your email subscriptions, visit:
https://lab.dpdk.org/results/dashboard/preferences/subscriptions/
^ permalink raw reply [flat|nested] 30+ messages in thread* |SUCCESS| pw158180-158181 [PATCH] [2/2] net/mlx5: support PF represe
[not found] <20251028095831.53669-2-getelson@nvidia.com>
` (9 preceding siblings ...)
2025-10-28 12:10 ` dpdklab
@ 2025-10-28 12:32 ` dpdklab
2025-10-28 12:49 ` |PENDING| " dpdklab
` (18 subsequent siblings)
29 siblings, 0 replies; 30+ messages in thread
From: dpdklab @ 2025-10-28 12:32 UTC (permalink / raw)
To: Ali Alnubani, Test Report; +Cc: dpdk-test-reports, Stephen Hemminger
Test-Label: iol-mellanox-Performance
Test-Status: SUCCESS
http://dpdk.org/patch/158181
_Performance Testing PASS_
Submitter: Gregory Etelson <getelson@nvidia.com>
Date: Tuesday, October 28 2025 09:58:30
DPDK git baseline: Repo:dpdk-next-net
Branch: master
CommitID:11a6a4b1f19140ac3a57ace844be3cba00c39eaa
158180-158181 --> performance testing pass
Upstream job id: Template-DTS-Pipeline#251664
Test environment and result as below:
Ubuntu 24.04
Kernel: 6.8
Compiler: gcc gcc (Ubuntu 13.3.0-6ubuntu2~24.04) 13.3.0
NIC: NVIDIA Mellanox ConnectX-7 100000 Mbps
Fail/Total: 0/6
Detail performance results:
+------------+---------+----------+-------------+------------------------------+
| frame_size | txd/rxd | num_cpus | num_threads | throughput difference from |
| | | | | expected |
+============+=========+==========+=============+==============================+
| 64 | 1024 | 1 | 1 | 0.7% |
+------------+---------+----------+-------------+------------------------------+
| 128 | 1024 | 1 | 1 | 1.1% |
+------------+---------+----------+-------------+------------------------------+
| 256 | 1024 | 1 | 1 | 0.6% |
+------------+---------+----------+-------------+------------------------------+
| 512 | 1024 | 1 | 1 | 0.1% |
+------------+---------+----------+-------------+------------------------------+
| 1024 | 1024 | 1 | 1 | -0.1% |
+------------+---------+----------+-------------+------------------------------+
| 1518 | 1024 | 1 | 1 | -0.2% |
+------------+---------+----------+-------------+------------------------------+
Ubuntu 24.04
Kernel: 6.8
Compiler: gcc gcc (Ubuntu 13.3.0-6ubuntu2~24.04) 13.3.0
NIC: Mellanox ConnectX-6 Lx 25000 Mbps
Fail/Total: 0/6
Detail performance results:
+------------+---------+----------+-------------+------------------------------+
| frame_size | txd/rxd | num_cpus | num_threads | throughput difference from |
| | | | | expected |
+============+=========+==========+=============+==============================+
| 64 | 1024 | 1 | 1 | -0.0% |
+------------+---------+----------+-------------+------------------------------+
| 128 | 1024 | 1 | 1 | 0.1% |
+------------+---------+----------+-------------+------------------------------+
| 256 | 1024 | 1 | 1 | 0.1% |
+------------+---------+----------+-------------+------------------------------+
| 512 | 1024 | 1 | 1 | 0.1% |
+------------+---------+----------+-------------+------------------------------+
| 1024 | 1024 | 1 | 1 | 0.1% |
+------------+---------+----------+-------------+------------------------------+
| 1518 | 1024 | 1 | 1 | 0.1% |
+------------+---------+----------+-------------+------------------------------+
To view detailed results, visit:
https://lab.dpdk.org/results/dashboard/patchsets/34399/
UNH-IOL DPDK Community Lab
To manage your email subscriptions, visit:
https://lab.dpdk.org/results/dashboard/preferences/subscriptions/
^ permalink raw reply [flat|nested] 30+ messages in thread* |PENDING| pw158180-158181 [PATCH] [2/2] net/mlx5: support PF represe
[not found] <20251028095831.53669-2-getelson@nvidia.com>
` (10 preceding siblings ...)
2025-10-28 12:32 ` dpdklab
@ 2025-10-28 12:49 ` dpdklab
2025-10-28 13:11 ` dpdklab
` (17 subsequent siblings)
29 siblings, 0 replies; 30+ messages in thread
From: dpdklab @ 2025-10-28 12:49 UTC (permalink / raw)
To: Test Report; +Cc: dpdk-test-reports
Test-Label: iol-unit-arm64-testing
Test-Status: PENDING
http://dpdk.org/patch/158181
_Testing pending_
Submitter: Gregory Etelson <getelson@nvidia.com>
Date: Tuesday, October 28 2025 09:58:30
DPDK git baseline: Repo:dpdk-next-net
Branch: master
CommitID:11a6a4b1f19140ac3a57ace844be3cba00c39eaa
158180-158181 --> testing pending
Upstream job id: Aarch32-Unit-Test#8002
Test environment and result as below:
+------------------------------+----------------+--------------+---------------------------+------------------------------+
| Environment | dpdk_unit_test | lpm_autotest | cryptodev_sw_zuc_autotest | cryptodev_sw_snow3g_autotest |
+==============================+================+==============+===========================+==============================+
| CentOS Stream 9 | PEND | SKIPPED | SKIPPED | SKIPPED |
+------------------------------+----------------+--------------+---------------------------+------------------------------+
| CentOS Stream 10 | PEND | SKIPPED | SKIPPED | SKIPPED |
+------------------------------+----------------+--------------+---------------------------+------------------------------+
| Debian GNU/Linux 12 | PEND | SKIPPED | SKIPPED | SKIPPED |
+------------------------------+----------------+--------------+---------------------------+------------------------------+
| Fedora Linux 40 | PEND | SKIPPED | SKIPPED | SKIPPED |
+------------------------------+----------------+--------------+---------------------------+------------------------------+
| Fedora Linux 42 | PEND | SKIPPED | SKIPPED | SKIPPED |
+------------------------------+----------------+--------------+---------------------------+------------------------------+
| Fedora Linux 41 | PEND | SKIPPED | SKIPPED | SKIPPED |
+------------------------------+----------------+--------------+---------------------------+------------------------------+
| Red Hat Enterprise Linux 9.5 | PEND | SKIPPED | SKIPPED | SKIPPED |
+------------------------------+----------------+--------------+---------------------------+------------------------------+
| Ubuntu 20.04 | PEND | PEND | SKIPPED | SKIPPED |
+------------------------------+----------------+--------------+---------------------------+------------------------------+
| Ubuntu 22.04 | PASS | SKIPPED | SKIPPED | SKIPPED |
+------------------------------+----------------+--------------+---------------------------+------------------------------+
| Ubuntu 24.04 | PEND | SKIPPED | SKIPPED | SKIPPED |
+------------------------------+----------------+--------------+---------------------------+------------------------------+
| Debian 12 (arm) | SKIPPED | SKIPPED | PEND | PEND |
+------------------------------+----------------+--------------+---------------------------+------------------------------+
CentOS Stream 9
Kernel: 5.4
Compiler: gcc gcc (GCC) 11.5.0 20240719 (Red Hat 11.5.0-11)
CentOS Stream 10
Kernel: 5.4
Compiler: gcc gcc (GCC) 14.2.1 20250110 (Red Hat 14.2.1-8)
Debian GNU/Linux 12
Kernel: 5.4
Compiler: gcc gcc (Debian 12.2.0-14+deb12u1) 12.2.0
Fedora Linux 40
Kernel: 5.4
Compiler: clang gcc (GCC) 14.2.1 20240912 (Red Hat 14.2.1-3)
Fedora Linux 42
Kernel: 5.4
Compiler: gcc gcc (GCC) 15.2.1 20250808 (Red Hat 15.2.1-1)
Fedora Linux 41
Kernel: 5.4
Compiler: gcc gcc (GCC) 14.3.1 20250523 (Red Hat 14.3.1-1)
Red Hat Enterprise Linux 9.5
Kernel: 5.4
Compiler: gcc gcc (GCC) 11.5.0 20240719 (Red Hat 11.5.0-2)
Ubuntu 20.04
Kernel: 5.4
Compiler: gcc gcc (Ubuntu 9.4.0-1ubuntu1~20.04.2) 9.4.0
Ubuntu 22.04
Kernel: 5.4
Compiler: gcc gcc (Ubuntu 11.4.0-1ubuntu1~22.04) 11.4.0
Ubuntu 24.04
Kernel: 5.4
Compiler: gcc gcc (Ubuntu 13.3.0-6ubuntu2~24.04) 13.3.0
Debian 12 (arm)
Kernel: Depends on container host
Compiler: gcc (Debian 12.2.0-14) 12.2.0
To view detailed results, visit:
https://lab.dpdk.org/results/dashboard/patchsets/34399/
UNH-IOL DPDK Community Lab
To manage your email subscriptions, visit:
https://lab.dpdk.org/results/dashboard/preferences/subscriptions/
^ permalink raw reply [flat|nested] 30+ messages in thread* |PENDING| pw158180-158181 [PATCH] [2/2] net/mlx5: support PF represe
[not found] <20251028095831.53669-2-getelson@nvidia.com>
` (11 preceding siblings ...)
2025-10-28 12:49 ` |PENDING| " dpdklab
@ 2025-10-28 13:11 ` dpdklab
2025-10-28 13:16 ` |SUCCESS| " dpdklab
` (16 subsequent siblings)
29 siblings, 0 replies; 30+ messages in thread
From: dpdklab @ 2025-10-28 13:11 UTC (permalink / raw)
To: Test Report; +Cc: dpdk-test-reports
Test-Label: iol-compile-arm64-testing
Test-Status: PENDING
http://dpdk.org/patch/158181
_Testing pending_
Submitter: Gregory Etelson <getelson@nvidia.com>
Date: Tuesday, October 28 2025 09:58:30
DPDK git baseline: Repo:dpdk-next-net
Branch: master
CommitID:11a6a4b1f19140ac3a57ace844be3cba00c39eaa
158180-158181 --> testing pending
Upstream job id: Generic-DPDK-Compile-Meson#438493
Test environment and result as below:
+------------------------------+--------------------+
| Environment | dpdk_meson_compile |
+==============================+====================+
| Red Hat Enterprise Linux 9.5 | PEND |
+------------------------------+--------------------+
| Ubuntu 20.04 | PEND |
+------------------------------+--------------------+
| Debian GNU/Linux 12 | PEND |
+------------------------------+--------------------+
| Fedora Linux 42 | PEND |
+------------------------------+--------------------+
| Ubuntu 22.04 | PEND |
+------------------------------+--------------------+
| Ubuntu 24.04 | PEND |
+------------------------------+--------------------+
| CentOS Stream 9 | PEND |
+------------------------------+--------------------+
| CentOS Stream 10 | PEND |
+------------------------------+--------------------+
Red Hat Enterprise Linux 9.5
Kernel: 5.4
Compiler: gcc gcc (GCC) 11.5.0 20240719 (Red Hat 11.5.0-2)
Ubuntu 20.04
Kernel: 5.15
Compiler: aarch64-linux-gnu-gcc gcc (Ubuntu 9.4.0-1ubuntu1~20.04.2) 9.4.0
Debian GNU/Linux 12
Kernel: 5.4
Compiler: gcc gcc (Debian 12.2.0-14+deb12u1) 12.2.0
Fedora Linux 42
Kernel: 5.4
Compiler: gcc gcc (GCC) 15.2.1 20250808 (Red Hat 15.2.1-1)
Ubuntu 22.04
Kernel: 5.4
Compiler: gcc gcc (Ubuntu 11.4.0-1ubuntu1~22.04) 11.4.0
Ubuntu 24.04
Kernel: 5.4
Compiler: gcc gcc (Ubuntu 13.3.0-6ubuntu2~24.04) 13.3.0
CentOS Stream 9
Kernel: 5.4
Compiler: gcc gcc (GCC) 11.5.0 20240719 (Red Hat 11.5.0-11)
CentOS Stream 10
Kernel: 5.4
Compiler: gcc gcc (GCC) 14.2.1 20250110 (Red Hat 14.2.1-8)
To view detailed results, visit:
https://lab.dpdk.org/results/dashboard/patchsets/34399/
UNH-IOL DPDK Community Lab
To manage your email subscriptions, visit:
https://lab.dpdk.org/results/dashboard/preferences/subscriptions/
^ permalink raw reply [flat|nested] 30+ messages in thread* |SUCCESS| pw158180-158181 [PATCH] [2/2] net/mlx5: support PF represe
[not found] <20251028095831.53669-2-getelson@nvidia.com>
` (12 preceding siblings ...)
2025-10-28 13:11 ` dpdklab
@ 2025-10-28 13:16 ` dpdklab
2025-10-28 13:16 ` dpdklab
` (15 subsequent siblings)
29 siblings, 0 replies; 30+ messages in thread
From: dpdklab @ 2025-10-28 13:16 UTC (permalink / raw)
To: Test Report; +Cc: dpdk-test-reports, Stephen Hemminger
Test-Label: iol-intel-Performance
Test-Status: SUCCESS
http://dpdk.org/patch/158181
_Performance Testing PASS_
Submitter: Gregory Etelson <getelson@nvidia.com>
Date: Tuesday, October 28 2025 09:58:30
DPDK git baseline: Repo:dpdk-next-net
Branch: master
CommitID:11a6a4b1f19140ac3a57ace844be3cba00c39eaa
158180-158181 --> performance testing pass
Upstream job id: Template-DTS-Pipeline#251666
Test environment and result as below:
Ubuntu 22.04
Kernel: 5.15
Compiler: gcc gcc (Ubuntu 11.4.0-1ubuntu1~22.04.2) 11.4.0
NIC: Intel E810 100000 Mbps
Fail/Total: 0/2
Detail performance results:
+------------+---------+----------+-------------+------------------------------+
| frame_size | txd/rxd | num_cpus | num_threads | throughput difference from |
| | | | | expected |
+============+=========+==========+=============+==============================+
| 64 | 512 | 1 | 1 | -0.2% |
+------------+---------+----------+-------------+------------------------------+
| 64 | 2048 | 1 | 1 | 1.4% |
+------------+---------+----------+-------------+------------------------------+
Ubuntu 20.04
Kernel: 5.4
Compiler: gcc gcc (Ubuntu 9.4.0-1ubuntu1~20.04.1) 9.4.0
NIC: Intel Corporation Ethernet Converged Network Adapter XL710-QDA2 40000 Mbps
Fail/Total: 0/4
Detail performance results:
+----------+-------------+---------+------------+------------------------------+
| num_cpus | num_threads | txd/rxd | frame_size | throughput difference from |
| | | | | expected |
+==========+=============+=========+============+==============================+
| 1 | 2 | 512 | 64 | -0.3% |
+----------+-------------+---------+------------+------------------------------+
| 1 | 2 | 2048 | 64 | 0.8% |
+----------+-------------+---------+------------+------------------------------+
| 1 | 1 | 512 | 64 | 1.2% |
+----------+-------------+---------+------------+------------------------------+
| 1 | 1 | 2048 | 64 | 3.7% |
+----------+-------------+---------+------------+------------------------------+
Ubuntu 24.04
Kernel: 6.8
Compiler: gcc gcc (Ubuntu 13.3.0-6ubuntu2~24.04) 13.3.0
NIC: Intel E810 (Arm Grace Server) 100000 Mbps
Fail/Total: 0/2
Detail performance results:
+------------+---------+----------+-------------+------------------------------+
| frame_size | txd/rxd | num_cpus | num_threads | throughput difference from |
| | | | | expected |
+============+=========+==========+=============+==============================+
| 64 | 512 | 1 | 1 | -0.6% |
+------------+---------+----------+-------------+------------------------------+
| 64 | 2048 | 1 | 1 | 1.7% |
+------------+---------+----------+-------------+------------------------------+
To view detailed results, visit:
https://lab.dpdk.org/results/dashboard/patchsets/34399/
UNH-IOL DPDK Community Lab
To manage your email subscriptions, visit:
https://lab.dpdk.org/results/dashboard/preferences/subscriptions/
^ permalink raw reply [flat|nested] 30+ messages in thread* |SUCCESS| pw158180-158181 [PATCH] [2/2] net/mlx5: support PF represe
[not found] <20251028095831.53669-2-getelson@nvidia.com>
` (13 preceding siblings ...)
2025-10-28 13:16 ` |SUCCESS| " dpdklab
@ 2025-10-28 13:16 ` dpdklab
2025-10-28 13:56 ` |WARNING| " dpdklab
` (14 subsequent siblings)
29 siblings, 0 replies; 30+ messages in thread
From: dpdklab @ 2025-10-28 13:16 UTC (permalink / raw)
To: Test Report; +Cc: dpdk-test-reports, Stephen Hemminger
Test-Label: iol-intel-Functional
Test-Status: SUCCESS
http://dpdk.org/patch/158181
_Functional Testing PASS_
Submitter: Gregory Etelson <getelson@nvidia.com>
Date: Tuesday, October 28 2025 09:58:30
DPDK git baseline: Repo:dpdk-next-net
Branch: master
CommitID:11a6a4b1f19140ac3a57ace844be3cba00c39eaa
158180-158181 --> functional testing pass
Upstream job id: Template-DTS-Pipeline#251670
Test environment and result as below:
Ubuntu 24.04
Kernel: 6.8
Compiler: gcc gcc (Ubuntu 13.3.0-6ubuntu2~24.04) 13.3.0
NIC: Intel E810 (Arm Grace Server) 100000 Mbps
Aggregate Results by Test Suite
+------------+--------+
| Test Suite | Result |
+============+========+
| blocklist | PASS |
+------------+--------+
| uni_pkt | PASS |
+------------+--------+
Ubuntu 24.04 LTS
Kernel: 6.8.0-44-generic
Compiler: gcc 13.2.0
NIC: Intel Corporation Ethernet Controller XL710 for 40GbE QSFP+ 40 Mbps
Aggregate Results by Test Suite
+--------------------+--------+
| Test Suite | Result |
+====================+========+
| blocklist | PASS |
+--------------------+--------+
| uni_pkt | PASS |
+--------------------+--------+
| promisc_support | PASS |
+--------------------+--------+
| dynamic_queue_conf | PASS |
+--------------------+--------+
| hello_world | PASS |
+--------------------+--------+
| l2fwd | PASS |
+--------------------+--------+
| softnic | PASS |
+--------------------+--------+
Ubuntu 24.04
Kernel: 6.8
Compiler: gcc gcc (Ubuntu 13.3.0-6ubuntu2~24.04) 13.3.0
NIC: Intel Corporation 4xxx Series QAT 0 Mbps
Aggregate Results by Test Suite
+----------------------------+--------+
| Test Suite | Result |
+============================+========+
| crypto_perf_cryptodev_perf | PASS |
+----------------------------+--------+
Ubuntu 20.04
Kernel: 5.4
Compiler: gcc gcc (Ubuntu 9.4.0-1ubuntu1~20.04.1) 9.4.0
NIC: Intel Corporation Ethernet Converged Network Adapter XL710-QDA2 40000 Mbps
Aggregate Results by Test Suite
+-----------------------------+--------+
| Test Suite | Result |
+=============================+========+
| unit_tests_mbuf | PASS |
+-----------------------------+--------+
| vhost_virtio_user_interrupt | PASS |
+-----------------------------+--------+
| virtio_smoke | PASS |
+-----------------------------+--------+
To view detailed results, visit:
https://lab.dpdk.org/results/dashboard/patchsets/34399/
UNH-IOL DPDK Community Lab
To manage your email subscriptions, visit:
https://lab.dpdk.org/results/dashboard/preferences/subscriptions/
^ permalink raw reply [flat|nested] 30+ messages in thread* |WARNING| pw158180-158181 [PATCH] [2/2] net/mlx5: support PF represe
[not found] <20251028095831.53669-2-getelson@nvidia.com>
` (14 preceding siblings ...)
2025-10-28 13:16 ` dpdklab
@ 2025-10-28 13:56 ` dpdklab
2025-10-28 14:52 ` |FAILURE| " dpdklab
` (13 subsequent siblings)
29 siblings, 0 replies; 30+ messages in thread
From: dpdklab @ 2025-10-28 13:56 UTC (permalink / raw)
To: Test Report; +Cc: dpdk-test-reports, Stephen Hemminger
Test-Label: iol-sample-apps-testing
Test-Status: WARNING
http://dpdk.org/patch/158181
_Testing issues_
Submitter: Gregory Etelson <getelson@nvidia.com>
Date: Tuesday, October 28 2025 09:58:30
DPDK git baseline: Repo:dpdk-next-net
Branch: master
CommitID:11a6a4b1f19140ac3a57ace844be3cba00c39eaa
158180-158181 --> testing issues
Upstream job id: ACVP-FIPS-testing#11587
Test environment and result as below:
+--------------+----------------------+----------------------+
| Environment | compressdev_zlib_pmd | dpdk_fips_validation |
+==============+======================+======================+
| Ubuntu 22.04 | PASS | SKIPPED |
+--------------+----------------------+----------------------+
| Ubuntu 20.04 | SKIPPED | WARN |
+--------------+----------------------+----------------------+
==== 20 line log output for Ubuntu 20.04 (dpdk_fips_validation): ====
Traceback (most recent call last):
File "/dpdk-ci/tools/acvp/acvp_tool.py", line 368, in <module>
main(
File "/dpdk-ci/tools/acvp/acvp_tool.py", line 314, in main
with open(response_path, 'r') as upload_file:
FileNotFoundError: [Errno 2] No such file or directory: '/root/workspace/ACVP-FIPS-testing/out/hmac-sha-1-answers.rsp'
INFO:root:Using response file...
Traceback (most recent call last):
File "/dpdk-ci/tools/acvp/acvp_tool.py", line 368, in <module>
main(
File "/dpdk-ci/tools/acvp/acvp_tool.py", line 314, in main
with open(response_path, 'r') as upload_file:
FileNotFoundError: [Errno 2] No such file or directory: '/root/workspace/ACVP-FIPS-testing/out/acvp-tdes-cbc-answers.rsp'
INFO:root:Using response file...
Traceback (most recent call last):
File "/dpdk-ci/tools/acvp/acvp_tool.py", line 368, in <module>
main(
File "/dpdk-ci/tools/acvp/acvp_tool.py", line 314, in main
with open(response_path, 'r') as upload_file:
FileNotFoundError: [Errno 2] No such file or directory: '/root/workspace/ACVP-FIPS-testing/out/acvp-aes-ctr-answers.rsp'
==== End log output ====
Ubuntu 22.04
Kernel: 5.15
Compiler: gcc gcc (Ubuntu 11.4.0-1ubuntu1~22.04.2) 11.4.0
Ubuntu 20.04
Kernel: 5.15
Compiler: gcc gcc (Ubuntu 9.4.0-1ubuntu1~20.04.2) 9.4.0
To view detailed results, visit:
https://lab.dpdk.org/results/dashboard/patchsets/34399/
UNH-IOL DPDK Community Lab
To manage your email subscriptions, visit:
https://lab.dpdk.org/results/dashboard/preferences/subscriptions/
^ permalink raw reply [flat|nested] 30+ messages in thread* |FAILURE| pw158180-158181 [PATCH] [2/2] net/mlx5: support PF represe
[not found] <20251028095831.53669-2-getelson@nvidia.com>
` (15 preceding siblings ...)
2025-10-28 13:56 ` |WARNING| " dpdklab
@ 2025-10-28 14:52 ` dpdklab
2025-10-28 15:53 ` |WARNING| " dpdklab
` (12 subsequent siblings)
29 siblings, 0 replies; 30+ messages in thread
From: dpdklab @ 2025-10-28 14:52 UTC (permalink / raw)
To: Test Report; +Cc: dpdk-test-reports, Stephen Hemminger, Gregory Etelson
Test-Label: iol-unit-amd64-testing
Test-Status: FAILURE
http://dpdk.org/patch/158181
_Testing issues_
Submitter: Gregory Etelson <getelson@nvidia.com>
Date: Tuesday, October 28 2025 09:58:30
DPDK git baseline: Repo:dpdk-next-net
Branch: master
CommitID:11a6a4b1f19140ac3a57ace844be3cba00c39eaa
158180-158181 --> testing issues
Upstream job id: Generic-Unit-Test-DPDK#386090
Test environment and result as below:
+-------------------------------+----------------+
| Environment | dpdk_unit_test |
+===============================+================+
| CentOS Stream 10 | PEND |
+-------------------------------+----------------+
| Debian GNU/Linux 12 | FAIL |
+-------------------------------+----------------+
| CentOS Stream 9 | PEND |
+-------------------------------+----------------+
| Fedora Linux 40 | PEND |
+-------------------------------+----------------+
| Fedora Linux 42 | PEND |
+-------------------------------+----------------+
| Fedora Linux 41 | PEND |
+-------------------------------+----------------+
| Red Hat Enterprise Linux 9.5 | PEND |
+-------------------------------+----------------+
| Red Hat Enterprise Linux 8.10 | PEND |
+-------------------------------+----------------+
| Ubuntu 20.04 | PEND |
+-------------------------------+----------------+
| Ubuntu 22.04 | PEND |
+-------------------------------+----------------+
| Ubuntu 24.04 | PEND |
+-------------------------------+----------------+
==== Unit test summary for Debian GNU/Linux 12 (dpdk_unit_test): ====
ninja: Entering directory `/root/workspace/Generic-Unit-Test-DPDK/dpdk/build'
ninja: no work to do.
1/120 DPDK:fast-tests / acl_autotest OK 6.66s
2/120 DPDK:fast-tests / alarm_autotest OK 1.46s
3/120 DPDK:fast-tests / argparse_autotest OK 0.36s
4/120 DPDK:fast-tests / atomic_autotest OK 0.74s
5/120 DPDK:fast-tests / bitcount_autotest OK 0.17s
6/120 DPDK:fast-tests / bitmap_autotest OK 0.29s
7/120 DPDK:fast-tests / bitops_autotest OK 1.84s
8/120 DPDK:fast-tests / bitratestats_autotest OK 0.34s
9/120 DPDK:fast-tests / bitset_autotest OK 3.67s
10/120 DPDK:fast-tests / bpf_autotest OK 0.31s
11/120 DPDK:fast-tests / bpf_convert_autotest OK 0.31s
12/120 DPDK:fast-tests / byteorder_autotest OK 0.17s
13/120 DPDK:fast-tests / cfgfile_autotest OK 0.36s
14/120 DPDK:fast-tests / cksum_autotest OK 0.27s
15/120 DPDK:fast-tests / cmdline_autotest OK 0.48s
16/120 DPDK:fast-tests / common_autotest OK 1.07s
17/120 DPDK:fast-tests / compressdev_autotest SKIP 0.32s exit status 77
18/120 DPDK:fast-tests / cpuflags_autotest OK 0.38s
19/120 DPDK:fast-tests / crc_autotest OK 0.46s
20/120 DPDK:fast-tests / user_delay_us OK 0.32s
21/120 DPDK:fast-tests / debug_autotest OK 2.12s
22/120 DPDK:fast-tests / devargs_autotest FAIL 35.62s killed by signal 11 SIGSEGV
>>> DPDK_TEST=devargs_autotest MALLOC_PERTURB_=62 /root/workspace/Generic-Unit-Test-DPDK/dpdk/build/app/dpdk-test --no-huge -m 2048
23/120 DPDK:fast-tests / dispatcher_autotest SKIP 0.21s exit status 77
24/120 DPDK:fast-tests / distributor_autotest OK 2.35s
25/120 DPDK:fast-tests / eal_flags_c_opt_autotest OK 2.24s
26/120 DPDK:fast-tests / eal_flags_main_opt_autotest OK 0.61s
27/120 DPDK:fast-tests / eal_flags_n_opt_autotest OK 0.75s
28/120 DPDK:fast-tests / eal_flags_hpet_autotest OK 0.54s
29/120 DPDK:fast-tests / eal_flags_no_huge_autotest OK 1.03s
30/120 DPDK:fast-tests / eal_flags_a_opt_autotest OK 0.87s
31/120 DPDK:fast-tests / eal_flags_b_opt_autotest OK 0.80s
32/120 DPDK:fast-tests / eal_flags_vdev_opt_autotest OK 0.71s
33/120 DPDK:fast-tests / eal_flags_r_opt_autotest OK 0.57s
34/120 DPDK:fast-tests / eal_flags_mem_autotest OK 1.58s
35/120 DPDK:fast-tests / eal_flags_file_prefix_autotest OK 6.68s
36/120 DPDK:fast-tests / eal_flags_misc_autotest OK 4.37s
37/120 DPDK:fast-tests / eal_fs_autotest OK 0.30s
38/120 DPDK:fast-tests / errno_autotest OK 0.45s
39/120 DPDK:fast-tests / ethdev_link_status OK 0.23s
40/120 DPDK:fast-tests / event_eth_tx_adapter_autotest OK 1.14s
41/120 DPDK:fast-tests / event_ring_autotest OK 0.54s
42/120 DPDK:fast-tests / eventdev_common_autotest OK 0.43s
43/120 DPDK:fast-tests / eventdev_selftest_sw OK 0.84s
44/120 DPDK:fast-tests / fbarray_autotest OK 0.45s
45/120 DPDK:fast-tests / fib_autotest OK 2.21s
46/120 DPDK:fast-tests / fib6_autotest OK 2.78s
47/120 DPDK:fast-tests / func_reentrancy_autotest OK 1.09s
48/120 DPDK:fast-tests / graph_autotest OK 0.56s
49/120 DPDK:fast-tests / node_list_dump OK 0.32s
50/120 DPDK:fast-tests / graph_feature_arc_autotest OK 0.18s
51/120 DPDK:fast-tests / hash_autotest OK 0.55s
52/120 DPDK:fast-tests / hash_readwrite_func_autotest SKIP 0.30s exit status 77
53/120 DPDK:fast-tests / interrupt_autotest OK 2.15s
54/120 DPDK:fast-tests / ipfrag_autotest OK 0.23s
55/120 DPDK:fast-tests / ipsec_autotest SKIP 0.43s exit status 77
56/120 DPDK:fast-tests / kvargs_autotest OK 0.47s
57/120 DPDK:fast-tests / latencystats_autotest OK 0.34s
58/120 DPDK:fast-tests / lcore_var_autotest OK 0.63s
59/120 DPDK:fast-tests / lcores_autotest OK 1.62s
60/120 DPDK:fast-tests / logs_autotest OK 0.22s
61/120 DPDK:fast-tests / lpm_autotest OK 4.04s
62/120 DPDK:fast-tests / lpm6_autotest OK 10.09s
63/120 DPDK:fast-tests / malloc_autotest OK 0.98s
64/120 DPDK:fast-tests / mbuf_autotest OK 0.37s
65/120 DPDK:fast-tests / mcslock_autotest OK 1.18s
66/120 DPDK:fast-tests / member_autotest OK 2.22s
67/120 DPDK:fast-tests / memcpy_autotest OK 4.87s
68/120 DPDK:fast-tests / memory_autotest OK 0.33s
69/120 DPDK:fast-tests / mempool_autotest OK 0.61s
70/120 DPDK:fast-tests / memzone_autotest OK 0.24s
71/120 DPDK:fast-tests / meter_autotest OK 0.53s
72/120 DPDK:fast-tests / metrics_autotest OK 0.36s
73/120 DPDK:fast-tests / multiprocess_autotest OK 0.53s
74/120 DPDK:fast-tests / net_ether_autotest OK 1.06s
75/120 DPDK:fast-tests / net_ipv6_autotest OK 0.28s
76/120 DPDK:fast-tests / pcapng_autotest OK 10.60s
77/120 DPDK:fast-tests / pdcp_autotest SKIP 0.30s exit status 77
78/120 DPDK:fast-tests / pdump_autotest OK 0.85s
79/120 DPDK:fast-tests / per_lcore_autotest OK 0.37s
80/120 DPDK:fast-tests / pflock_autotest OK 0.47s
81/120 DPDK:fast-tests / pie_autotest OK 0.31s
82/120 DPDK:fast-tests / ring_pmd_autotest OK 0.30s
83/120 DPDK:fast-tests / power_autotest OK 0.23s
84/120 DPDK:fast-tests / power_cpufreq_autotest SKIP 0.29s exit status 77
85/120 DPDK:fast-tests / power_intel_uncore_autotest SKIP 0.18s exit status 77
86/120 DPDK:fast-tests / power_kvm_vm_autotest SKIP 0.25s exit status 77
87/120 DPDK:fast-tests / prefetch_autotest OK 0.32s
88/120 DPDK:fast-tests / ptr_compress_autotest OK 0.29s
89/120 DPDK:fast-tests / rawdev_autotest OK 0.34s
90/120 DPDK:fast-tests / rcu_qsbr_autotest OK 0.48s
91/120 DPDK:fast-tests / reorder_autotest OK 0.75s
92/120 DPDK:fast-tests / rib_autotest OK 11.97s
93/120 DPDK:fast-tests / rib6_autotest OK 10.89s
94/120 DPDK:fast-tests / ring_autotest OK 0.37s
95/120 DPDK:fast-tests / rwlock_test1_autotest OK 0.56s
96/120 DPDK:fast-tests / rwlock_rda_autotest OK 5.30s
97/120 DPDK:fast-tests / rwlock_rds_wrm_autotest OK 5.29s
98/120 DPDK:fast-tests / rwlock_rde_wro_autotest OK 5.22s
99/120 DPDK:fast-tests / sched_autotest OK 0.29s
100/120 DPDK:fast-tests / security_autotest OK 0.22s
101/120 DPDK:fast-tests / seqlock_autotest SKIP 0.28s exit status 77
102/120 DPDK:fast-tests / service_autotest OK 0.34s
103/120 DPDK:fast-tests / soring_autotest OK 0.66s
104/120 DPDK:fast-tests / spinlock_autotest OK 0.27s
105/120 DPDK:fast-tests / stack_autotest OK 0.28s
106/120 DPDK:fast-tests / stack_lf_autotest OK 0.57s
107/120 DPDK:fast-tests / string_autotest OK 0.23s
108/120 DPDK:fast-tests / table_autotest OK 16.44s
109/120 DPDK:fast-tests / tailq_autotest OK 0.26s
110/120 DPDK:fast-tests / telemetry_data_autotest OK 0.44s
111/120 DPDK:fast-tests / telemetry_json_autotest OK 0.32s
112/120 DPDK:fast-tests / thash_autotest OK 0.29s
113/120 DPDK:fast-tests / threads_autotest OK 0.89s
114/120 DPDK:fast-tests / ticketlock_autotest OK 0.31s
115/120 DPDK:fast-tests / timer_autotest OK 3.00s
116/120 DPDK:fast-tests / trace_autotest OK 0.32s
117/120 DPDK:fast-tests / trace_autotest_with_traces OK 0.29s
118/120 DPDK:fast-tests / vdev_autotest OK 0.20s
119/120 DPDK:fast-tests / version_autotest OK 0.30s
120/120 DPDK:fast-tests / telemetry_all SKIP 0.01s exit status 77
Ok: 109
Expected Fail: 0
Fail: 1
Unexpected Pass: 0
Skipped: 10
Timeout: 0
Full log written to /root/workspace/Generic-Unit-Test-DPDK/dpdk/build/meson-logs/testlog.txt
Test log output from the failed test devargs_autotest:
Sorry, we were not able to find the logs for this test.
Download the log output from the CI site for this test run.
==== End log output ====
CentOS Stream 10
Kernel: 5.15
Compiler: gcc gcc (GCC) 14.2.1 20250110 (Red Hat 14.2.1-8)
Debian GNU/Linux 12
Kernel: 5.15
Compiler: gcc gcc (Debian 12.2.0-14+deb12u1) 12.2.0
CentOS Stream 9
Kernel: 5.15
Compiler: gcc gcc (GCC) 11.5.0 20240719 (Red Hat 11.5.0-11)
Fedora Linux 40
Kernel: 5.15
Compiler: gcc gcc (GCC) 14.2.1 20240912 (Red Hat 14.2.1-3)
Fedora Linux 42
Kernel: 5.15
Compiler: gcc gcc (GCC) 15.2.1 20250808 (Red Hat 15.2.1-1)
Fedora Linux 41
Kernel: 5.15
Compiler: gcc gcc (GCC) 14.3.1 20250523 (Red Hat 14.3.1-1)
Red Hat Enterprise Linux 9.5
Kernel: 5.15
Compiler: gcc gcc (GCC) 11.5.0 20240719 (Red Hat 11.5.0-2)
Red Hat Enterprise Linux 8.10
Kernel: 5.15
Compiler: gcc gcc (GCC) 8.5.0 20210514 (Red Hat 8.5.0-22)
Ubuntu 20.04
Kernel: 5.15
Compiler: gcc gcc (Ubuntu 9.4.0-1ubuntu1~20.04.2) 9.4.0
Ubuntu 22.04
Kernel: 5.15
Compiler: gcc gcc (Ubuntu 11.4.0-1ubuntu1~22.04) 11.4.0
Ubuntu 24.04
Kernel: 5.15
Compiler: gcc gcc (Ubuntu 13.3.0-6ubuntu2~24.04) 13.3.0
To view detailed results, visit:
https://lab.dpdk.org/results/dashboard/patchsets/34399/
UNH-IOL DPDK Community Lab
To manage your email subscriptions, visit:
https://lab.dpdk.org/results/dashboard/preferences/subscriptions/
^ permalink raw reply [flat|nested] 30+ messages in thread* |WARNING| pw158180-158181 [PATCH] [2/2] net/mlx5: support PF represe
[not found] <20251028095831.53669-2-getelson@nvidia.com>
` (16 preceding siblings ...)
2025-10-28 14:52 ` |FAILURE| " dpdklab
@ 2025-10-28 15:53 ` dpdklab
2025-10-28 16:06 ` dpdklab
` (11 subsequent siblings)
29 siblings, 0 replies; 30+ messages in thread
From: dpdklab @ 2025-10-28 15:53 UTC (permalink / raw)
To: Test Report; +Cc: dpdk-test-reports, Stephen Hemminger
Test-Label: iol-sample-apps-testing
Test-Status: WARNING
http://dpdk.org/patch/158181
_Testing issues_
Submitter: Gregory Etelson <getelson@nvidia.com>
Date: Tuesday, October 28 2025 09:58:30
DPDK git baseline: Repo:dpdk-next-net
Branch: master
CommitID:11a6a4b1f19140ac3a57ace844be3cba00c39eaa
158180-158181 --> testing issues
Upstream job id: Template-DTS-Pipeline#251674
Test environment and result as below:
+--------------+----------------------+----------------------+
| Environment | compressdev_zlib_pmd | dpdk_fips_validation |
+==============+======================+======================+
| Ubuntu 22.04 | PASS | SKIPPED |
+--------------+----------------------+----------------------+
| Ubuntu 20.04 | SKIPPED | WARN |
+--------------+----------------------+----------------------+
==== 20 line log output for Ubuntu 20.04 (dpdk_fips_validation): ====
Traceback (most recent call last):
File "/dpdk-ci/tools/acvp/acvp_tool.py", line 368, in <module>
main(
File "/dpdk-ci/tools/acvp/acvp_tool.py", line 314, in main
with open(response_path, 'r') as upload_file:
FileNotFoundError: [Errno 2] No such file or directory: '/root/workspace/ACVP-FIPS-testing/out/hmac-sha-1-answers.rsp'
INFO:root:Using response file...
Traceback (most recent call last):
File "/dpdk-ci/tools/acvp/acvp_tool.py", line 368, in <module>
main(
File "/dpdk-ci/tools/acvp/acvp_tool.py", line 314, in main
with open(response_path, 'r') as upload_file:
FileNotFoundError: [Errno 2] No such file or directory: '/root/workspace/ACVP-FIPS-testing/out/acvp-tdes-cbc-answers.rsp'
INFO:root:Using response file...
Traceback (most recent call last):
File "/dpdk-ci/tools/acvp/acvp_tool.py", line 368, in <module>
main(
File "/dpdk-ci/tools/acvp/acvp_tool.py", line 314, in main
with open(response_path, 'r') as upload_file:
FileNotFoundError: [Errno 2] No such file or directory: '/root/workspace/ACVP-FIPS-testing/out/acvp-aes-ctr-answers.rsp'
==== End log output ====
Ubuntu 22.04
Kernel: 5.15
Compiler: gcc gcc (Ubuntu 11.4.0-1ubuntu1~22.04.2) 11.4.0
Ubuntu 20.04
Kernel: 5.15
Compiler: gcc gcc (Ubuntu 9.4.0-1ubuntu1~20.04.2) 9.4.0
To view detailed results, visit:
https://lab.dpdk.org/results/dashboard/patchsets/34399/
UNH-IOL DPDK Community Lab
To manage your email subscriptions, visit:
https://lab.dpdk.org/results/dashboard/preferences/subscriptions/
^ permalink raw reply [flat|nested] 30+ messages in thread* |WARNING| pw158180-158181 [PATCH] [2/2] net/mlx5: support PF represe
[not found] <20251028095831.53669-2-getelson@nvidia.com>
` (17 preceding siblings ...)
2025-10-28 15:53 ` |WARNING| " dpdklab
@ 2025-10-28 16:06 ` dpdklab
2025-10-28 16:10 ` |FAILURE| " dpdklab
` (10 subsequent siblings)
29 siblings, 0 replies; 30+ messages in thread
From: dpdklab @ 2025-10-28 16:06 UTC (permalink / raw)
To: Test Report; +Cc: dpdk-test-reports, Stephen Hemminger
Test-Label: iol-compile-amd64-testing
Test-Status: WARNING
http://dpdk.org/patch/158181
_Testing issues_
Submitter: Gregory Etelson <getelson@nvidia.com>
Date: Tuesday, October 28 2025 09:58:30
DPDK git baseline: Repo:dpdk-next-net
Branch: master
CommitID:11a6a4b1f19140ac3a57ace844be3cba00c39eaa
158180-158181 --> testing issues
Upstream job id: Generic-DPDK-Compile-Meson#438509
Test environment and result as below:
+-------------------------------+--------------------+-------------------+------------------+
| Environment | dpdk_meson_compile | dpdk_compile_spdk | dpdk_compile_ovs |
+===============================+====================+===================+==================+
| FreeBSD 14.2 | PASS | SKIPPED | SKIPPED |
+-------------------------------+--------------------+-------------------+------------------+
| Ubuntu 20.04 | PASS | SKIPPED | SKIPPED |
+-------------------------------+--------------------+-------------------+------------------+
| CentOS Stream 9 | PASS | WARN | SKIPPED |
+-------------------------------+--------------------+-------------------+------------------+
| CentOS Stream 10 | PASS | SKIPPED | SKIPPED |
+-------------------------------+--------------------+-------------------+------------------+
| Debian GNU/Linux 12 | PASS | WARN | SKIPPED |
+-------------------------------+--------------------+-------------------+------------------+
| Fedora Linux 42 | PASS | WARN | PASS |
+-------------------------------+--------------------+-------------------+------------------+
| Red Hat Enterprise Linux 8.10 | PASS | SKIPPED | SKIPPED |
+-------------------------------+--------------------+-------------------+------------------+
| openSUSE Leap 15.6 | PASS | SKIPPED | SKIPPED |
+-------------------------------+--------------------+-------------------+------------------+
| Red Hat Enterprise Linux 9.5 | PASS | SKIPPED | SKIPPED |
+-------------------------------+--------------------+-------------------+------------------+
| Ubuntu 22.04 | PASS | WARN | SKIPPED |
+-------------------------------+--------------------+-------------------+------------------+
| Ubuntu 24.04 | PASS | WARN | PASS |
+-------------------------------+--------------------+-------------------+------------------+
| Alpine Linux 3.22.0 | PASS | SKIPPED | SKIPPED |
+-------------------------------+--------------------+-------------------+------------------+
==== 20 line log output for Ubuntu 24.04 (dpdk_compile_spdk): ====
--- Failed to get log output ---
==== End log output ====
FreeBSD 14.2
Kernel: 14.2-RELEASE
Compiler: clang 18.1.6
Ubuntu 20.04
Kernel: 4.19
Compiler: gcc gcc (Ubuntu 9.4.0-1ubuntu1~20.04.2) 9.4.0
CentOS Stream 9
Kernel: 5.15
Compiler: gcc gcc (GCC) 11.5.0 20240719 (Red Hat 11.5.0-11)
CentOS Stream 10
Kernel: 5.15
Compiler: gcc gcc (GCC) 14.2.1 20250110 (Red Hat 14.2.1-8)
Debian GNU/Linux 12
Kernel: 5.15
Compiler: gcc gcc (Debian 12.2.0-14+deb12u1) 12.2.0
Fedora Linux 42
Kernel: 5.15
Compiler: clang gcc (GCC) 15.2.1 20250808 (Red Hat 15.2.1-1)
Red Hat Enterprise Linux 8.10
Kernel: 5.15
Compiler: gcc gcc (GCC) 8.5.0 20210514 (Red Hat 8.5.0-22)
openSUSE Leap 15.6
Kernel: 5.15
Compiler: gcc gcc (SUSE Linux) 7.5.0
Red Hat Enterprise Linux 9.5
Kernel: 5.15
Compiler: gcc gcc (GCC) 11.5.0 20240719 (Red Hat 11.5.0-2)
Ubuntu 22.04
Kernel: 5.15
Compiler: gcc gcc (Ubuntu 11.4.0-1ubuntu1~22.04) 11.4.0
Ubuntu 24.04
Kernel: 5.15
Compiler: gcc gcc (Ubuntu 13.3.0-6ubuntu2~24.04) 13.3.0
Alpine Linux 3.22.0
Kernel: 5.15
Compiler: gcc gcc (Alpine 14.2.0) 14.2.0
To view detailed results, visit:
https://lab.dpdk.org/results/dashboard/patchsets/34399/
UNH-IOL DPDK Community Lab
To manage your email subscriptions, visit:
https://lab.dpdk.org/results/dashboard/preferences/subscriptions/
^ permalink raw reply [flat|nested] 30+ messages in thread* |FAILURE| pw158180-158181 [PATCH] [2/2] net/mlx5: support PF represe
[not found] <20251028095831.53669-2-getelson@nvidia.com>
` (18 preceding siblings ...)
2025-10-28 16:06 ` dpdklab
@ 2025-10-28 16:10 ` dpdklab
2025-10-28 16:57 ` |SUCCESS| " dpdklab
` (9 subsequent siblings)
29 siblings, 0 replies; 30+ messages in thread
From: dpdklab @ 2025-10-28 16:10 UTC (permalink / raw)
To: Test Report; +Cc: dpdk-test-reports, Stephen Hemminger, Gregory Etelson
Test-Label: iol-unit-amd64-testing
Test-Status: FAILURE
http://dpdk.org/patch/158181
_Testing issues_
Submitter: Gregory Etelson <getelson@nvidia.com>
Date: Tuesday, October 28 2025 09:58:30
DPDK git baseline: Repo:dpdk-next-net
Branch: master
CommitID:11a6a4b1f19140ac3a57ace844be3cba00c39eaa
158180-158181 --> testing issues
Upstream job id: Generic-Unit-Test-DPDK#386112
Test environment and result as below:
+-------------------------------+----------------+
| Environment | dpdk_unit_test |
+===============================+================+
| CentOS Stream 10 | FAIL |
+-------------------------------+----------------+
| Debian GNU/Linux 12 | FAIL |
+-------------------------------+----------------+
| CentOS Stream 9 | FAIL |
+-------------------------------+----------------+
| Fedora Linux 40 | FAIL |
+-------------------------------+----------------+
| Fedora Linux 42 | FAIL |
+-------------------------------+----------------+
| Fedora Linux 41 | FAIL |
+-------------------------------+----------------+
| Red Hat Enterprise Linux 9.5 | FAIL |
+-------------------------------+----------------+
| Red Hat Enterprise Linux 8.10 | FAIL |
+-------------------------------+----------------+
| Ubuntu 20.04 | FAIL |
+-------------------------------+----------------+
| Ubuntu 22.04 | FAIL |
+-------------------------------+----------------+
| Ubuntu 24.04 | FAIL |
+-------------------------------+----------------+
==== Unit test summary for Ubuntu 24.04 (dpdk_unit_test): ====
ninja: Entering directory `/root/workspace/Generic-Unit-Test-DPDK/dpdk/build'
ninja: no work to do.
1/120 DPDK:fast-tests / acl_autotest OK 8.46s
2/120 DPDK:fast-tests / alarm_autotest OK 1.35s
3/120 DPDK:fast-tests / argparse_autotest OK 0.47s
4/120 DPDK:fast-tests / atomic_autotest OK 0.73s
5/120 DPDK:fast-tests / bitcount_autotest OK 0.57s
6/120 DPDK:fast-tests / bitmap_autotest OK 0.41s
7/120 DPDK:fast-tests / bitops_autotest OK 2.87s
8/120 DPDK:fast-tests / bitratestats_autotest OK 0.25s
9/120 DPDK:fast-tests / bitset_autotest OK 4.12s
10/120 DPDK:fast-tests / bpf_autotest OK 0.60s
11/120 DPDK:fast-tests / bpf_convert_autotest OK 0.43s
12/120 DPDK:fast-tests / byteorder_autotest OK 0.31s
13/120 DPDK:fast-tests / cfgfile_autotest OK 0.21s
14/120 DPDK:fast-tests / cksum_autotest OK 0.23s
15/120 DPDK:fast-tests / cmdline_autotest OK 0.38s
16/120 DPDK:fast-tests / common_autotest OK 1.66s
17/120 DPDK:fast-tests / compressdev_autotest SKIP 0.37s exit status 77
18/120 DPDK:fast-tests / cpuflags_autotest OK 0.36s
19/120 DPDK:fast-tests / crc_autotest OK 0.42s
20/120 DPDK:fast-tests / user_delay_us OK 0.34s
21/120 DPDK:fast-tests / debug_autotest OK 2.88s
22/120 DPDK:fast-tests / devargs_autotest FAIL 20.32s killed by signal 11 SIGSEGV
>>> DPDK_TEST=devargs_autotest MALLOC_PERTURB_=132 /root/workspace/Generic-Unit-Test-DPDK/dpdk/build/app/dpdk-test --no-huge -m 2048
23/120 DPDK:fast-tests / dispatcher_autotest SKIP 0.49s exit status 77
24/120 DPDK:fast-tests / distributor_autotest OK 2.55s
25/120 DPDK:fast-tests / eal_flags_c_opt_autotest OK 2.79s
26/120 DPDK:fast-tests / eal_flags_main_opt_autotest OK 0.91s
27/120 DPDK:fast-tests / eal_flags_n_opt_autotest OK 1.06s
28/120 DPDK:fast-tests / eal_flags_hpet_autotest OK 0.46s
29/120 DPDK:fast-tests / eal_flags_no_huge_autotest OK 1.29s
30/120 DPDK:fast-tests / eal_flags_a_opt_autotest OK 1.47s
31/120 DPDK:fast-tests / eal_flags_b_opt_autotest OK 0.76s
32/120 DPDK:fast-tests / eal_flags_vdev_opt_autotest OK 1.36s
33/120 DPDK:fast-tests / eal_flags_r_opt_autotest OK 1.13s
34/120 DPDK:fast-tests / eal_flags_mem_autotest OK 1.89s
35/120 DPDK:fast-tests / eal_flags_file_prefix_autotest OK 8.08s
36/120 DPDK:fast-tests / eal_flags_misc_autotest OK 5.24s
37/120 DPDK:fast-tests / eal_fs_autotest OK 0.45s
38/120 DPDK:fast-tests / errno_autotest OK 0.31s
39/120 DPDK:fast-tests / ethdev_link_status OK 0.36s
40/120 DPDK:fast-tests / event_eth_tx_adapter_autotest OK 1.51s
41/120 DPDK:fast-tests / event_ring_autotest OK 0.38s
42/120 DPDK:fast-tests / eventdev_common_autotest OK 0.36s
43/120 DPDK:fast-tests / eventdev_selftest_sw OK 0.71s
44/120 DPDK:fast-tests / fbarray_autotest OK 0.41s
45/120 DPDK:fast-tests / fib_autotest OK 2.84s
46/120 DPDK:fast-tests / fib6_autotest OK 1.94s
47/120 DPDK:fast-tests / func_reentrancy_autotest OK 1.44s
48/120 DPDK:fast-tests / graph_autotest OK 0.46s
49/120 DPDK:fast-tests / node_list_dump OK 0.32s
50/120 DPDK:fast-tests / graph_feature_arc_autotest OK 0.36s
51/120 DPDK:fast-tests / hash_autotest OK 0.64s
52/120 DPDK:fast-tests / hash_readwrite_func_autotest SKIP 0.30s exit status 77
53/120 DPDK:fast-tests / interrupt_autotest OK 2.27s
54/120 DPDK:fast-tests / ipfrag_autotest OK 0.58s
55/120 DPDK:fast-tests / ipsec_autotest SKIP 0.45s exit status 77
56/120 DPDK:fast-tests / kvargs_autotest OK 0.58s
57/120 DPDK:fast-tests / latencystats_autotest OK 0.73s
58/120 DPDK:fast-tests / lcore_var_autotest OK 0.84s
59/120 DPDK:fast-tests / lcores_autotest OK 2.11s
60/120 DPDK:fast-tests / logs_autotest OK 0.40s
61/120 DPDK:fast-tests / lpm_autotest OK 4.46s
62/120 DPDK:fast-tests / lpm6_autotest OK 9.01s
63/120 DPDK:fast-tests / malloc_autotest OK 1.24s
64/120 DPDK:fast-tests / mbuf_autotest OK 0.63s
65/120 DPDK:fast-tests / mcslock_autotest OK 1.18s
66/120 DPDK:fast-tests / member_autotest OK 3.03s
67/120 DPDK:fast-tests / memcpy_autotest OK 5.34s
68/120 DPDK:fast-tests / memory_autotest OK 0.34s
69/120 DPDK:fast-tests / mempool_autotest OK 0.58s
70/120 DPDK:fast-tests / memzone_autotest OK 0.20s
71/120 DPDK:fast-tests / meter_autotest OK 0.42s
72/120 DPDK:fast-tests / metrics_autotest OK 0.28s
73/120 DPDK:fast-tests / multiprocess_autotest OK 0.76s
74/120 DPDK:fast-tests / net_ether_autotest OK 1.15s
75/120 DPDK:fast-tests / net_ipv6_autotest OK 0.33s
76/120 DPDK:fast-tests / pcapng_autotest OK 11.95s
77/120 DPDK:fast-tests / pdcp_autotest SKIP 0.40s exit status 77
78/120 DPDK:fast-tests / pdump_autotest OK 0.63s
79/120 DPDK:fast-tests / per_lcore_autotest OK 0.43s
80/120 DPDK:fast-tests / pflock_autotest OK 0.69s
81/120 DPDK:fast-tests / pie_autotest OK 0.28s
82/120 DPDK:fast-tests / ring_pmd_autotest OK 0.30s
83/120 DPDK:fast-tests / power_autotest OK 0.43s
84/120 DPDK:fast-tests / power_cpufreq_autotest SKIP 0.28s exit status 77
85/120 DPDK:fast-tests / power_intel_uncore_autotest SKIP 0.44s exit status 77
86/120 DPDK:fast-tests / power_kvm_vm_autotest SKIP 0.42s exit status 77
87/120 DPDK:fast-tests / prefetch_autotest OK 0.48s
88/120 DPDK:fast-tests / ptr_compress_autotest OK 0.54s
89/120 DPDK:fast-tests / rawdev_autotest OK 0.28s
90/120 DPDK:fast-tests / rcu_qsbr_autotest OK 0.61s
91/120 DPDK:fast-tests / reorder_autotest OK 0.83s
92/120 DPDK:fast-tests / rib_autotest OK 9.82s
93/120 DPDK:fast-tests / rib6_autotest OK 8.19s
94/120 DPDK:fast-tests / ring_autotest OK 0.36s
95/120 DPDK:fast-tests / rwlock_test1_autotest OK 0.54s
96/120 DPDK:fast-tests / rwlock_rda_autotest OK 5.55s
97/120 DPDK:fast-tests / rwlock_rds_wrm_autotest OK 5.21s
98/120 DPDK:fast-tests / rwlock_rde_wro_autotest OK 5.27s
99/120 DPDK:fast-tests / sched_autotest OK 0.22s
100/120 DPDK:fast-tests / security_autotest OK 0.15s
101/120 DPDK:fast-tests / seqlock_autotest SKIP 0.31s exit status 77
102/120 DPDK:fast-tests / service_autotest OK 0.43s
103/120 DPDK:fast-tests / soring_autotest OK 0.18s
104/120 DPDK:fast-tests / spinlock_autotest OK 0.26s
105/120 DPDK:fast-tests / stack_autotest OK 0.24s
106/120 DPDK:fast-tests / stack_lf_autotest OK 0.37s
107/120 DPDK:fast-tests / string_autotest OK 0.30s
108/120 DPDK:fast-tests / table_autotest OK 8.43s
109/120 DPDK:fast-tests / tailq_autotest OK 0.41s
110/120 DPDK:fast-tests / telemetry_data_autotest OK 0.29s
111/120 DPDK:fast-tests / telemetry_json_autotest OK 0.32s
112/120 DPDK:fast-tests / thash_autotest OK 0.26s
113/120 DPDK:fast-tests / threads_autotest OK 0.61s
114/120 DPDK:fast-tests / ticketlock_autotest OK 0.35s
115/120 DPDK:fast-tests / timer_autotest OK 2.89s
116/120 DPDK:fast-tests / trace_autotest OK 0.32s
117/120 DPDK:fast-tests / trace_autotest_with_traces OK 0.18s
118/120 DPDK:fast-tests / vdev_autotest OK 0.31s
119/120 DPDK:fast-tests / version_autotest OK 0.17s
120/120 DPDK:fast-tests / telemetry_all OK 26.20s
Ok: 110
Expected Fail: 0
Fail: 1
Unexpected Pass: 0
Skipped: 9
Timeout: 0
Full log written to /root/workspace/Generic-Unit-Test-DPDK/dpdk/build/meson-logs/testlog.txt
Test log output from the failed test devargs_autotest:
Sorry, we were not able to find the logs for this test.
Download the log output from the CI site for this test run.
==== End log output ====
CentOS Stream 10
Kernel: 5.15
Compiler: gcc gcc (GCC) 14.2.1 20250110 (Red Hat 14.2.1-8)
Debian GNU/Linux 12
Kernel: 5.15
Compiler: gcc gcc (Debian 12.2.0-14+deb12u1) 12.2.0
CentOS Stream 9
Kernel: 5.15
Compiler: gcc gcc (GCC) 11.5.0 20240719 (Red Hat 11.5.0-11)
Fedora Linux 40
Kernel: 5.15
Compiler: gcc gcc (GCC) 14.2.1 20240912 (Red Hat 14.2.1-3)
Fedora Linux 42
Kernel: 5.15
Compiler: gcc gcc (GCC) 15.2.1 20250808 (Red Hat 15.2.1-1)
Fedora Linux 41
Kernel: 5.15
Compiler: gcc gcc (GCC) 14.3.1 20250523 (Red Hat 14.3.1-1)
Red Hat Enterprise Linux 9.5
Kernel: 5.15
Compiler: gcc gcc (GCC) 11.5.0 20240719 (Red Hat 11.5.0-2)
Red Hat Enterprise Linux 8.10
Kernel: 5.15
Compiler: gcc gcc (GCC) 8.5.0 20210514 (Red Hat 8.5.0-22)
Ubuntu 20.04
Kernel: 5.15
Compiler: gcc gcc (Ubuntu 9.4.0-1ubuntu1~20.04.2) 9.4.0
Ubuntu 22.04
Kernel: 5.15
Compiler: gcc gcc (Ubuntu 11.4.0-1ubuntu1~22.04) 11.4.0
Ubuntu 24.04
Kernel: 5.15
Compiler: gcc gcc (Ubuntu 13.3.0-6ubuntu2~24.04) 13.3.0
To view detailed results, visit:
https://lab.dpdk.org/results/dashboard/patchsets/34399/
UNH-IOL DPDK Community Lab
To manage your email subscriptions, visit:
https://lab.dpdk.org/results/dashboard/preferences/subscriptions/
^ permalink raw reply [flat|nested] 30+ messages in thread* |SUCCESS| pw158180-158181 [PATCH] [2/2] net/mlx5: support PF represe
[not found] <20251028095831.53669-2-getelson@nvidia.com>
` (19 preceding siblings ...)
2025-10-28 16:10 ` |FAILURE| " dpdklab
@ 2025-10-28 16:57 ` dpdklab
2025-10-28 17:18 ` |WARNING| " dpdklab
` (8 subsequent siblings)
29 siblings, 0 replies; 30+ messages in thread
From: dpdklab @ 2025-10-28 16:57 UTC (permalink / raw)
To: Test Report; +Cc: dpdk-test-reports, Stephen Hemminger
Test-Label: iol-compile-arm64-testing
Test-Status: SUCCESS
http://dpdk.org/patch/158181
_Testing PASS_
Submitter: Gregory Etelson <getelson@nvidia.com>
Date: Tuesday, October 28 2025 09:58:30
DPDK git baseline: Repo:dpdk-next-net
Branch: master
CommitID:11a6a4b1f19140ac3a57ace844be3cba00c39eaa
158180-158181 --> testing pass
Upstream job id: Generic-DPDK-Compile-Meson#438497
Test environment and result as below:
+------------------------------+--------------------+
| Environment | dpdk_meson_compile |
+==============================+====================+
| Red Hat Enterprise Linux 9.5 | PASS |
+------------------------------+--------------------+
| Ubuntu 20.04 | PASS |
+------------------------------+--------------------+
| Debian GNU/Linux 12 | PASS |
+------------------------------+--------------------+
| Fedora Linux 42 | PASS |
+------------------------------+--------------------+
| Ubuntu 22.04 | PASS |
+------------------------------+--------------------+
| Ubuntu 24.04 | PASS |
+------------------------------+--------------------+
| CentOS Stream 9 | PASS |
+------------------------------+--------------------+
| CentOS Stream 10 | PASS |
+------------------------------+--------------------+
Red Hat Enterprise Linux 9.5
Kernel: 5.4
Compiler: gcc gcc (GCC) 11.5.0 20240719 (Red Hat 11.5.0-2)
Ubuntu 20.04
Kernel: 5.15
Compiler: aarch64-linux-gnu-gcc gcc (Ubuntu 9.4.0-1ubuntu1~20.04.2) 9.4.0
Debian GNU/Linux 12
Kernel: 5.4
Compiler: gcc gcc (Debian 12.2.0-14+deb12u1) 12.2.0
Fedora Linux 42
Kernel: 5.4
Compiler: gcc gcc (GCC) 15.2.1 20250808 (Red Hat 15.2.1-1)
Ubuntu 22.04
Kernel: 5.4
Compiler: gcc gcc (Ubuntu 11.4.0-1ubuntu1~22.04) 11.4.0
Ubuntu 24.04
Kernel: 5.4
Compiler: gcc gcc (Ubuntu 13.3.0-6ubuntu2~24.04) 13.3.0
CentOS Stream 9
Kernel: 5.4
Compiler: gcc gcc (GCC) 11.5.0 20240719 (Red Hat 11.5.0-11)
CentOS Stream 10
Kernel: 5.4
Compiler: gcc gcc (GCC) 14.2.1 20250110 (Red Hat 14.2.1-8)
To view detailed results, visit:
https://lab.dpdk.org/results/dashboard/patchsets/34399/
UNH-IOL DPDK Community Lab
To manage your email subscriptions, visit:
https://lab.dpdk.org/results/dashboard/preferences/subscriptions/
^ permalink raw reply [flat|nested] 30+ messages in thread* |WARNING| pw158180-158181 [PATCH] [2/2] net/mlx5: support PF represe
[not found] <20251028095831.53669-2-getelson@nvidia.com>
` (20 preceding siblings ...)
2025-10-28 16:57 ` |SUCCESS| " dpdklab
@ 2025-10-28 17:18 ` dpdklab
2025-10-28 17:31 ` |FAILURE| " dpdklab
` (7 subsequent siblings)
29 siblings, 0 replies; 30+ messages in thread
From: dpdklab @ 2025-10-28 17:18 UTC (permalink / raw)
To: Test Report; +Cc: dpdk-test-reports, Stephen Hemminger
Test-Label: iol-compile-amd64-testing
Test-Status: WARNING
http://dpdk.org/patch/158181
_Testing issues_
Submitter: Gregory Etelson <getelson@nvidia.com>
Date: Tuesday, October 28 2025 09:58:30
DPDK git baseline: Repo:dpdk-next-net
Branch: master
CommitID:11a6a4b1f19140ac3a57ace844be3cba00c39eaa
158180-158181 --> testing issues
Upstream job id: Windows-Compile-DPDK-VS#7343
Test environment and result as below:
+-------------------------------+--------------------+-------------------+------------------+-------------------+
| Environment | dpdk_meson_compile | dpdk_compile_spdk | dpdk_compile_ovs | dpdk_msvc_compile |
+===============================+====================+===================+==================+===================+
| FreeBSD 14.2 | PASS | SKIPPED | SKIPPED | SKIPPED |
+-------------------------------+--------------------+-------------------+------------------+-------------------+
| Ubuntu 20.04 | PASS | SKIPPED | SKIPPED | SKIPPED |
+-------------------------------+--------------------+-------------------+------------------+-------------------+
| CentOS Stream 9 | PASS | WARN | SKIPPED | SKIPPED |
+-------------------------------+--------------------+-------------------+------------------+-------------------+
| CentOS Stream 10 | PASS | SKIPPED | SKIPPED | SKIPPED |
+-------------------------------+--------------------+-------------------+------------------+-------------------+
| Debian GNU/Linux 12 | PASS | WARN | SKIPPED | SKIPPED |
+-------------------------------+--------------------+-------------------+------------------+-------------------+
| Fedora Linux 42 | PASS | WARN | PASS | SKIPPED |
+-------------------------------+--------------------+-------------------+------------------+-------------------+
| Red Hat Enterprise Linux 8.10 | PASS | SKIPPED | SKIPPED | SKIPPED |
+-------------------------------+--------------------+-------------------+------------------+-------------------+
| openSUSE Leap 15.6 | PASS | SKIPPED | SKIPPED | SKIPPED |
+-------------------------------+--------------------+-------------------+------------------+-------------------+
| Red Hat Enterprise Linux 9.5 | PASS | SKIPPED | SKIPPED | SKIPPED |
+-------------------------------+--------------------+-------------------+------------------+-------------------+
| Ubuntu 22.04 | PASS | WARN | SKIPPED | SKIPPED |
+-------------------------------+--------------------+-------------------+------------------+-------------------+
| Ubuntu 24.04 | PASS | WARN | PASS | SKIPPED |
+-------------------------------+--------------------+-------------------+------------------+-------------------+
| Alpine Linux 3.22.0 | PASS | SKIPPED | SKIPPED | SKIPPED |
+-------------------------------+--------------------+-------------------+------------------+-------------------+
| Windows Server 2022 | SKIPPED | SKIPPED | SKIPPED | PASS |
+-------------------------------+--------------------+-------------------+------------------+-------------------+
==== 20 line log output for Ubuntu 24.04 (dpdk_compile_spdk): ====
--- Failed to get log output ---
==== End log output ====
FreeBSD 14.2
Kernel: 14.2-RELEASE
Compiler: clang 18.1.6
Ubuntu 20.04
Kernel: 4.19
Compiler: gcc gcc (Ubuntu 9.4.0-1ubuntu1~20.04.2) 9.4.0
CentOS Stream 9
Kernel: 5.15
Compiler: gcc gcc (GCC) 11.5.0 20240719 (Red Hat 11.5.0-11)
CentOS Stream 10
Kernel: 5.15
Compiler: gcc gcc (GCC) 14.2.1 20250110 (Red Hat 14.2.1-8)
Debian GNU/Linux 12
Kernel: 5.15
Compiler: gcc gcc (Debian 12.2.0-14+deb12u1) 12.2.0
Fedora Linux 42
Kernel: 5.15
Compiler: clang gcc (GCC) 15.2.1 20250808 (Red Hat 15.2.1-1)
Red Hat Enterprise Linux 8.10
Kernel: 5.15
Compiler: gcc gcc (GCC) 8.5.0 20210514 (Red Hat 8.5.0-22)
openSUSE Leap 15.6
Kernel: 5.15
Compiler: gcc gcc (SUSE Linux) 7.5.0
Red Hat Enterprise Linux 9.5
Kernel: 5.15
Compiler: gcc gcc (GCC) 11.5.0 20240719 (Red Hat 11.5.0-2)
Ubuntu 22.04
Kernel: 5.15
Compiler: gcc gcc (Ubuntu 11.4.0-1ubuntu1~22.04) 11.4.0
Ubuntu 24.04
Kernel: 5.15
Compiler: gcc gcc (Ubuntu 13.3.0-6ubuntu2~24.04) 13.3.0
Alpine Linux 3.22.0
Kernel: 5.15
Compiler: gcc gcc (Alpine 14.2.0) 14.2.0
Windows Server 2022
Kernel: 10.0.20348.2031
Compiler: clang 15.0.7, gcc 14.1.0 (MinGW), and MSVC VS 19.39.33521
To view detailed results, visit:
https://lab.dpdk.org/results/dashboard/patchsets/34399/
UNH-IOL DPDK Community Lab
To manage your email subscriptions, visit:
https://lab.dpdk.org/results/dashboard/preferences/subscriptions/
^ permalink raw reply [flat|nested] 30+ messages in thread* |FAILURE| pw158180-158181 [PATCH] [2/2] net/mlx5: support PF represe
[not found] <20251028095831.53669-2-getelson@nvidia.com>
` (21 preceding siblings ...)
2025-10-28 17:18 ` |WARNING| " dpdklab
@ 2025-10-28 17:31 ` dpdklab
2025-10-28 17:44 ` |SUCCESS| " dpdklab
` (6 subsequent siblings)
29 siblings, 0 replies; 30+ messages in thread
From: dpdklab @ 2025-10-28 17:31 UTC (permalink / raw)
To: Test Report; +Cc: dpdk-test-reports, Stephen Hemminger, Gregory Etelson
Test-Label: iol-unit-amd64-testing
Test-Status: FAILURE
http://dpdk.org/patch/158181
_Testing issues_
Submitter: Gregory Etelson <getelson@nvidia.com>
Date: Tuesday, October 28 2025 09:58:30
DPDK git baseline: Repo:dpdk-next-net
Branch: master
CommitID:11a6a4b1f19140ac3a57ace844be3cba00c39eaa
158180-158181 --> testing issues
Upstream job id: Generic-VM-Unit-Test-DPDK#32119
Test environment and result as below:
+-------------------------------+----------------+
| Environment | dpdk_unit_test |
+===============================+================+
| CentOS Stream 10 | FAIL |
+-------------------------------+----------------+
| Debian GNU/Linux 12 | FAIL |
+-------------------------------+----------------+
| CentOS Stream 9 | FAIL |
+-------------------------------+----------------+
| Fedora Linux 40 | FAIL |
+-------------------------------+----------------+
| Fedora Linux 42 | FAIL |
+-------------------------------+----------------+
| Fedora Linux 41 | FAIL |
+-------------------------------+----------------+
| Red Hat Enterprise Linux 9.5 | FAIL |
+-------------------------------+----------------+
| Red Hat Enterprise Linux 8.10 | FAIL |
+-------------------------------+----------------+
| Ubuntu 20.04 | FAIL |
+-------------------------------+----------------+
| Ubuntu 22.04 | FAIL |
+-------------------------------+----------------+
| Ubuntu 24.04 | FAIL |
+-------------------------------+----------------+
| Windows Server 2022 | FAIL |
+-------------------------------+----------------+
==== Unit test summary for Windows Server 2022 (dpdk_unit_test): ====
Failed to get the unit test results.
Displaying the unit test results is not supported for some environments,
such as our aarch32 testing, where meson is not used to run the tests.
Download the logs available on our CI site.
==== End log output ====
CentOS Stream 10
Kernel: 5.15
Compiler: gcc gcc (GCC) 14.2.1 20250110 (Red Hat 14.2.1-8)
Debian GNU/Linux 12
Kernel: 5.15
Compiler: gcc gcc (Debian 12.2.0-14+deb12u1) 12.2.0
CentOS Stream 9
Kernel: 5.15
Compiler: gcc gcc (GCC) 11.5.0 20240719 (Red Hat 11.5.0-11)
Fedora Linux 40
Kernel: 5.15
Compiler: gcc gcc (GCC) 14.2.1 20240912 (Red Hat 14.2.1-3)
Fedora Linux 42
Kernel: 5.15
Compiler: gcc gcc (GCC) 15.2.1 20250808 (Red Hat 15.2.1-1)
Fedora Linux 41
Kernel: 5.15
Compiler: gcc gcc (GCC) 14.3.1 20250523 (Red Hat 14.3.1-1)
Red Hat Enterprise Linux 9.5
Kernel: 5.15
Compiler: gcc gcc (GCC) 11.5.0 20240719 (Red Hat 11.5.0-2)
Red Hat Enterprise Linux 8.10
Kernel: 5.15
Compiler: gcc gcc (GCC) 8.5.0 20210514 (Red Hat 8.5.0-22)
Ubuntu 20.04
Kernel: 5.15
Compiler: gcc gcc (Ubuntu 9.4.0-1ubuntu1~20.04.2) 9.4.0
Ubuntu 22.04
Kernel: 5.15
Compiler: gcc gcc (Ubuntu 11.4.0-1ubuntu1~22.04) 11.4.0
Ubuntu 24.04
Kernel: 5.15
Compiler: gcc gcc (Ubuntu 13.3.0-6ubuntu2~24.04) 13.3.0
Windows Server 2022
Kernel: 10.0.20348.2031
Compiler: clang 15.0.7, gcc 14.1.0 (MinGW), and MSVC VS 19.39.33521
To view detailed results, visit:
https://lab.dpdk.org/results/dashboard/patchsets/34399/
UNH-IOL DPDK Community Lab
To manage your email subscriptions, visit:
https://lab.dpdk.org/results/dashboard/preferences/subscriptions/
^ permalink raw reply [flat|nested] 30+ messages in thread* |SUCCESS| pw158180-158181 [PATCH] [2/2] net/mlx5: support PF represe
[not found] <20251028095831.53669-2-getelson@nvidia.com>
` (22 preceding siblings ...)
2025-10-28 17:31 ` |FAILURE| " dpdklab
@ 2025-10-28 17:44 ` dpdklab
2025-10-28 18:05 ` |FAILURE| " dpdklab
` (5 subsequent siblings)
29 siblings, 0 replies; 30+ messages in thread
From: dpdklab @ 2025-10-28 17:44 UTC (permalink / raw)
To: Test Report; +Cc: dpdk-test-reports, Stephen Hemminger
Test-Label: iol-broadcom-Performance
Test-Status: SUCCESS
http://dpdk.org/patch/158181
_Performance Testing PASS_
Submitter: Gregory Etelson <getelson@nvidia.com>
Date: Tuesday, October 28 2025 09:58:30
DPDK git baseline: Repo:dpdk-next-net
Branch: master
CommitID:11a6a4b1f19140ac3a57ace844be3cba00c39eaa
158180-158181 --> performance testing pass
Upstream job id: Template-DTS-Pipeline#251668
Test environment and result as below:
Ubuntu 22.04
Kernel: 5.15
Compiler: gcc gcc (Ubuntu 11.4.0-1ubuntu1~22.04) 11.4.0
NIC: Broadcom Inc. and subsidiaries BCM57414 NetXtreme-E 10Gb/25Gb RDMA Ethernet Controller 16d7 25 Mbps
Fail/Total: 0/3
Detail performance results:
+------------+---------+----------+-------------+------------------------------+
| frame_size | txd/rxd | num_cpus | num_threads | throughput difference from |
| | | | | expected |
+============+=========+==========+=============+==============================+
| 64 | 128 | 1 | 1 | 0.8% |
+------------+---------+----------+-------------+------------------------------+
| 64 | 512 | 1 | 1 | 2.1% |
+------------+---------+----------+-------------+------------------------------+
| 64 | 2048 | 1 | 1 | 0.8% |
+------------+---------+----------+-------------+------------------------------+
Ubuntu 22.04
Kernel: 5.15
Compiler: gcc gcc (Ubuntu 11.4.0-1ubuntu1~22.04.2) 11.4.0
NIC: Arm Broadcom Inc. brcm_57414 25000 Mbps
Fail/Total: 0/2
Detail performance results:
+------------+---------+----------+-------------+------------------------------+
| frame_size | txd/rxd | num_cpus | num_threads | throughput difference from |
| | | | | expected |
+============+=========+==========+=============+==============================+
| 64 | 512 | 1 | 1 | 0.6% |
+------------+---------+----------+-------------+------------------------------+
| 64 | 2048 | 1 | 1 | 0.2% |
+------------+---------+----------+-------------+------------------------------+
To view detailed results, visit:
https://lab.dpdk.org/results/dashboard/patchsets/34399/
UNH-IOL DPDK Community Lab
To manage your email subscriptions, visit:
https://lab.dpdk.org/results/dashboard/preferences/subscriptions/
^ permalink raw reply [flat|nested] 30+ messages in thread* |FAILURE| pw158180-158181 [PATCH] [2/2] net/mlx5: support PF represe
[not found] <20251028095831.53669-2-getelson@nvidia.com>
` (23 preceding siblings ...)
2025-10-28 17:44 ` |SUCCESS| " dpdklab
@ 2025-10-28 18:05 ` dpdklab
2025-10-28 18:25 ` |SUCCESS| " dpdklab
` (4 subsequent siblings)
29 siblings, 0 replies; 30+ messages in thread
From: dpdklab @ 2025-10-28 18:05 UTC (permalink / raw)
To: Test Report; +Cc: dpdk-test-reports, Stephen Hemminger, Gregory Etelson
Test-Label: iol-unit-amd64-testing
Test-Status: FAILURE
http://dpdk.org/patch/158181
_Testing issues_
Submitter: Gregory Etelson <getelson@nvidia.com>
Date: Tuesday, October 28 2025 09:58:30
DPDK git baseline: Repo:dpdk-next-net
Branch: master
CommitID:11a6a4b1f19140ac3a57ace844be3cba00c39eaa
158180-158181 --> testing issues
Upstream job id: Generic-VM-Unit-Test-DPDK#32120
Test environment and result as below:
+-------------------------------+----------------+
| Environment | dpdk_unit_test |
+===============================+================+
| CentOS Stream 10 | FAIL |
+-------------------------------+----------------+
| Debian GNU/Linux 12 | FAIL |
+-------------------------------+----------------+
| CentOS Stream 9 | FAIL |
+-------------------------------+----------------+
| Fedora Linux 40 | FAIL |
+-------------------------------+----------------+
| Fedora Linux 42 | FAIL |
+-------------------------------+----------------+
| Fedora Linux 41 | FAIL |
+-------------------------------+----------------+
| Red Hat Enterprise Linux 9.5 | FAIL |
+-------------------------------+----------------+
| Red Hat Enterprise Linux 8.10 | FAIL |
+-------------------------------+----------------+
| Ubuntu 20.04 | PASS |
+-------------------------------+----------------+
| Ubuntu 22.04 | FAIL |
+-------------------------------+----------------+
| Ubuntu 24.04 | FAIL |
+-------------------------------+----------------+
| Windows Server 2022 | FAIL |
+-------------------------------+----------------+
==== Unit test summary for Windows Server 2022 (dpdk_unit_test): ====
Failed to get the unit test results.
Displaying the unit test results is not supported for some environments,
such as our aarch32 testing, where meson is not used to run the tests.
Download the logs available on our CI site.
==== End log output ====
CentOS Stream 10
Kernel: 5.15
Compiler: gcc gcc (GCC) 14.2.1 20250110 (Red Hat 14.2.1-8)
Debian GNU/Linux 12
Kernel: 5.15
Compiler: gcc gcc (Debian 12.2.0-14+deb12u1) 12.2.0
CentOS Stream 9
Kernel: 5.15
Compiler: gcc gcc (GCC) 11.5.0 20240719 (Red Hat 11.5.0-11)
Fedora Linux 40
Kernel: 5.15
Compiler: gcc gcc (GCC) 14.2.1 20240912 (Red Hat 14.2.1-3)
Fedora Linux 42
Kernel: 5.15
Compiler: gcc gcc (GCC) 15.2.1 20250808 (Red Hat 15.2.1-1)
Fedora Linux 41
Kernel: 5.15
Compiler: gcc gcc (GCC) 14.3.1 20250523 (Red Hat 14.3.1-1)
Red Hat Enterprise Linux 9.5
Kernel: 5.15
Compiler: gcc gcc (GCC) 11.5.0 20240719 (Red Hat 11.5.0-2)
Red Hat Enterprise Linux 8.10
Kernel: 5.15
Compiler: gcc gcc (GCC) 8.5.0 20210514 (Red Hat 8.5.0-22)
Ubuntu 20.04
Kernel: 5.15
Compiler: gcc gcc (Ubuntu 9.4.0-1ubuntu1~20.04.2) 9.4.0
Ubuntu 22.04
Kernel: 5.15
Compiler: gcc gcc (Ubuntu 11.4.0-1ubuntu1~22.04) 11.4.0
Ubuntu 24.04
Kernel: 5.15
Compiler: gcc gcc (Ubuntu 13.3.0-6ubuntu2~24.04) 13.3.0
Windows Server 2022
Kernel: 10.0.20348.2031
Compiler: clang 15.0.7, gcc 14.1.0 (MinGW), and MSVC VS 19.39.33521
To view detailed results, visit:
https://lab.dpdk.org/results/dashboard/patchsets/34399/
UNH-IOL DPDK Community Lab
To manage your email subscriptions, visit:
https://lab.dpdk.org/results/dashboard/preferences/subscriptions/
^ permalink raw reply [flat|nested] 30+ messages in thread* |SUCCESS| pw158180-158181 [PATCH] [2/2] net/mlx5: support PF represe
[not found] <20251028095831.53669-2-getelson@nvidia.com>
` (24 preceding siblings ...)
2025-10-28 18:05 ` |FAILURE| " dpdklab
@ 2025-10-28 18:25 ` dpdklab
2025-10-28 18:49 ` |FAILURE| " dpdklab
` (3 subsequent siblings)
29 siblings, 0 replies; 30+ messages in thread
From: dpdklab @ 2025-10-28 18:25 UTC (permalink / raw)
To: Test Report; +Cc: dpdk-test-reports, Stephen Hemminger
Test-Label: iol-intel-Functional
Test-Status: SUCCESS
http://dpdk.org/patch/158181
_Functional Testing PASS_
Submitter: Gregory Etelson <getelson@nvidia.com>
Date: Tuesday, October 28 2025 09:58:30
DPDK git baseline: Repo:dpdk-next-net
Branch: master
CommitID:11a6a4b1f19140ac3a57ace844be3cba00c39eaa
158180-158181 --> functional testing pass
Upstream job id: Template-DTS-Pipeline#251672
Test environment and result as below:
Ubuntu 24.04
Kernel: 6.8
Compiler: gcc gcc (Ubuntu 13.3.0-6ubuntu2~24.04) 13.3.0
NIC: Intel E810 (Arm Grace Server) 100000 Mbps
Aggregate Results by Test Suite
+------------+--------+
| Test Suite | Result |
+============+========+
| blocklist | PASS |
+------------+--------+
| uni_pkt | PASS |
+------------+--------+
Ubuntu 24.04 LTS
Kernel: 6.8.0-44-generic
Compiler: gcc 13.2.0
NIC: Intel Corporation Ethernet Controller XL710 for 40GbE QSFP+ 40 Mbps
Aggregate Results by Test Suite
+--------------------+--------+
| Test Suite | Result |
+====================+========+
| blocklist | PASS |
+--------------------+--------+
| uni_pkt | PASS |
+--------------------+--------+
| promisc_support | PASS |
+--------------------+--------+
| dynamic_queue_conf | PASS |
+--------------------+--------+
| hello_world | PASS |
+--------------------+--------+
| l2fwd | PASS |
+--------------------+--------+
| softnic | PASS |
+--------------------+--------+
Ubuntu 24.04
Kernel: 6.8
Compiler: gcc gcc (Ubuntu 13.3.0-6ubuntu2~24.04) 13.3.0
NIC: Intel Corporation 4xxx Series QAT 0 Mbps
Aggregate Results by Test Suite
+----------------------------+--------+
| Test Suite | Result |
+============================+========+
| crypto_perf_cryptodev_perf | PASS |
+----------------------------+--------+
Ubuntu 22.04
Kernel: 5.15
Compiler: gcc gcc (Ubuntu 11.4.0-1ubuntu1~22.04.2) 11.4.0
NIC: Intel Corporation QAT 8970 0 Mbps
Aggregate Results by Test Suite
+----------------------------+--------+
| Test Suite | Result |
+============================+========+
| crypto_perf_cryptodev_perf | PASS |
+----------------------------+--------+
Ubuntu 20.04
Kernel: 5.4
Compiler: gcc gcc (Ubuntu 9.4.0-1ubuntu1~20.04.1) 9.4.0
NIC: Intel Corporation Ethernet Converged Network Adapter XL710-QDA2 40000 Mbps
Aggregate Results by Test Suite
+-----------------------------+--------+
| Test Suite | Result |
+=============================+========+
| unit_tests_mbuf | PASS |
+-----------------------------+--------+
| vhost_virtio_user_interrupt | PASS |
+-----------------------------+--------+
| virtio_smoke | PASS |
+-----------------------------+--------+
To view detailed results, visit:
https://lab.dpdk.org/results/dashboard/patchsets/34399/
UNH-IOL DPDK Community Lab
To manage your email subscriptions, visit:
https://lab.dpdk.org/results/dashboard/preferences/subscriptions/
^ permalink raw reply [flat|nested] 30+ messages in thread* |FAILURE| pw158180-158181 [PATCH] [2/2] net/mlx5: support PF represe
[not found] <20251028095831.53669-2-getelson@nvidia.com>
` (25 preceding siblings ...)
2025-10-28 18:25 ` |SUCCESS| " dpdklab
@ 2025-10-28 18:49 ` dpdklab
2025-10-28 20:58 ` dpdklab
` (2 subsequent siblings)
29 siblings, 0 replies; 30+ messages in thread
From: dpdklab @ 2025-10-28 18:49 UTC (permalink / raw)
To: Test Report; +Cc: dpdk-test-reports, Stephen Hemminger, Gregory Etelson
Test-Label: iol-unit-arm64-testing
Test-Status: FAILURE
http://dpdk.org/patch/158181
_Testing issues_
Submitter: Gregory Etelson <getelson@nvidia.com>
Date: Tuesday, October 28 2025 09:58:30
DPDK git baseline: Repo:dpdk-next-net
Branch: master
CommitID:11a6a4b1f19140ac3a57ace844be3cba00c39eaa
158180-158181 --> testing issues
Upstream job id: Generic-Unit-Test-DPDK#386089
Test environment and result as below:
+------------------------------+----------------+--------------+---------------------------+------------------------------+
| Environment | dpdk_unit_test | lpm_autotest | cryptodev_sw_zuc_autotest | cryptodev_sw_snow3g_autotest |
+==============================+================+==============+===========================+==============================+
| CentOS Stream 9 | PEND | SKIPPED | SKIPPED | SKIPPED |
+------------------------------+----------------+--------------+---------------------------+------------------------------+
| CentOS Stream 10 | FAIL | SKIPPED | SKIPPED | SKIPPED |
+------------------------------+----------------+--------------+---------------------------+------------------------------+
| Debian GNU/Linux 12 | PEND | SKIPPED | SKIPPED | SKIPPED |
+------------------------------+----------------+--------------+---------------------------+------------------------------+
| Fedora Linux 40 | PEND | SKIPPED | SKIPPED | SKIPPED |
+------------------------------+----------------+--------------+---------------------------+------------------------------+
| Fedora Linux 42 | PEND | SKIPPED | SKIPPED | SKIPPED |
+------------------------------+----------------+--------------+---------------------------+------------------------------+
| Fedora Linux 41 | PEND | SKIPPED | SKIPPED | SKIPPED |
+------------------------------+----------------+--------------+---------------------------+------------------------------+
| Red Hat Enterprise Linux 9.5 | PEND | SKIPPED | SKIPPED | SKIPPED |
+------------------------------+----------------+--------------+---------------------------+------------------------------+
| Ubuntu 20.04 | PEND | PASS | SKIPPED | SKIPPED |
+------------------------------+----------------+--------------+---------------------------+------------------------------+
| Ubuntu 22.04 | PASS | SKIPPED | SKIPPED | SKIPPED |
+------------------------------+----------------+--------------+---------------------------+------------------------------+
| Ubuntu 24.04 | PEND | SKIPPED | SKIPPED | SKIPPED |
+------------------------------+----------------+--------------+---------------------------+------------------------------+
| Debian 12 (arm) | SKIPPED | SKIPPED | PEND | PEND |
+------------------------------+----------------+--------------+---------------------------+------------------------------+
==== Unit test summary for CentOS Stream 10 (dpdk_unit_test): ====
ninja: Entering directory `/home-local/jenkins-local/jenkins-agent/workspace/Generic-Unit-Test-DPDK@10/dpdk/build'
ninja: no work to do.
1/120 DPDK:fast-tests / acl_autotest OK 11.48s
2/120 DPDK:fast-tests / alarm_autotest OK 1.36s
3/120 DPDK:fast-tests / argparse_autotest OK 0.43s
4/120 DPDK:fast-tests / atomic_autotest OK 10.32s
5/120 DPDK:fast-tests / bitcount_autotest OK 0.39s
6/120 DPDK:fast-tests / bitmap_autotest OK 0.34s
7/120 DPDK:fast-tests / bitops_autotest OK 1.87s
8/120 DPDK:fast-tests / bitratestats_autotest OK 0.37s
9/120 DPDK:fast-tests / bitset_autotest OK 6.44s
10/120 DPDK:fast-tests / bpf_autotest OK 0.34s
11/120 DPDK:fast-tests / bpf_convert_autotest OK 0.36s
12/120 DPDK:fast-tests / byteorder_autotest OK 0.35s
13/120 DPDK:fast-tests / cfgfile_autotest OK 0.34s
14/120 DPDK:fast-tests / cksum_autotest OK 0.34s
15/120 DPDK:fast-tests / cmdline_autotest OK 0.36s
16/120 DPDK:fast-tests / common_autotest OK 2.32s
17/120 DPDK:fast-tests / compressdev_autotest SKIP 0.20s exit status 77
18/120 DPDK:fast-tests / cpuflags_autotest OK 0.39s
19/120 DPDK:fast-tests / crc_autotest OK 0.37s
20/120 DPDK:fast-tests / user_delay_us OK 0.34s
21/120 DPDK:fast-tests / debug_autotest OK 3.71s
22/120 DPDK:fast-tests / devargs_autotest FAIL 1.09s killed by signal 11 SIGSEGV
>>> MALLOC_PERTURB_=8 DPDK_TEST=devargs_autotest /home-local/jenkins-local/jenkins-agent/workspace/Generic-Unit-Test-DPDK@10/dpdk/build/app/dpdk-test --no-huge -m 2048
23/120 DPDK:fast-tests / dispatcher_autotest OK 4.79s
24/120 DPDK:fast-tests / distributor_autotest OK 1.24s
25/120 DPDK:fast-tests / eal_flags_c_opt_autotest OK 5.09s
26/120 DPDK:fast-tests / eal_flags_main_opt_autotest OK 1.22s
27/120 DPDK:fast-tests / eal_flags_n_opt_autotest OK 0.80s
28/120 DPDK:fast-tests / eal_flags_hpet_autotest OK 0.48s
29/120 DPDK:fast-tests / eal_flags_no_huge_autotest OK 0.85s
30/120 DPDK:fast-tests / eal_flags_a_opt_autotest OK 1.34s
31/120 DPDK:fast-tests / eal_flags_b_opt_autotest OK 1.05s
32/120 DPDK:fast-tests / eal_flags_vdev_opt_autotest OK 0.82s
33/120 DPDK:fast-tests / eal_flags_r_opt_autotest OK 0.79s
34/120 DPDK:fast-tests / eal_flags_mem_autotest OK 1.19s
35/120 DPDK:fast-tests / eal_flags_file_prefix_autotest OK 3.33s
36/120 DPDK:fast-tests / eal_flags_misc_autotest OK 4.25s
37/120 DPDK:fast-tests / eal_fs_autotest OK 0.36s
38/120 DPDK:fast-tests / errno_autotest OK 0.33s
39/120 DPDK:fast-tests / ethdev_link_status OK 0.33s
40/120 DPDK:fast-tests / event_eth_tx_adapter_autotest OK 2.37s
41/120 DPDK:fast-tests / event_ring_autotest OK 0.36s
42/120 DPDK:fast-tests / eventdev_common_autotest OK 0.34s
43/120 DPDK:fast-tests / eventdev_selftest_sw OK 14.02s
44/120 DPDK:fast-tests / fbarray_autotest OK 0.32s
45/120 DPDK:fast-tests / fib_autotest OK 1.93s
46/120 DPDK:fast-tests / fib6_autotest OK 2.03s
47/120 DPDK:fast-tests / func_reentrancy_autotest OK 1.58s
48/120 DPDK:fast-tests / graph_autotest OK 0.37s
49/120 DPDK:fast-tests / node_list_dump OK 0.33s
50/120 DPDK:fast-tests / graph_feature_arc_autotest OK 0.32s
51/120 DPDK:fast-tests / hash_autotest OK 1.10s
52/120 DPDK:fast-tests / hash_readwrite_func_autotest OK 15.89s
53/120 DPDK:fast-tests / interrupt_autotest OK 1.40s
54/120 DPDK:fast-tests / ipfrag_autotest OK 0.23s
55/120 DPDK:fast-tests / ipsec_autotest SKIP 0.36s exit status 77
56/120 DPDK:fast-tests / kvargs_autotest OK 0.33s
57/120 DPDK:fast-tests / latencystats_autotest OK 0.40s
58/120 DPDK:fast-tests / lcore_var_autotest OK 1.49s
59/120 DPDK:fast-tests / lcores_autotest OK 8.85s
60/120 DPDK:fast-tests / logs_autotest OK 0.45s
61/120 DPDK:fast-tests / lpm_autotest OK 3.64s
62/120 DPDK:fast-tests / lpm6_autotest OK 11.57s
63/120 DPDK:fast-tests / malloc_autotest OK 0.88s
64/120 DPDK:fast-tests / mbuf_autotest OK 0.96s
65/120 DPDK:fast-tests / mcslock_autotest OK 1.42s
66/120 DPDK:fast-tests / member_autotest OK 3.95s
67/120 DPDK:fast-tests / memcpy_autotest OK 12.48s
68/120 DPDK:fast-tests / memory_autotest OK 0.22s
69/120 DPDK:fast-tests / mempool_autotest OK 0.86s
70/120 DPDK:fast-tests / memzone_autotest OK 0.28s
71/120 DPDK:fast-tests / meter_autotest OK 0.42s
72/120 DPDK:fast-tests / metrics_autotest OK 0.34s
73/120 DPDK:fast-tests / multiprocess_autotest OK 0.92s
74/120 DPDK:fast-tests / net_ether_autotest OK 2.67s
75/120 DPDK:fast-tests / net_ipv6_autotest OK 0.36s
76/120 DPDK:fast-tests / pcapng_autotest OK 6.50s
77/120 DPDK:fast-tests / pdcp_autotest SKIP 0.28s exit status 77
78/120 DPDK:fast-tests / pdump_autotest OK 1.18s
79/120 DPDK:fast-tests / per_lcore_autotest OK 0.46s
80/120 DPDK:fast-tests / pflock_autotest OK 0.77s
81/120 DPDK:fast-tests / pie_autotest OK 0.40s
82/120 DPDK:fast-tests / ring_pmd_autotest OK 0.38s
83/120 DPDK:fast-tests / power_autotest OK 0.35s
84/120 DPDK:fast-tests / power_cpufreq_autotest SKIP 0.19s exit status 77
85/120 DPDK:fast-tests / power_intel_uncore_autotest SKIP 0.38s exit status 77
86/120 DPDK:fast-tests / power_kvm_vm_autotest SKIP 0.19s exit status 77
87/120 DPDK:fast-tests / prefetch_autotest OK 0.39s
88/120 DPDK:fast-tests / ptr_compress_autotest OK 0.36s
89/120 DPDK:fast-tests / rawdev_autotest OK 0.35s
90/120 DPDK:fast-tests / rcu_qsbr_autotest OK 1.32s
91/120 DPDK:fast-tests / reorder_autotest OK 1.08s
92/120 DPDK:fast-tests / rib_autotest OK 9.75s
93/120 DPDK:fast-tests / rib6_autotest OK 10.11s
94/120 DPDK:fast-tests / ring_autotest OK 0.51s
95/120 DPDK:fast-tests / rwlock_test1_autotest OK 0.71s
96/120 DPDK:fast-tests / rwlock_rda_autotest OK 5.36s
97/120 DPDK:fast-tests / rwlock_rds_wrm_autotest OK 5.40s
98/120 DPDK:fast-tests / rwlock_rde_wro_autotest OK 5.36s
99/120 DPDK:fast-tests / sched_autotest OK 0.38s
100/120 DPDK:fast-tests / security_autotest OK 0.19s
101/120 DPDK:fast-tests / seqlock_autotest OK 2.39s
102/120 DPDK:fast-tests / service_autotest OK 3.05s
103/120 DPDK:fast-tests / soring_autotest OK 0.35s
104/120 DPDK:fast-tests / spinlock_autotest OK 0.40s
105/120 DPDK:fast-tests / stack_autotest OK 0.76s
106/120 DPDK:fast-tests / stack_lf_autotest OK 0.68s
107/120 DPDK:fast-tests / string_autotest OK 0.38s
108/120 DPDK:fast-tests / table_autotest OK 15.00s
109/120 DPDK:fast-tests / tailq_autotest OK 0.36s
110/120 DPDK:fast-tests / telemetry_data_autotest OK 0.35s
111/120 DPDK:fast-tests / telemetry_json_autotest OK 0.35s
112/120 DPDK:fast-tests / thash_autotest OK 0.37s
113/120 DPDK:fast-tests / threads_autotest OK 0.56s
114/120 DPDK:fast-tests / ticketlock_autotest OK 0.42s
115/120 DPDK:fast-tests / timer_autotest OK 3.46s
116/120 DPDK:fast-tests / trace_autotest OK 0.38s
117/120 DPDK:fast-tests / trace_autotest_with_traces OK 0.37s
118/120 DPDK:fast-tests / vdev_autotest OK 0.34s
119/120 DPDK:fast-tests / version_autotest OK 0.34s
120/120 DPDK:fast-tests / telemetry_all SKIP 0.02s exit status 77
Ok: 112
Expected Fail: 0
Fail: 1
Unexpected Pass: 0
Skipped: 7
Timeout: 0
Full log written to /home-local/jenkins-local/jenkins-agent/workspace/Generic-Unit-Test-DPDK@10/dpdk/build/meson-logs/testlog.txt
Test log output from the failed test devargs_autotest:
Sorry, we were not able to find the logs for this test.
Download the log output from the CI site for this test run.
==== End log output ====
CentOS Stream 9
Kernel: 5.4
Compiler: gcc gcc (GCC) 11.5.0 20240719 (Red Hat 11.5.0-11)
CentOS Stream 10
Kernel: 5.4
Compiler: gcc gcc (GCC) 14.2.1 20250110 (Red Hat 14.2.1-8)
Debian GNU/Linux 12
Kernel: 5.4
Compiler: gcc gcc (Debian 12.2.0-14+deb12u1) 12.2.0
Fedora Linux 40
Kernel: 5.4
Compiler: clang gcc (GCC) 14.2.1 20240912 (Red Hat 14.2.1-3)
Fedora Linux 42
Kernel: 5.4
Compiler: gcc gcc (GCC) 15.2.1 20250808 (Red Hat 15.2.1-1)
Fedora Linux 41
Kernel: 5.4
Compiler: gcc gcc (GCC) 14.3.1 20250523 (Red Hat 14.3.1-1)
Red Hat Enterprise Linux 9.5
Kernel: 5.4
Compiler: gcc gcc (GCC) 11.5.0 20240719 (Red Hat 11.5.0-2)
Ubuntu 20.04
Kernel: 5.4
Compiler: gcc gcc (Ubuntu 9.4.0-1ubuntu1~20.04.2) 9.4.0
Ubuntu 22.04
Kernel: 5.4
Compiler: gcc gcc (Ubuntu 11.4.0-1ubuntu1~22.04) 11.4.0
Ubuntu 24.04
Kernel: 5.4
Compiler: gcc gcc (Ubuntu 13.3.0-6ubuntu2~24.04) 13.3.0
Debian 12 (arm)
Kernel: Depends on container host
Compiler: gcc (Debian 12.2.0-14) 12.2.0
To view detailed results, visit:
https://lab.dpdk.org/results/dashboard/patchsets/34399/
UNH-IOL DPDK Community Lab
To manage your email subscriptions, visit:
https://lab.dpdk.org/results/dashboard/preferences/subscriptions/
^ permalink raw reply [flat|nested] 30+ messages in thread* |FAILURE| pw158180-158181 [PATCH] [2/2] net/mlx5: support PF represe
[not found] <20251028095831.53669-2-getelson@nvidia.com>
` (26 preceding siblings ...)
2025-10-28 18:49 ` |FAILURE| " dpdklab
@ 2025-10-28 20:58 ` dpdklab
2025-10-28 21:02 ` |WARNING| " dpdklab
2025-10-28 21:30 ` dpdklab
29 siblings, 0 replies; 30+ messages in thread
From: dpdklab @ 2025-10-28 20:58 UTC (permalink / raw)
To: Test Report; +Cc: dpdk-test-reports, Stephen Hemminger, Gregory Etelson
Test-Label: iol-unit-arm64-testing
Test-Status: FAILURE
http://dpdk.org/patch/158181
_Testing issues_
Submitter: Gregory Etelson <getelson@nvidia.com>
Date: Tuesday, October 28 2025 09:58:30
DPDK git baseline: Repo:dpdk-next-net
Branch: master
CommitID:11a6a4b1f19140ac3a57ace844be3cba00c39eaa
158180-158181 --> testing issues
Upstream job id: Generic-Unit-Test-DPDK#386106
Test environment and result as below:
+------------------------------+----------------+--------------+---------------------------+------------------------------+
| Environment | dpdk_unit_test | lpm_autotest | cryptodev_sw_zuc_autotest | cryptodev_sw_snow3g_autotest |
+==============================+================+==============+===========================+==============================+
| CentOS Stream 9 | FAIL | SKIPPED | SKIPPED | SKIPPED |
+------------------------------+----------------+--------------+---------------------------+------------------------------+
| CentOS Stream 10 | FAIL | SKIPPED | SKIPPED | SKIPPED |
+------------------------------+----------------+--------------+---------------------------+------------------------------+
| Debian GNU/Linux 12 | FAIL | SKIPPED | SKIPPED | SKIPPED |
+------------------------------+----------------+--------------+---------------------------+------------------------------+
| Fedora Linux 40 | FAIL | SKIPPED | SKIPPED | SKIPPED |
+------------------------------+----------------+--------------+---------------------------+------------------------------+
| Fedora Linux 42 | FAIL | SKIPPED | SKIPPED | SKIPPED |
+------------------------------+----------------+--------------+---------------------------+------------------------------+
| Fedora Linux 41 | FAIL | SKIPPED | SKIPPED | SKIPPED |
+------------------------------+----------------+--------------+---------------------------+------------------------------+
| Red Hat Enterprise Linux 9.5 | FAIL | SKIPPED | SKIPPED | SKIPPED |
+------------------------------+----------------+--------------+---------------------------+------------------------------+
| Ubuntu 20.04 | FAIL | PASS | SKIPPED | SKIPPED |
+------------------------------+----------------+--------------+---------------------------+------------------------------+
| Ubuntu 22.04 | PASS | SKIPPED | SKIPPED | SKIPPED |
+------------------------------+----------------+--------------+---------------------------+------------------------------+
| Ubuntu 24.04 | FAIL | SKIPPED | SKIPPED | SKIPPED |
+------------------------------+----------------+--------------+---------------------------+------------------------------+
| Debian 12 (arm) | SKIPPED | SKIPPED | PASS | PASS |
+------------------------------+----------------+--------------+---------------------------+------------------------------+
==== Unit test summary for Ubuntu 24.04 (dpdk_unit_test): ====
ninja: Entering directory `/home-local/jenkins-local/jenkins-agent/workspace/Generic-Unit-Test-DPDK@10/dpdk/build'
ninja: no work to do.
1/120 DPDK:fast-tests / acl_autotest OK 10.16s
2/120 DPDK:fast-tests / alarm_autotest OK 1.41s
3/120 DPDK:fast-tests / argparse_autotest OK 0.39s
4/120 DPDK:fast-tests / atomic_autotest OK 9.67s
5/120 DPDK:fast-tests / bitcount_autotest OK 0.46s
6/120 DPDK:fast-tests / bitmap_autotest OK 0.39s
7/120 DPDK:fast-tests / bitops_autotest OK 1.83s
8/120 DPDK:fast-tests / bitratestats_autotest OK 0.40s
9/120 DPDK:fast-tests / bitset_autotest OK 6.30s
10/120 DPDK:fast-tests / bpf_autotest OK 0.43s
11/120 DPDK:fast-tests / bpf_convert_autotest OK 0.38s
12/120 DPDK:fast-tests / byteorder_autotest OK 0.36s
13/120 DPDK:fast-tests / cfgfile_autotest OK 0.36s
14/120 DPDK:fast-tests / cksum_autotest OK 0.34s
15/120 DPDK:fast-tests / cmdline_autotest OK 0.34s
16/120 DPDK:fast-tests / common_autotest OK 2.21s
17/120 DPDK:fast-tests / compressdev_autotest SKIP 0.20s exit status 77
18/120 DPDK:fast-tests / cpuflags_autotest OK 0.40s
19/120 DPDK:fast-tests / crc_autotest OK 0.36s
20/120 DPDK:fast-tests / user_delay_us OK 0.35s
21/120 DPDK:fast-tests / debug_autotest OK 3.09s
22/120 DPDK:fast-tests / devargs_autotest FAIL 1.11s killed by signal 11 SIGSEGV
>>> MALLOC_PERTURB_=185 DPDK_TEST=devargs_autotest /home-local/jenkins-local/jenkins-agent/workspace/Generic-Unit-Test-DPDK@10/dpdk/build/app/dpdk-test --no-huge -m 2048
23/120 DPDK:fast-tests / dispatcher_autotest OK 4.98s
24/120 DPDK:fast-tests / distributor_autotest OK 1.19s
25/120 DPDK:fast-tests / eal_flags_c_opt_autotest OK 3.57s
26/120 DPDK:fast-tests / eal_flags_main_opt_autotest OK 0.91s
27/120 DPDK:fast-tests / eal_flags_n_opt_autotest OK 0.84s
28/120 DPDK:fast-tests / eal_flags_hpet_autotest OK 0.50s
29/120 DPDK:fast-tests / eal_flags_no_huge_autotest OK 0.87s
30/120 DPDK:fast-tests / eal_flags_a_opt_autotest OK 1.32s
31/120 DPDK:fast-tests / eal_flags_b_opt_autotest OK 1.05s
32/120 DPDK:fast-tests / eal_flags_vdev_opt_autotest OK 0.79s
33/120 DPDK:fast-tests / eal_flags_r_opt_autotest OK 0.83s
34/120 DPDK:fast-tests / eal_flags_mem_autotest OK 1.19s
35/120 DPDK:fast-tests / eal_flags_file_prefix_autotest OK 3.27s
36/120 DPDK:fast-tests / eal_flags_misc_autotest OK 4.29s
37/120 DPDK:fast-tests / eal_fs_autotest OK 0.36s
38/120 DPDK:fast-tests / errno_autotest OK 0.32s
39/120 DPDK:fast-tests / ethdev_link_status OK 0.32s
40/120 DPDK:fast-tests / event_eth_tx_adapter_autotest OK 2.18s
41/120 DPDK:fast-tests / event_ring_autotest OK 0.36s
42/120 DPDK:fast-tests / eventdev_common_autotest OK 0.33s
43/120 DPDK:fast-tests / eventdev_selftest_sw OK 22.59s
44/120 DPDK:fast-tests / fbarray_autotest OK 0.40s
45/120 DPDK:fast-tests / fib_autotest OK 1.91s
46/120 DPDK:fast-tests / fib6_autotest OK 1.77s
47/120 DPDK:fast-tests / func_reentrancy_autotest OK 1.66s
48/120 DPDK:fast-tests / graph_autotest OK 0.51s
49/120 DPDK:fast-tests / node_list_dump OK 0.48s
50/120 DPDK:fast-tests / graph_feature_arc_autotest OK 0.43s
51/120 DPDK:fast-tests / hash_autotest OK 1.15s
52/120 DPDK:fast-tests / hash_readwrite_func_autotest OK 15.52s
53/120 DPDK:fast-tests / interrupt_autotest OK 1.39s
54/120 DPDK:fast-tests / ipfrag_autotest OK 0.19s
55/120 DPDK:fast-tests / ipsec_autotest SKIP 0.45s exit status 77
56/120 DPDK:fast-tests / kvargs_autotest OK 0.32s
57/120 DPDK:fast-tests / latencystats_autotest OK 0.34s
58/120 DPDK:fast-tests / lcore_var_autotest OK 1.65s
59/120 DPDK:fast-tests / lcores_autotest OK 6.25s
60/120 DPDK:fast-tests / logs_autotest OK 0.32s
61/120 DPDK:fast-tests / lpm_autotest OK 3.47s
62/120 DPDK:fast-tests / lpm6_autotest OK 10.10s
63/120 DPDK:fast-tests / malloc_autotest OK 0.90s
64/120 DPDK:fast-tests / mbuf_autotest OK 3.41s
65/120 DPDK:fast-tests / mcslock_autotest OK 1.68s
66/120 DPDK:fast-tests / member_autotest OK 2.90s
67/120 DPDK:fast-tests / memcpy_autotest OK 13.35s
68/120 DPDK:fast-tests / memory_autotest OK 0.18s
69/120 DPDK:fast-tests / mempool_autotest OK 0.78s
70/120 DPDK:fast-tests / memzone_autotest OK 0.21s
71/120 DPDK:fast-tests / meter_autotest OK 0.36s
72/120 DPDK:fast-tests / metrics_autotest OK 0.33s
73/120 DPDK:fast-tests / multiprocess_autotest OK 0.73s
74/120 DPDK:fast-tests / net_ether_autotest OK 1.97s
75/120 DPDK:fast-tests / net_ipv6_autotest OK 0.32s
76/120 DPDK:fast-tests / pcapng_autotest OK 7.77s
77/120 DPDK:fast-tests / pdcp_autotest SKIP 0.23s exit status 77
78/120 DPDK:fast-tests / pdump_autotest OK 0.92s
79/120 DPDK:fast-tests / per_lcore_autotest OK 0.46s
80/120 DPDK:fast-tests / pflock_autotest OK 0.68s
81/120 DPDK:fast-tests / pie_autotest OK 0.32s
82/120 DPDK:fast-tests / ring_pmd_autotest OK 0.33s
83/120 DPDK:fast-tests / power_autotest OK 0.32s
84/120 DPDK:fast-tests / power_cpufreq_autotest SKIP 0.18s exit status 77
85/120 DPDK:fast-tests / power_intel_uncore_autotest SKIP 0.38s exit status 77
86/120 DPDK:fast-tests / power_kvm_vm_autotest SKIP 0.19s exit status 77
87/120 DPDK:fast-tests / prefetch_autotest OK 0.36s
88/120 DPDK:fast-tests / ptr_compress_autotest OK 0.31s
89/120 DPDK:fast-tests / rawdev_autotest OK 0.32s
90/120 DPDK:fast-tests / rcu_qsbr_autotest OK 1.28s
91/120 DPDK:fast-tests / reorder_autotest OK 0.88s
92/120 DPDK:fast-tests / rib_autotest OK 7.99s
93/120 DPDK:fast-tests / rib6_autotest OK 7.92s
94/120 DPDK:fast-tests / ring_autotest OK 0.40s
95/120 DPDK:fast-tests / rwlock_test1_autotest OK 0.67s
96/120 DPDK:fast-tests / rwlock_rda_autotest OK 5.32s
97/120 DPDK:fast-tests / rwlock_rds_wrm_autotest OK 5.37s
98/120 DPDK:fast-tests / rwlock_rde_wro_autotest OK 5.34s
99/120 DPDK:fast-tests / sched_autotest OK 0.36s
100/120 DPDK:fast-tests / security_autotest OK 0.18s
101/120 DPDK:fast-tests / seqlock_autotest OK 2.37s
102/120 DPDK:fast-tests / service_autotest OK 3.03s
103/120 DPDK:fast-tests / soring_autotest OK 0.35s
104/120 DPDK:fast-tests / spinlock_autotest OK 0.36s
105/120 DPDK:fast-tests / stack_autotest OK 0.74s
106/120 DPDK:fast-tests / stack_lf_autotest OK 0.66s
107/120 DPDK:fast-tests / string_autotest OK 0.37s
108/120 DPDK:fast-tests / table_autotest OK 14.43s
109/120 DPDK:fast-tests / tailq_autotest OK 0.39s
110/120 DPDK:fast-tests / telemetry_data_autotest OK 0.33s
111/120 DPDK:fast-tests / telemetry_json_autotest OK 0.39s
112/120 DPDK:fast-tests / thash_autotest OK 0.44s
113/120 DPDK:fast-tests / threads_autotest OK 0.49s
114/120 DPDK:fast-tests / ticketlock_autotest OK 0.43s
115/120 DPDK:fast-tests / timer_autotest OK 3.49s
116/120 DPDK:fast-tests / trace_autotest OK 0.38s
117/120 DPDK:fast-tests / trace_autotest_with_traces OK 0.36s
118/120 DPDK:fast-tests / vdev_autotest OK 0.33s
119/120 DPDK:fast-tests / version_autotest OK 0.33s
120/120 DPDK:fast-tests / telemetry_all OK 51.62s
Ok: 113
Expected Fail: 0
Fail: 1
Unexpected Pass: 0
Skipped: 6
Timeout: 0
Full log written to /home-local/jenkins-local/jenkins-agent/workspace/Generic-Unit-Test-DPDK@10/dpdk/build/meson-logs/testlog.txt
Test log output from the failed test devargs_autotest:
Sorry, we were not able to find the logs for this test.
Download the log output from the CI site for this test run.
==== End log output ====
CentOS Stream 9
Kernel: 5.4
Compiler: gcc gcc (GCC) 11.5.0 20240719 (Red Hat 11.5.0-11)
CentOS Stream 10
Kernel: 5.4
Compiler: gcc gcc (GCC) 14.2.1 20250110 (Red Hat 14.2.1-8)
Debian GNU/Linux 12
Kernel: 5.4
Compiler: gcc gcc (Debian 12.2.0-14+deb12u1) 12.2.0
Fedora Linux 40
Kernel: 5.4
Compiler: clang gcc (GCC) 14.2.1 20240912 (Red Hat 14.2.1-3)
Fedora Linux 42
Kernel: 5.4
Compiler: gcc gcc (GCC) 15.2.1 20250808 (Red Hat 15.2.1-1)
Fedora Linux 41
Kernel: 5.4
Compiler: gcc gcc (GCC) 14.3.1 20250523 (Red Hat 14.3.1-1)
Red Hat Enterprise Linux 9.5
Kernel: 5.4
Compiler: gcc gcc (GCC) 11.5.0 20240719 (Red Hat 11.5.0-2)
Ubuntu 20.04
Kernel: 5.4
Compiler: gcc gcc (Ubuntu 9.4.0-1ubuntu1~20.04.2) 9.4.0
Ubuntu 22.04
Kernel: 5.4
Compiler: gcc gcc (Ubuntu 11.4.0-1ubuntu1~22.04) 11.4.0
Ubuntu 24.04
Kernel: 5.4
Compiler: gcc gcc (Ubuntu 13.3.0-6ubuntu2~24.04) 13.3.0
Debian 12 (arm)
Kernel: Depends on container host
Compiler: gcc (Debian 12.2.0-14) 12.2.0
To view detailed results, visit:
https://lab.dpdk.org/results/dashboard/patchsets/34399/
UNH-IOL DPDK Community Lab
To manage your email subscriptions, visit:
https://lab.dpdk.org/results/dashboard/preferences/subscriptions/
^ permalink raw reply [flat|nested] 30+ messages in thread* |WARNING| pw158180-158181 [PATCH] [2/2] net/mlx5: support PF represe
[not found] <20251028095831.53669-2-getelson@nvidia.com>
` (27 preceding siblings ...)
2025-10-28 20:58 ` dpdklab
@ 2025-10-28 21:02 ` dpdklab
2025-10-28 21:30 ` dpdklab
29 siblings, 0 replies; 30+ messages in thread
From: dpdklab @ 2025-10-28 21:02 UTC (permalink / raw)
To: Test Report; +Cc: dpdk-test-reports, Stephen Hemminger
Test-Label: iol-compile-amd64-testing
Test-Status: WARNING
http://dpdk.org/patch/158181
_Testing issues_
Submitter: Gregory Etelson <getelson@nvidia.com>
Date: Tuesday, October 28 2025 09:58:30
DPDK git baseline: Repo:dpdk-next-net
Branch: master
CommitID:11a6a4b1f19140ac3a57ace844be3cba00c39eaa
158180-158181 --> testing issues
Upstream job id: Windows-Compile-DPDK-Native#31945
Test environment and result as below:
+-------------------------------+--------------------+-------------------+------------------+-------------------+-------------------------+
| Environment | dpdk_meson_compile | dpdk_compile_spdk | dpdk_compile_ovs | dpdk_msvc_compile | dpdk_llvm_clang_compile |
+===============================+====================+===================+==================+===================+=========================+
| FreeBSD 14.2 | PASS | SKIPPED | SKIPPED | SKIPPED | SKIPPED |
+-------------------------------+--------------------+-------------------+------------------+-------------------+-------------------------+
| Ubuntu 20.04 | PASS | SKIPPED | SKIPPED | SKIPPED | SKIPPED |
+-------------------------------+--------------------+-------------------+------------------+-------------------+-------------------------+
| CentOS Stream 9 | PASS | WARN | SKIPPED | SKIPPED | SKIPPED |
+-------------------------------+--------------------+-------------------+------------------+-------------------+-------------------------+
| CentOS Stream 10 | PASS | SKIPPED | SKIPPED | SKIPPED | SKIPPED |
+-------------------------------+--------------------+-------------------+------------------+-------------------+-------------------------+
| Debian GNU/Linux 12 | PASS | WARN | SKIPPED | SKIPPED | SKIPPED |
+-------------------------------+--------------------+-------------------+------------------+-------------------+-------------------------+
| Fedora Linux 42 | PASS | WARN | PASS | SKIPPED | SKIPPED |
+-------------------------------+--------------------+-------------------+------------------+-------------------+-------------------------+
| Red Hat Enterprise Linux 8.10 | PASS | SKIPPED | SKIPPED | SKIPPED | SKIPPED |
+-------------------------------+--------------------+-------------------+------------------+-------------------+-------------------------+
| openSUSE Leap 15.6 | PASS | SKIPPED | SKIPPED | SKIPPED | SKIPPED |
+-------------------------------+--------------------+-------------------+------------------+-------------------+-------------------------+
| Red Hat Enterprise Linux 9.5 | PASS | SKIPPED | SKIPPED | SKIPPED | SKIPPED |
+-------------------------------+--------------------+-------------------+------------------+-------------------+-------------------------+
| Ubuntu 22.04 | PASS | WARN | SKIPPED | SKIPPED | SKIPPED |
+-------------------------------+--------------------+-------------------+------------------+-------------------+-------------------------+
| Ubuntu 24.04 | PASS | WARN | PASS | SKIPPED | SKIPPED |
+-------------------------------+--------------------+-------------------+------------------+-------------------+-------------------------+
| Alpine Linux 3.22.0 | PASS | SKIPPED | SKIPPED | SKIPPED | SKIPPED |
+-------------------------------+--------------------+-------------------+------------------+-------------------+-------------------------+
| Windows Server 2022 | SKIPPED | SKIPPED | SKIPPED | PASS | PASS |
+-------------------------------+--------------------+-------------------+------------------+-------------------+-------------------------+
==== 20 line log output for Ubuntu 24.04 (dpdk_compile_spdk): ====
--- Failed to get log output ---
==== End log output ====
FreeBSD 14.2
Kernel: 14.2-RELEASE
Compiler: clang 18.1.6
Ubuntu 20.04
Kernel: 4.19
Compiler: gcc gcc (Ubuntu 9.4.0-1ubuntu1~20.04.2) 9.4.0
CentOS Stream 9
Kernel: 5.15
Compiler: gcc gcc (GCC) 11.5.0 20240719 (Red Hat 11.5.0-11)
CentOS Stream 10
Kernel: 5.15
Compiler: gcc gcc (GCC) 14.2.1 20250110 (Red Hat 14.2.1-8)
Debian GNU/Linux 12
Kernel: 5.15
Compiler: gcc gcc (Debian 12.2.0-14+deb12u1) 12.2.0
Fedora Linux 42
Kernel: 5.15
Compiler: clang gcc (GCC) 15.2.1 20250808 (Red Hat 15.2.1-1)
Red Hat Enterprise Linux 8.10
Kernel: 5.15
Compiler: gcc gcc (GCC) 8.5.0 20210514 (Red Hat 8.5.0-22)
openSUSE Leap 15.6
Kernel: 5.15
Compiler: gcc gcc (SUSE Linux) 7.5.0
Red Hat Enterprise Linux 9.5
Kernel: 5.15
Compiler: gcc gcc (GCC) 11.5.0 20240719 (Red Hat 11.5.0-2)
Ubuntu 22.04
Kernel: 5.15
Compiler: gcc gcc (Ubuntu 11.4.0-1ubuntu1~22.04) 11.4.0
Ubuntu 24.04
Kernel: 5.15
Compiler: gcc gcc (Ubuntu 13.3.0-6ubuntu2~24.04) 13.3.0
Alpine Linux 3.22.0
Kernel: 5.15
Compiler: gcc gcc (Alpine 14.2.0) 14.2.0
Windows Server 2022
Kernel: 10.0.20348.2031
Compiler: clang 15.0.7, gcc 14.1.0 (MinGW), and MSVC VS 19.39.33521
To view detailed results, visit:
https://lab.dpdk.org/results/dashboard/patchsets/34399/
UNH-IOL DPDK Community Lab
To manage your email subscriptions, visit:
https://lab.dpdk.org/results/dashboard/preferences/subscriptions/
^ permalink raw reply [flat|nested] 30+ messages in thread* |WARNING| pw158180-158181 [PATCH] [2/2] net/mlx5: support PF represe
[not found] <20251028095831.53669-2-getelson@nvidia.com>
` (28 preceding siblings ...)
2025-10-28 21:02 ` |WARNING| " dpdklab
@ 2025-10-28 21:30 ` dpdklab
29 siblings, 0 replies; 30+ messages in thread
From: dpdklab @ 2025-10-28 21:30 UTC (permalink / raw)
To: Test Report; +Cc: dpdk-test-reports, Stephen Hemminger
Test-Label: iol-compile-amd64-testing
Test-Status: WARNING
http://dpdk.org/patch/158181
_Testing issues_
Submitter: Gregory Etelson <getelson@nvidia.com>
Date: Tuesday, October 28 2025 09:58:30
DPDK git baseline: Repo:dpdk-next-net
Branch: master
CommitID:11a6a4b1f19140ac3a57ace844be3cba00c39eaa
158180-158181 --> testing issues
Upstream job id: Windows-Compile-DPDK-Native#31946
Test environment and result as below:
+-------------------------------+--------------------+-------------------+------------------+-------------------+-------------------------+----------------------+
| Environment | dpdk_meson_compile | dpdk_compile_spdk | dpdk_compile_ovs | dpdk_msvc_compile | dpdk_llvm_clang_compile | dpdk_mingw64_compile |
+===============================+====================+===================+==================+===================+=========================+======================+
| FreeBSD 14.2 | PASS | SKIPPED | SKIPPED | SKIPPED | SKIPPED | SKIPPED |
+-------------------------------+--------------------+-------------------+------------------+-------------------+-------------------------+----------------------+
| Ubuntu 20.04 | PASS | SKIPPED | SKIPPED | SKIPPED | SKIPPED | SKIPPED |
+-------------------------------+--------------------+-------------------+------------------+-------------------+-------------------------+----------------------+
| CentOS Stream 9 | PASS | WARN | SKIPPED | SKIPPED | SKIPPED | SKIPPED |
+-------------------------------+--------------------+-------------------+------------------+-------------------+-------------------------+----------------------+
| CentOS Stream 10 | PASS | SKIPPED | SKIPPED | SKIPPED | SKIPPED | SKIPPED |
+-------------------------------+--------------------+-------------------+------------------+-------------------+-------------------------+----------------------+
| Debian GNU/Linux 12 | PASS | WARN | SKIPPED | SKIPPED | SKIPPED | SKIPPED |
+-------------------------------+--------------------+-------------------+------------------+-------------------+-------------------------+----------------------+
| Fedora Linux 42 | PASS | WARN | PASS | SKIPPED | SKIPPED | SKIPPED |
+-------------------------------+--------------------+-------------------+------------------+-------------------+-------------------------+----------------------+
| Red Hat Enterprise Linux 8.10 | PASS | SKIPPED | SKIPPED | SKIPPED | SKIPPED | SKIPPED |
+-------------------------------+--------------------+-------------------+------------------+-------------------+-------------------------+----------------------+
| openSUSE Leap 15.6 | PASS | SKIPPED | SKIPPED | SKIPPED | SKIPPED | SKIPPED |
+-------------------------------+--------------------+-------------------+------------------+-------------------+-------------------------+----------------------+
| Red Hat Enterprise Linux 9.5 | PASS | SKIPPED | SKIPPED | SKIPPED | SKIPPED | SKIPPED |
+-------------------------------+--------------------+-------------------+------------------+-------------------+-------------------------+----------------------+
| Ubuntu 22.04 | PASS | WARN | SKIPPED | SKIPPED | SKIPPED | SKIPPED |
+-------------------------------+--------------------+-------------------+------------------+-------------------+-------------------------+----------------------+
| Ubuntu 24.04 | PASS | WARN | PASS | SKIPPED | SKIPPED | SKIPPED |
+-------------------------------+--------------------+-------------------+------------------+-------------------+-------------------------+----------------------+
| Alpine Linux 3.22.0 | PASS | SKIPPED | SKIPPED | SKIPPED | SKIPPED | SKIPPED |
+-------------------------------+--------------------+-------------------+------------------+-------------------+-------------------------+----------------------+
| Windows Server 2022 | SKIPPED | SKIPPED | SKIPPED | PASS | PASS | PASS |
+-------------------------------+--------------------+-------------------+------------------+-------------------+-------------------------+----------------------+
==== 20 line log output for Ubuntu 24.04 (dpdk_compile_spdk): ====
--- Failed to get log output ---
==== End log output ====
FreeBSD 14.2
Kernel: 14.2-RELEASE
Compiler: clang 18.1.6
Ubuntu 20.04
Kernel: 4.19
Compiler: gcc gcc (Ubuntu 9.4.0-1ubuntu1~20.04.2) 9.4.0
CentOS Stream 9
Kernel: 5.15
Compiler: gcc gcc (GCC) 11.5.0 20240719 (Red Hat 11.5.0-11)
CentOS Stream 10
Kernel: 5.15
Compiler: gcc gcc (GCC) 14.2.1 20250110 (Red Hat 14.2.1-8)
Debian GNU/Linux 12
Kernel: 5.15
Compiler: gcc gcc (Debian 12.2.0-14+deb12u1) 12.2.0
Fedora Linux 42
Kernel: 5.15
Compiler: clang gcc (GCC) 15.2.1 20250808 (Red Hat 15.2.1-1)
Red Hat Enterprise Linux 8.10
Kernel: 5.15
Compiler: gcc gcc (GCC) 8.5.0 20210514 (Red Hat 8.5.0-22)
openSUSE Leap 15.6
Kernel: 5.15
Compiler: gcc gcc (SUSE Linux) 7.5.0
Red Hat Enterprise Linux 9.5
Kernel: 5.15
Compiler: gcc gcc (GCC) 11.5.0 20240719 (Red Hat 11.5.0-2)
Ubuntu 22.04
Kernel: 5.15
Compiler: gcc gcc (Ubuntu 11.4.0-1ubuntu1~22.04) 11.4.0
Ubuntu 24.04
Kernel: 5.15
Compiler: gcc gcc (Ubuntu 13.3.0-6ubuntu2~24.04) 13.3.0
Alpine Linux 3.22.0
Kernel: 5.15
Compiler: gcc gcc (Alpine 14.2.0) 14.2.0
Windows Server 2022
Kernel: 10.0.20348.2031
Compiler: clang 15.0.7, gcc 14.1.0 (MinGW), and MSVC VS 19.39.33521
To view detailed results, visit:
https://lab.dpdk.org/results/dashboard/patchsets/34399/
UNH-IOL DPDK Community Lab
To manage your email subscriptions, visit:
https://lab.dpdk.org/results/dashboard/preferences/subscriptions/
^ permalink raw reply [flat|nested] 30+ messages in thread