From mboxrd@z Thu Jan 1 00:00:00 1970 Return-Path: Received: from mails.dpdk.org (mails.dpdk.org [217.70.189.124]) by inbox.dpdk.org (Postfix) with ESMTP id D24B1489F8 for ; Tue, 28 Oct 2025 14:43:17 +0100 (CET) Received: from mails.dpdk.org (localhost [127.0.0.1]) by mails.dpdk.org (Postfix) with ESMTP id CE8134021E; Tue, 28 Oct 2025 14:43:17 +0100 (CET) Received: from mail-oa1-f98.google.com (mail-oa1-f98.google.com [209.85.160.98]) by mails.dpdk.org (Postfix) with ESMTP id D5C484021E for ; Tue, 28 Oct 2025 14:43:15 +0100 (CET) Received: by mail-oa1-f98.google.com with SMTP id 586e51a60fabf-3c9975a3d6eso1843426fac.2 for ; Tue, 28 Oct 2025 06:43:15 -0700 (PDT) DKIM-Signature: v=1; a=rsa-sha256; c=relaxed/relaxed; d=iol.unh.edu; s=unh-iol; t=1761658995; x=1762263795; darn=dpdk.org; h=references:in-reply-to:cc:to:from:subject:message-id:date:from:to :cc:subject:date:message-id:reply-to; bh=dshFNFRAIBkgwER1PFtoZJ2kcyzvCF4Sf0L9hlEtgqo=; b=C/x3DH5VXz0kAieDXBrkUGpfxhMZfug3oQs8N2+lMJslkpWValWJt6tai1mMiL9/M3 DxXmvdM96LMXHhFoVo3xa0e8n94ssfxWob2xA87mqJs3zaz1qsxsNDCpeFPamTddL51X Eigz8LfInS2VbEYxGEDzBOVHYj3lavcCJQ6B8= X-Google-DKIM-Signature: v=1; a=rsa-sha256; c=relaxed/relaxed; d=1e100.net; s=20230601; t=1761658995; x=1762263795; h=references:in-reply-to:cc:to:from:subject:message-id:date :x-gm-message-state:from:to:cc:subject:date:message-id:reply-to; bh=dshFNFRAIBkgwER1PFtoZJ2kcyzvCF4Sf0L9hlEtgqo=; b=HTMgpvJ/r1Iwnp8lfJxpFF7FWtCoRdNMZoppPknjqmxWTQJhRNmxckWnhr51JGFKOP lUunE3nWpwV+iFaAij1WeQDEJCHmYCmTQe0aZJsLvHsZqnAOwyYf/pU3CYLzBw+zoO4A H4wQsH+8+Nj3WTIeuos2VspEWir0aOeR2qDxhsy7/DZMQ6uwb9IBG1MwaUK6p8wrEVHi YKPUSkYmC3DMD9XRbdwRRgvGIs3DQkNvVnul7lZwC8+da1+Y1DMUeqxWe+eR+ocy/0gv 0wxlq5pWQEVah1QPDNqHxEMiGIwoPTiW0RdxwY4zLhg14XQqXWc4snh4+g27H0RxmXw9 p3TA== X-Gm-Message-State: AOJu0YzEe/GRZrqLxcE2QFgmHNNm4dI9Qt/RWS+n9nuzMtUeLpLpqaf0 HE3g4FxOTVLPTHdH6fWGPaF9IePp+ar2EZR9zyuXrvY9ua6eMzS+b43uxQ0OS+QvWwPa61mqvM1 VrtLHHdZvJLwRIjZU7VJKDOAk6nD2hTTc0g8eMI3Hb1YF X-Gm-Gg: ASbGncuWgM2HQ17bt0jkOneTv6U2eajjcqhKfZ4O3FAtfQFPpt+iBGnF/++go1lQrK5 7eAlM8jOMlgxI7J0hcJqgf+4aoJO1H//2IuzkGMwjr2XRexfhcVs7DrcpOqhATqEwKOj5npUQmd 3/gyVVwjNO7oclhCIoB9GhFsc485gmluoTeIlmaiXKzJDDso3iM28odJnfSMYuc/BGntyi6/P6M ORplO8NyRU1v6NkIEzCuSU72DNPNxKIy8ScaNdCx2cYSmrWkb/mpah96qgSfHkVu8E9HNDfGala OrmaRzr+cCBRd/3+lLds41HpAHcWX6h+KM8hkiWH55fDAYC27rk+ahIW5h5ZsNGKgUF0rP9GaW/ s+wxzwqwYrPPcmUwybHU31XTG93q6WEQ= X-Google-Smtp-Source: AGHT+IF1u3yWc4RVzhAmegnca6xM65tVSnxz90ErC/y50TYftKTtBqfwNyiZlgaEV7qUtjiLVgSZ7IVT7oUN X-Received: by 2002:a05:6870:d411:b0:3c9:8677:60ec with SMTP id 586e51a60fabf-3d5d922e3a2mr1366338fac.26.1761658995079; Tue, 28 Oct 2025 06:43:15 -0700 (PDT) Received: from postal.iol.unh.edu (postal.iol.unh.edu. [132.177.123.84]) by smtp-relay.gmail.com with ESMTPS id 586e51a60fabf-3d1e334d2e8sm894899fac.12.2025.10.28.06.43.14 (version=TLS1_2 cipher=ECDHE-ECDSA-AES128-GCM-SHA256 bits=128/128); Tue, 28 Oct 2025 06:43:15 -0700 (PDT) X-Relaying-Domain: iol.unh.edu Date: Tue, 28 Oct 2025 06:43:15 -0700 (PDT) Message-ID: <6900c873.050a0220.342166.8ab7SMTPIN_ADDED_MISSING@mx.google.com> Received: from [172.21.0.2] (unknown [172.18.0.240]) by postal.iol.unh.edu (Postfix) with ESMTP id 8AF476050A61; Tue, 28 Oct 2025 09:43:14 -0400 (EDT) Subject: |FAILURE| pw158174 [PATCH] config/arm: add HiSilicon HIP12 From: dpdklab@iol.unh.edu To: Test Report Cc: dpdk-test-reports@iol.unh.edu, Chengwen Feng In-Reply-To: <20251028084259.4925-1-fengchengwen@huawei.com> References: <20251028084259.4925-1-fengchengwen@huawei.com> Content-Type: text/plain X-BeenThere: test-report@dpdk.org X-Mailman-Version: 2.1.29 Precedence: list List-Id: automatic DPDK test reports List-Unsubscribe: , List-Archive: List-Post: List-Help: List-Subscribe: , Errors-To: test-report-bounces@dpdk.org Test-Label: iol-unit-arm64-testing Test-Status: FAILURE http://dpdk.org/patch/158174 _Testing issues_ Submitter: Chengwen Feng Date: Tuesday, October 28 2025 08:42:59 DPDK git baseline: Repo:dpdk Branch: master CommitID:39b54f2dcf44ad1f91eabc7080cd5dea763607fd 158174 --> testing issues Upstream job id: Generic-Unit-Test-DPDK#385964 Test environment and result as below: +------------------------------+----------------+--------------+------------------------------+---------------------------+ | Environment | dpdk_unit_test | lpm_autotest | cryptodev_sw_snow3g_autotest | cryptodev_sw_zuc_autotest | +==============================+================+==============+==============================+===========================+ | CentOS Stream 10 | WARN | SKIPPED | SKIPPED | SKIPPED | +------------------------------+----------------+--------------+------------------------------+---------------------------+ | Debian GNU/Linux 12 | WARN | SKIPPED | SKIPPED | SKIPPED | +------------------------------+----------------+--------------+------------------------------+---------------------------+ | Fedora Linux 40 | WARN | SKIPPED | SKIPPED | SKIPPED | +------------------------------+----------------+--------------+------------------------------+---------------------------+ | CentOS Stream 9 | WARN | SKIPPED | SKIPPED | SKIPPED | +------------------------------+----------------+--------------+------------------------------+---------------------------+ | Ubuntu 20.04 | WARN | WARN | SKIPPED | SKIPPED | +------------------------------+----------------+--------------+------------------------------+---------------------------+ | Fedora Linux 41 | WARN | SKIPPED | SKIPPED | SKIPPED | +------------------------------+----------------+--------------+------------------------------+---------------------------+ | Ubuntu 24.04 | WARN | SKIPPED | SKIPPED | SKIPPED | +------------------------------+----------------+--------------+------------------------------+---------------------------+ | Ubuntu 22.04 | FAIL | SKIPPED | SKIPPED | SKIPPED | +------------------------------+----------------+--------------+------------------------------+---------------------------+ | Fedora Linux 42 | WARN | SKIPPED | SKIPPED | SKIPPED | +------------------------------+----------------+--------------+------------------------------+---------------------------+ | Red Hat Enterprise Linux 9.5 | WARN | SKIPPED | SKIPPED | SKIPPED | +------------------------------+----------------+--------------+------------------------------+---------------------------+ | Debian 12 (arm) | SKIPPED | SKIPPED | WARN | WARN | +------------------------------+----------------+--------------+------------------------------+---------------------------+ ==== 20 line log output for Debian 12 (arm) (cryptodev_sw_zuc_autotest): ==== Compiler for C supports arguments -Wformat-nonliteral: YES Compiler for C supports arguments -Wformat-security: YES Compiler for C supports arguments -Wmissing-declarations: YES Compiler for C supports arguments -Wmissing-prototypes: YES Compiler for C supports arguments -Wnested-externs: YES Compiler for C supports arguments -Wold-style-definition: YES Compiler for C supports arguments -Wpointer-arith: YES Compiler for C supports arguments -Wsign-compare: YES Compiler for C supports arguments -Wstrict-prototypes: YES Compiler for C supports arguments -Wundef: YES Compiler for C supports arguments -Wwrite-strings: YES Compiler for C supports arguments -Wno-packed-not-aligned: YES Compiler for C supports arguments -Wno-missing-field-initializers: YES Compiler for C supports arguments -fzero-init-padding-bits=all: NO config/arm/meson.build:1023:8: ERROR: Expecting eof got rcurl. }, ^ A full log can be found at /home-local/jenkins-local/jenkins-agent/workspace/Generic-Unit-Test-DPDK@8/dpdk/build/meson-logs/meson-log.txt ==== End log output ==== CentOS Stream 10 Kernel: 5.4 Compiler: gcc gcc (GCC) 14.2.1 20250110 (Red Hat 14.2.1-8) Debian GNU/Linux 12 Kernel: 5.4 Compiler: gcc gcc (Debian 12.2.0-14+deb12u1) 12.2.0 Fedora Linux 40 Kernel: 5.4 Compiler: gcc gcc (GCC) 14.2.1 20240912 (Red Hat 14.2.1-3) CentOS Stream 9 Kernel: 5.4 Compiler: gcc gcc (GCC) 11.5.0 20240719 (Red Hat 11.5.0-11) Ubuntu 20.04 Kernel: 5.4 Compiler: gcc gcc (Ubuntu 9.4.0-1ubuntu1~20.04.2) 9.4.0 Fedora Linux 41 Kernel: 5.4 Compiler: gcc gcc (GCC) 14.3.1 20250523 (Red Hat 14.3.1-1) Ubuntu 24.04 Kernel: 5.4 Compiler: gcc gcc (Ubuntu 13.3.0-6ubuntu2~24.04) 13.3.0 Ubuntu 22.04 Kernel: 5.4 Compiler: gcc gcc (Ubuntu 11.4.0-1ubuntu1~22.04) 11.4.0 Fedora Linux 42 Kernel: 5.4 Compiler: gcc gcc (GCC) 15.2.1 20250808 (Red Hat 15.2.1-1) Red Hat Enterprise Linux 9.5 Kernel: 5.4 Compiler: gcc gcc (GCC) 11.5.0 20240719 (Red Hat 11.5.0-2) Debian 12 (arm) Kernel: Depends on container host Compiler: gcc (Debian 12.2.0-14) 12.2.0 To view detailed results, visit: https://lab.dpdk.org/results/dashboard/patchsets/34394/ UNH-IOL DPDK Community Lab To manage your email subscriptions, visit: https://lab.dpdk.org/results/dashboard/preferences/subscriptions/