From mboxrd@z Thu Jan 1 00:00:00 1970 Return-Path: Received: from mails.dpdk.org (mails.dpdk.org [217.70.189.124]) by inbox.dpdk.org (Postfix) with ESMTP id BFB58489F9 for ; Tue, 28 Oct 2025 17:10:51 +0100 (CET) Received: from mails.dpdk.org (localhost [127.0.0.1]) by mails.dpdk.org (Postfix) with ESMTP id A13FE4021E; Tue, 28 Oct 2025 17:10:51 +0100 (CET) Received: from mail-oa1-f98.google.com (mail-oa1-f98.google.com [209.85.160.98]) by mails.dpdk.org (Postfix) with ESMTP id 5E31C4021E for ; Tue, 28 Oct 2025 17:10:50 +0100 (CET) Received: by mail-oa1-f98.google.com with SMTP id 586e51a60fabf-3d220c5a16aso1990789fac.2 for ; Tue, 28 Oct 2025 09:10:50 -0700 (PDT) DKIM-Signature: v=1; a=rsa-sha256; c=relaxed/relaxed; d=iol.unh.edu; s=unh-iol; t=1761667849; x=1762272649; darn=dpdk.org; h=references:in-reply-to:cc:to:from:subject:message-id:date:from:to :cc:subject:date:message-id:reply-to; bh=ZscntHMatkQf7HM4IHCaG2LDUOGpvkMVxjEQxvHlUHQ=; b=h/AA1O8yRL3A6mzs9VtikFn+i/e8ZpDHsKD4bV7Vi7pEnybW5ZzfZ5aOvh6J6OEOrz L7SJrVQqv7kF3ZQfskdlZ0tAUm0H00SqdsQBwH4rBuOAnNcQzEFySgfP2FKqiGaZ/nSw VQrX+YBqhIWg9B8IUITQdYR/pzC/PGqRLbs7s= X-Google-DKIM-Signature: v=1; a=rsa-sha256; c=relaxed/relaxed; d=1e100.net; s=20230601; t=1761667849; x=1762272649; h=references:in-reply-to:cc:to:from:subject:message-id:date :x-gm-message-state:from:to:cc:subject:date:message-id:reply-to; bh=ZscntHMatkQf7HM4IHCaG2LDUOGpvkMVxjEQxvHlUHQ=; b=d79ohFE2ntM22c+oS/LSJvt9WzGSXyptPKpBStjW0D6zKAxJBU3YiVdikXOpIZvk3V 971bF0jdlg9CVhXdwJzBikCT8R4SF0RJrxgk5Dcn+O2IQRcAcwcvTMgrutU1INoQMAs9 6Qdh1cnqFHWxiQE5Bh9H7N6IpqPUE22R0cD0OnNonoh5kxNmIOvSCyfAeQpFvzo+SKvJ 5lb7f9ZoxlFgvFJBcQhDwMgU8KopJ/DvqFEb5tp/kbn2hJOnaDuIC1llaztTHhryn281 6YbhriMiS+Z4mqo20xCh8mqkpxGTbxd8NAlWGeBGMenNWEQOZG7FCWMex11WUn+jKvFJ NApg== X-Gm-Message-State: AOJu0YzCDy4xjbFefV1mWOe3cluwnSVJ/LRehYGFACLTC56yLd7ammPA 2i5Gqe2/+U/QSs/une/HKX7AVEh3GnwkI73jtl4UgA4V1QLmIf7ohkjcIDKauWXoggj+qEddNGW y39rWkh1dAWkZBzjvx6LkfXmO0/0WjqT+mlfnKGniKtMHTWdYa9BX32wmPwA3 X-Gm-Gg: ASbGnct2ae3YO3YrMzpfK9QDV/q5t2zmO8IcWGomX/I7+sR5MnoDq4UwWIXu9Gy7usJ vh35gSaMZTszq+CtLg72ZNSOANaM/i/aKMbKZsRLqC7wirE5AU4Z2kN5tg7/z9BVmV7O8kxRels WMqfSCotmeXsy00/6erTsHLsSZpZhpCAtRzuISmPe9JqVci7EWoO6ORDpz7EfPN7xQZ2pA+Kla+ MA//80uRMtUKr4YuJWmTtZVm95/hbEfIa1bC5DQki/dCDL97Hkob1NRMmjkJLpgMURZmTdDzmCn WbaDQJpNvFNx5ElmhRAwQW3vgzmDRyDqEhez2zvzW13qqerwxWxK01zO8nAfmb6cswrabdE9Me4 ik9RyFuEu X-Google-Smtp-Source: AGHT+IE4p5jTaFb8Mgqli2c5h+hbCQWlUQcd3L/0XGTuOJUCMmfbdCKD00QKLMW3upAvvbidAynd1InkaGt8 X-Received: by 2002:a05:6870:e310:b0:307:b1b1:aeb9 with SMTP id 586e51a60fabf-3d5d9c86377mr2217152fac.35.1761667849429; Tue, 28 Oct 2025 09:10:49 -0700 (PDT) Received: from postal.iol.unh.edu (postal.iol.unh.edu. [2606:4100:3880:1234::84]) by smtp-relay.gmail.com with ESMTPS id 586e51a60fabf-3d1e3553124sm1039374fac.15.2025.10.28.09.10.49 (version=TLS1_2 cipher=ECDHE-ECDSA-AES128-GCM-SHA256 bits=128/128); Tue, 28 Oct 2025 09:10:49 -0700 (PDT) X-Relaying-Domain: iol.unh.edu Date: Tue, 28 Oct 2025 09:10:49 -0700 (PDT) Message-ID: <6900eb09.050a0220.2698d0.fa8aSMTPIN_ADDED_MISSING@mx.google.com> Received: from [172.21.0.2] (unknown [172.18.0.240]) by postal.iol.unh.edu (Postfix) with ESMTP id E95DC6050A61; Tue, 28 Oct 2025 12:10:48 -0400 (EDT) Subject: |FAILURE| pw158180-158181 [PATCH] [2/2] net/mlx5: support PF represe From: dpdklab@iol.unh.edu To: Test Report Cc: dpdk-test-reports@iol.unh.edu, Stephen Hemminger , Gregory Etelson In-Reply-To: <20251028095831.53669-2-getelson@nvidia.com> References: <20251028095831.53669-2-getelson@nvidia.com> Content-Type: text/plain X-BeenThere: test-report@dpdk.org X-Mailman-Version: 2.1.29 Precedence: list List-Id: automatic DPDK test reports List-Unsubscribe: , List-Archive: List-Post: List-Help: List-Subscribe: , Errors-To: test-report-bounces@dpdk.org Test-Label: iol-unit-amd64-testing Test-Status: FAILURE http://dpdk.org/patch/158181 _Testing issues_ Submitter: Gregory Etelson Date: Tuesday, October 28 2025 09:58:30 DPDK git baseline: Repo:dpdk-next-net Branch: master CommitID:11a6a4b1f19140ac3a57ace844be3cba00c39eaa 158180-158181 --> testing issues Upstream job id: Generic-Unit-Test-DPDK#386112 Test environment and result as below: +-------------------------------+----------------+ | Environment | dpdk_unit_test | +===============================+================+ | CentOS Stream 10 | FAIL | +-------------------------------+----------------+ | Debian GNU/Linux 12 | FAIL | +-------------------------------+----------------+ | CentOS Stream 9 | FAIL | +-------------------------------+----------------+ | Fedora Linux 40 | FAIL | +-------------------------------+----------------+ | Fedora Linux 42 | FAIL | +-------------------------------+----------------+ | Fedora Linux 41 | FAIL | +-------------------------------+----------------+ | Red Hat Enterprise Linux 9.5 | FAIL | +-------------------------------+----------------+ | Red Hat Enterprise Linux 8.10 | FAIL | +-------------------------------+----------------+ | Ubuntu 20.04 | FAIL | +-------------------------------+----------------+ | Ubuntu 22.04 | FAIL | +-------------------------------+----------------+ | Ubuntu 24.04 | FAIL | +-------------------------------+----------------+ ==== Unit test summary for Ubuntu 24.04 (dpdk_unit_test): ==== ninja: Entering directory `/root/workspace/Generic-Unit-Test-DPDK/dpdk/build' ninja: no work to do. 1/120 DPDK:fast-tests / acl_autotest OK 8.46s 2/120 DPDK:fast-tests / alarm_autotest OK 1.35s 3/120 DPDK:fast-tests / argparse_autotest OK 0.47s 4/120 DPDK:fast-tests / atomic_autotest OK 0.73s 5/120 DPDK:fast-tests / bitcount_autotest OK 0.57s 6/120 DPDK:fast-tests / bitmap_autotest OK 0.41s 7/120 DPDK:fast-tests / bitops_autotest OK 2.87s 8/120 DPDK:fast-tests / bitratestats_autotest OK 0.25s 9/120 DPDK:fast-tests / bitset_autotest OK 4.12s 10/120 DPDK:fast-tests / bpf_autotest OK 0.60s 11/120 DPDK:fast-tests / bpf_convert_autotest OK 0.43s 12/120 DPDK:fast-tests / byteorder_autotest OK 0.31s 13/120 DPDK:fast-tests / cfgfile_autotest OK 0.21s 14/120 DPDK:fast-tests / cksum_autotest OK 0.23s 15/120 DPDK:fast-tests / cmdline_autotest OK 0.38s 16/120 DPDK:fast-tests / common_autotest OK 1.66s 17/120 DPDK:fast-tests / compressdev_autotest SKIP 0.37s exit status 77 18/120 DPDK:fast-tests / cpuflags_autotest OK 0.36s 19/120 DPDK:fast-tests / crc_autotest OK 0.42s 20/120 DPDK:fast-tests / user_delay_us OK 0.34s 21/120 DPDK:fast-tests / debug_autotest OK 2.88s 22/120 DPDK:fast-tests / devargs_autotest FAIL 20.32s killed by signal 11 SIGSEGV >>> DPDK_TEST=devargs_autotest MALLOC_PERTURB_=132 /root/workspace/Generic-Unit-Test-DPDK/dpdk/build/app/dpdk-test --no-huge -m 2048 23/120 DPDK:fast-tests / dispatcher_autotest SKIP 0.49s exit status 77 24/120 DPDK:fast-tests / distributor_autotest OK 2.55s 25/120 DPDK:fast-tests / eal_flags_c_opt_autotest OK 2.79s 26/120 DPDK:fast-tests / eal_flags_main_opt_autotest OK 0.91s 27/120 DPDK:fast-tests / eal_flags_n_opt_autotest OK 1.06s 28/120 DPDK:fast-tests / eal_flags_hpet_autotest OK 0.46s 29/120 DPDK:fast-tests / eal_flags_no_huge_autotest OK 1.29s 30/120 DPDK:fast-tests / eal_flags_a_opt_autotest OK 1.47s 31/120 DPDK:fast-tests / eal_flags_b_opt_autotest OK 0.76s 32/120 DPDK:fast-tests / eal_flags_vdev_opt_autotest OK 1.36s 33/120 DPDK:fast-tests / eal_flags_r_opt_autotest OK 1.13s 34/120 DPDK:fast-tests / eal_flags_mem_autotest OK 1.89s 35/120 DPDK:fast-tests / eal_flags_file_prefix_autotest OK 8.08s 36/120 DPDK:fast-tests / eal_flags_misc_autotest OK 5.24s 37/120 DPDK:fast-tests / eal_fs_autotest OK 0.45s 38/120 DPDK:fast-tests / errno_autotest OK 0.31s 39/120 DPDK:fast-tests / ethdev_link_status OK 0.36s 40/120 DPDK:fast-tests / event_eth_tx_adapter_autotest OK 1.51s 41/120 DPDK:fast-tests / event_ring_autotest OK 0.38s 42/120 DPDK:fast-tests / eventdev_common_autotest OK 0.36s 43/120 DPDK:fast-tests / eventdev_selftest_sw OK 0.71s 44/120 DPDK:fast-tests / fbarray_autotest OK 0.41s 45/120 DPDK:fast-tests / fib_autotest OK 2.84s 46/120 DPDK:fast-tests / fib6_autotest OK 1.94s 47/120 DPDK:fast-tests / func_reentrancy_autotest OK 1.44s 48/120 DPDK:fast-tests / graph_autotest OK 0.46s 49/120 DPDK:fast-tests / node_list_dump OK 0.32s 50/120 DPDK:fast-tests / graph_feature_arc_autotest OK 0.36s 51/120 DPDK:fast-tests / hash_autotest OK 0.64s 52/120 DPDK:fast-tests / hash_readwrite_func_autotest SKIP 0.30s exit status 77 53/120 DPDK:fast-tests / interrupt_autotest OK 2.27s 54/120 DPDK:fast-tests / ipfrag_autotest OK 0.58s 55/120 DPDK:fast-tests / ipsec_autotest SKIP 0.45s exit status 77 56/120 DPDK:fast-tests / kvargs_autotest OK 0.58s 57/120 DPDK:fast-tests / latencystats_autotest OK 0.73s 58/120 DPDK:fast-tests / lcore_var_autotest OK 0.84s 59/120 DPDK:fast-tests / lcores_autotest OK 2.11s 60/120 DPDK:fast-tests / logs_autotest OK 0.40s 61/120 DPDK:fast-tests / lpm_autotest OK 4.46s 62/120 DPDK:fast-tests / lpm6_autotest OK 9.01s 63/120 DPDK:fast-tests / malloc_autotest OK 1.24s 64/120 DPDK:fast-tests / mbuf_autotest OK 0.63s 65/120 DPDK:fast-tests / mcslock_autotest OK 1.18s 66/120 DPDK:fast-tests / member_autotest OK 3.03s 67/120 DPDK:fast-tests / memcpy_autotest OK 5.34s 68/120 DPDK:fast-tests / memory_autotest OK 0.34s 69/120 DPDK:fast-tests / mempool_autotest OK 0.58s 70/120 DPDK:fast-tests / memzone_autotest OK 0.20s 71/120 DPDK:fast-tests / meter_autotest OK 0.42s 72/120 DPDK:fast-tests / metrics_autotest OK 0.28s 73/120 DPDK:fast-tests / multiprocess_autotest OK 0.76s 74/120 DPDK:fast-tests / net_ether_autotest OK 1.15s 75/120 DPDK:fast-tests / net_ipv6_autotest OK 0.33s 76/120 DPDK:fast-tests / pcapng_autotest OK 11.95s 77/120 DPDK:fast-tests / pdcp_autotest SKIP 0.40s exit status 77 78/120 DPDK:fast-tests / pdump_autotest OK 0.63s 79/120 DPDK:fast-tests / per_lcore_autotest OK 0.43s 80/120 DPDK:fast-tests / pflock_autotest OK 0.69s 81/120 DPDK:fast-tests / pie_autotest OK 0.28s 82/120 DPDK:fast-tests / ring_pmd_autotest OK 0.30s 83/120 DPDK:fast-tests / power_autotest OK 0.43s 84/120 DPDK:fast-tests / power_cpufreq_autotest SKIP 0.28s exit status 77 85/120 DPDK:fast-tests / power_intel_uncore_autotest SKIP 0.44s exit status 77 86/120 DPDK:fast-tests / power_kvm_vm_autotest SKIP 0.42s exit status 77 87/120 DPDK:fast-tests / prefetch_autotest OK 0.48s 88/120 DPDK:fast-tests / ptr_compress_autotest OK 0.54s 89/120 DPDK:fast-tests / rawdev_autotest OK 0.28s 90/120 DPDK:fast-tests / rcu_qsbr_autotest OK 0.61s 91/120 DPDK:fast-tests / reorder_autotest OK 0.83s 92/120 DPDK:fast-tests / rib_autotest OK 9.82s 93/120 DPDK:fast-tests / rib6_autotest OK 8.19s 94/120 DPDK:fast-tests / ring_autotest OK 0.36s 95/120 DPDK:fast-tests / rwlock_test1_autotest OK 0.54s 96/120 DPDK:fast-tests / rwlock_rda_autotest OK 5.55s 97/120 DPDK:fast-tests / rwlock_rds_wrm_autotest OK 5.21s 98/120 DPDK:fast-tests / rwlock_rde_wro_autotest OK 5.27s 99/120 DPDK:fast-tests / sched_autotest OK 0.22s 100/120 DPDK:fast-tests / security_autotest OK 0.15s 101/120 DPDK:fast-tests / seqlock_autotest SKIP 0.31s exit status 77 102/120 DPDK:fast-tests / service_autotest OK 0.43s 103/120 DPDK:fast-tests / soring_autotest OK 0.18s 104/120 DPDK:fast-tests / spinlock_autotest OK 0.26s 105/120 DPDK:fast-tests / stack_autotest OK 0.24s 106/120 DPDK:fast-tests / stack_lf_autotest OK 0.37s 107/120 DPDK:fast-tests / string_autotest OK 0.30s 108/120 DPDK:fast-tests / table_autotest OK 8.43s 109/120 DPDK:fast-tests / tailq_autotest OK 0.41s 110/120 DPDK:fast-tests / telemetry_data_autotest OK 0.29s 111/120 DPDK:fast-tests / telemetry_json_autotest OK 0.32s 112/120 DPDK:fast-tests / thash_autotest OK 0.26s 113/120 DPDK:fast-tests / threads_autotest OK 0.61s 114/120 DPDK:fast-tests / ticketlock_autotest OK 0.35s 115/120 DPDK:fast-tests / timer_autotest OK 2.89s 116/120 DPDK:fast-tests / trace_autotest OK 0.32s 117/120 DPDK:fast-tests / trace_autotest_with_traces OK 0.18s 118/120 DPDK:fast-tests / vdev_autotest OK 0.31s 119/120 DPDK:fast-tests / version_autotest OK 0.17s 120/120 DPDK:fast-tests / telemetry_all OK 26.20s Ok: 110 Expected Fail: 0 Fail: 1 Unexpected Pass: 0 Skipped: 9 Timeout: 0 Full log written to /root/workspace/Generic-Unit-Test-DPDK/dpdk/build/meson-logs/testlog.txt Test log output from the failed test devargs_autotest: Sorry, we were not able to find the logs for this test. Download the log output from the CI site for this test run. ==== End log output ==== CentOS Stream 10 Kernel: 5.15 Compiler: gcc gcc (GCC) 14.2.1 20250110 (Red Hat 14.2.1-8) Debian GNU/Linux 12 Kernel: 5.15 Compiler: gcc gcc (Debian 12.2.0-14+deb12u1) 12.2.0 CentOS Stream 9 Kernel: 5.15 Compiler: gcc gcc (GCC) 11.5.0 20240719 (Red Hat 11.5.0-11) Fedora Linux 40 Kernel: 5.15 Compiler: gcc gcc (GCC) 14.2.1 20240912 (Red Hat 14.2.1-3) Fedora Linux 42 Kernel: 5.15 Compiler: gcc gcc (GCC) 15.2.1 20250808 (Red Hat 15.2.1-1) Fedora Linux 41 Kernel: 5.15 Compiler: gcc gcc (GCC) 14.3.1 20250523 (Red Hat 14.3.1-1) Red Hat Enterprise Linux 9.5 Kernel: 5.15 Compiler: gcc gcc (GCC) 11.5.0 20240719 (Red Hat 11.5.0-2) Red Hat Enterprise Linux 8.10 Kernel: 5.15 Compiler: gcc gcc (GCC) 8.5.0 20210514 (Red Hat 8.5.0-22) Ubuntu 20.04 Kernel: 5.15 Compiler: gcc gcc (Ubuntu 9.4.0-1ubuntu1~20.04.2) 9.4.0 Ubuntu 22.04 Kernel: 5.15 Compiler: gcc gcc (Ubuntu 11.4.0-1ubuntu1~22.04) 11.4.0 Ubuntu 24.04 Kernel: 5.15 Compiler: gcc gcc (Ubuntu 13.3.0-6ubuntu2~24.04) 13.3.0 To view detailed results, visit: https://lab.dpdk.org/results/dashboard/patchsets/34399/ UNH-IOL DPDK Community Lab To manage your email subscriptions, visit: https://lab.dpdk.org/results/dashboard/preferences/subscriptions/